--
-- Host: localhost    Database: game
-- ------------------------------------------------------


--
-- Table structure for table `answers`
--

CREATE TABLE `answers` (
  `id` int unsigned NOT NULL AUTO_INCREMENT,
  `question_id` int unsigned NOT NULL,
  `answer` varchar(255) COLLATE utf8mb4_unicode_ci NOT NULL,
  `is_correct` tinyint(1) NOT NULL,
  `created_at` timestamp NULL DEFAULT NULL,
  `updated_at` timestamp NULL DEFAULT NULL,
  PRIMARY KEY (`id`),
  KEY `answers_question_id_index` (`question_id`)
) ENGINE=InnoDB AUTO_INCREMENT=86 DEFAULT CHARSET=utf8mb4 COLLATE=utf8mb4_unicode_ci;

--
-- Dumping data for table `answers`
--

INSERT INTO `answers` VALUES (1,1,'1 dia útil',1,'2021-09-26 23:19:21',NULL),(2,1,'2 dias úteis',0,'2021-09-26 23:19:21',NULL),(3,1,'3 dias úteis',0,'2021-09-26 23:19:21',NULL),(4,1,'até às 14h',0,'2021-09-26 23:19:21',NULL),(5,2,'Preencher o campo em branco, assinar e datar para completar a Ordem',0,'2021-09-26 23:19:21',NULL),(6,2,'Cancelar o campo em branco e enviar o FORM 0184 - APONTAMENTO EM DOCUMENTAÇÃO para que o colaborador possa justificar o campo em branco',1,'2021-09-26 23:19:21',NULL),(7,2,'Não fazer nada, afinal ela somente está conferindo a ordem e não realizou a atividade',0,'2021-09-26 23:19:21',NULL),(8,2,'Pedir para que o colaborador assine e date o campo que ficou em branco com a data que efetuou a atividade',0,'2021-09-26 23:19:21',NULL),(9,3,'Avental descartável, touca, luvas (caso esteja utilizando esmalte), bigodeira (caso tenha barba) e propé',1,'2021-09-26 23:19:21',NULL),(10,3,'Avental descartável, bigodeira (caso tenha barba) e propé.',0,'2021-09-26 23:19:21',NULL),(11,3,'Avental descartável, luvas (caso esteja utilizando esmalte), bigodeira (caso tenha barba) e propé.',0,'2021-09-26 23:19:21',NULL),(12,3,'Calça, camiseta e meias.',0,'2021-09-26 23:19:21',NULL),(13,4,'Como sabe qual é a informação certa, basta executar com a informação que ele conhece, afinal de contas, não foi ele quem elaborou a Ordem',0,'2021-09-26 23:19:21',NULL),(14,4,'Avisar a todos os seus colegas que trabalham na manipulação de Hirudoid para não caírem na “pegadinha” da Ordem de Fabricação.',0,'2021-09-26 23:19:21',NULL),(15,4,'Realizar correção, conforme diretrizes de BPF descritas no POP-GQ-0208 em todas as ordens de Hirudoid que ele manipular.',0,'2021-09-26 23:19:21',NULL),(16,4,'Acionar a Administração da Produção para que entre em contato com a Garantia da Qualidade informando o erro na Ordem de Produção - de forma que os impactos possam ser avaliados e a revisão do documento possa ser iniciada.',1,'2021-09-26 23:19:21',NULL),(17,5,'TESET',1,'2021-09-26 23:19:21',NULL),(18,6,'Área Produtiva e área de Amostragem.',0,'2021-09-26 23:19:21',NULL),(19,6,'Refeitório, Área Produtiva e área de Amostragem.',0,'2021-09-26 23:19:21',NULL),(20,6,'Área Produtiva, área de Amostragem e Controle de Qualidade.',1,'2021-09-26 23:19:21',NULL),(21,6,'Almoxarifado.',0,'2021-09-26 23:19:21',NULL),(22,7,'Consultar o Método Analítico para verificar o tempo de validade da amostra.',1,'2021-09-26 23:19:21',NULL),(23,7,'Consultar suas anotações que fez durante seu treinamento para verificar o tempo de validade da amostra',0,'2021-09-26 23:19:21',NULL),(24,7,'Consultar um colega de trabalho que já realizou a análise antes',0,'2021-09-26 23:19:21',NULL),(25,7,'Ignorar a validade da amostra para análise',0,'2021-09-26 23:19:21',NULL),(26,8,'Todos os colaboradores impactados na atividade relacionada ao documento sejam treinados e o Procedimento Homologado.',1,'2021-09-26 23:19:21',NULL),(27,8,'O Procedimento seja homologado e, posteriormente, todos os colaboradores impactados sejam treinados',0,'2021-09-26 23:19:21',NULL),(28,8,'Não é preciso treinamento para homologação de Procedimento Operacional Padrão',0,'2021-09-26 23:19:21',NULL),(29,8,'Nenhuma das anteriores',0,'2021-09-26 23:19:21',NULL),(30,9,'Caneta azul',1,'2021-09-26 23:19:21',NULL),(31,9,'Caneta preta',0,'2021-09-26 23:19:21',NULL),(32,9,'Lápis',0,'2021-09-26 23:19:21',NULL),(33,9,'Caneta marca texto',0,'2021-09-26 23:19:21',NULL),(34,10,'TESET',1,'2021-09-26 23:19:21',NULL),(35,11,'Como ele é recém-capacitado, é provável que ele tenha feito algo errado no teste. Ele deve descartar este resultado e pedir ajuda de um colega mais experiente para realizar novamente o teste',0,'2021-09-26 23:19:21',NULL),(36,11,'Como ele é recém-capacitado, é provável que ele tenha feito algo errado no teste. É melhor testar novamente o produto até obter um resultado dentro da especificação, afinal, ele nunca ouviu falar de um lote que falhou neste teste',0,'2021-09-26 23:19:21',NULL),(37,11,'Como o resultado está fora de especificação, é necessário acionar o EHS para auxiliá-lo na destruição de todo o material, respeitando o Sistema de Gestão Ambiental',0,'2021-09-26 23:19:21',NULL),(38,11,'O resultado fora de especificação deve ser registrado, Alberto deve comunicar a Administração da Produção e esta, por sua vez, deve iniciar a investigação e avaliar a necessidade de abertura de um Desvio de Qualidade',1,'2021-09-26 23:19:21',NULL),(39,12,'Já que ela discorda da ação, é melhor nem fazer. Mas para não ficar como ação vencida, a ação deve ser prorrogada de acordo com as diretrizes do POP-GQ-0249',0,'2021-09-26 23:19:21',NULL),(40,12,'Deve solicitar à Garantia da Qualidade, área responsável pela aprovação de todos os CAPAs, o imediato cancelamento da ação, visto que ela não tem sentido.',0,'2021-09-26 23:19:21',NULL),(41,12,'Alinhar com a sua gestora imediata e, caso seja concluído que a ação não faz sentido, elaborar uma Justificativa para a não execução da ação, obter a aprovação de sua gestora imediata para a justificativa e enviar para a GQ',1,'2021-09-26 23:19:21',NULL),(42,12,'Solicitar a transferência da ação para outro colaborador “menos ocupado no momento”',0,'2021-09-26 23:19:21',NULL),(43,13,'Possuir o Método Analítico vigente em mãos e assegurar-se de verificar todas as informações durante a condução da análise',1,'2021-09-26 23:19:21',NULL),(44,13,'Sabendo que é importante seguir o método, ele pode consultar uma cópia que ele mesmo tirou da versão 00 (uma verdadeira relíquia!) para conduzir a análise.',0,'2021-09-26 23:19:21',NULL),(45,13,'Como as informações são as mesmas há sete anos, ele pode seguir com segurança a execução do método com base na sua memória. Em caso de dúvidas, a Larissa - que trabalha há anos com ele - pode ajudá-lo a lembrar.',0,'2021-09-26 23:19:21',NULL),(46,13,'Utilizar as anotações compiladas que ele tem no caderno pessoal. É uma forma rápida de se ter acesso às informações mais importantes e está bem documentado no caderno dele.',0,'2021-09-26 23:19:21',NULL),(47,14,'Desvio de Qualidade.',1,'2021-09-26 23:19:21',NULL),(48,14,'Não Conformidade.',0,'2021-09-26 23:19:21',NULL),(49,14,'Reclamação de Mercado.',0,'2021-09-26 23:19:21',NULL),(50,14,'Controle de Mudanças.',0,'2021-09-26 23:19:21',NULL),(51,15,'TESET',1,'2021-09-26 23:19:21',NULL),(52,16,'Como ela é da área administrativa da área de Supply Chain e estava apenas buscando uma informação com o Coordenador da área, isso não é problema dela.',0,'2021-09-26 23:19:21',NULL),(53,16,'Deve avisar imediatamente à empresa terceira responsável pela limpeza para limpar a área onde há material derramado, de forma a evitar que um acidente aconteça, sem a necessidade de avisar mais ninguém.',0,'2021-09-26 23:19:21',NULL),(54,16,'Deve avisar imediatamente ao time do Almoxarifado para que seja colocada uma fita adesiva na sacaria de forma a interromper o vazamento e ajudar a companhia a evitar desperdícios. ',0,'2021-09-26 23:19:21',NULL),(55,16,'Deve avisar imediatamente ao responsável do Almoxarifado para segregar o material e registrar um Desvio da Qualidade em até 1 dia útil para que o material possa ser adequadamente destruído. ',1,'2021-09-26 23:19:21',NULL),(56,17,'Já que é um consenso entre seus colegas que a ideia é ótima e vai aumentar a produtividade, é hora de arregaçar as mangas e executar.',0,'2021-09-26 23:19:21',NULL),(57,17,'Por melhor que pareça a ideia, é preciso testá-la antes. José deve fazer todas as alterações necessárias, realizar o teste e, dando tudo certo, avisar o seu gestor das melhorias que ele obteve.',0,'2021-09-26 23:19:21',NULL),(58,17,'Não deve fazer nada. Ele sabe que existem documentos aprovados que descrevem o funcionamento do equipamento e, uma vez estando aprovados, nunca podem ser mudados.',0,'2021-09-26 23:19:21',NULL),(59,17,'Ele deve apresentar a proposta de melhoria ao seu gestor que, concordando, deve levá-la ao comitê de mudanças para a avaliação dos possíveis impactos e ações.',1,'2021-09-26 23:19:21',NULL),(60,18,'Informar seu usuário e senha para Paula, mas deixar claro que é pra usar só hoje. E fazer tudo bem direitinho!',0,'2021-09-26 23:19:21',NULL),(61,18,'Anotar sua senha em um post-it e compartilhar com a Paula. Sempre que ela precisar, é só usar. Assim, ele garante uma maior produtividade para a área já que a Paula é tão esquecida.',0,'2021-09-26 23:19:21',NULL),(62,18,'Como as análises dele já estão rodando e ele precisará esperar um pouco pelos resultados, ele pode acompanhá-la em todo o processo de amostragem e ir registrando os dados através do seu login e senha.',0,'2021-09-26 23:19:21',NULL),(63,18,'Ele deve orientar Paula a seguir os procedimentos para restabelecer uma nova senha, com a abertura de um chamado de TI e sugerir que, até lá, ela execute outras atividades importantes na área que não requeiram acesso ao sistema',1,'2021-09-26 23:19:21',NULL),(64,19,'Contribuir para a melhoria da qualidade de vida das pessoas ao redor do mundo por meio da criação e do suprimento de medicamentos inovadores que atendam diversas necessidades médicas. ',1,'2021-09-26 23:19:21',NULL),(65,19,'Colaborar na melhoria das condições de tratamento de saúde da população, inovando, desenvolvendo, produzindo, comercializando e proporcionando acesso a produtos com qualidade e preço justo.',0,'2021-09-26 23:19:21',NULL),(66,19,'Orientar, apoiar e contribuir para que nossos associados se mantenham altamente competitivos no varejo farmacêutico, por meio de ações estratégicas voltadas à prática de preço baixo e com a máxima eficiência operacional',0,'2021-09-26 23:19:21',NULL),(67,19,'Oferecer às pessoas em todo o mundo a oportunidade de desfrutar de alimentos e guloseimas de qualidade, gostosos e saudáveis, transformando o seu dia a dia em “Momentos Mágicos” de encontro e comemoração.',0,'2021-09-26 23:19:21',NULL),(68,20,'TESET',1,'2021-09-26 23:19:21',NULL),(69,21,'Os instrutores devem ter habilidades, qualificações e experiência para a execução de treinamento. Arthur deve reportar ao gestor para designar outra pessoa habilitada para o treinamento.',1,'2021-09-26 23:19:21',NULL),(70,21,'Pode aceitar a ajuda de Tobias, afinal ele disse que sabia fazer de cor os procedimentos e análises.',0,'2021-09-26 23:19:21',NULL),(71,21,'Ele deve pesquisar no Google como realizar os procedimentos corretamente e, quando o seu treinador retornar, confirmar com ele os procedimentos.',0,'2021-09-26 23:19:21',NULL),(72,21,'Deve se ausentar também até que seu treinador retorne da Licença.',0,'2021-09-26 23:19:21',NULL),(73,22,'Desordem Operacional',0,'2021-09-26 23:19:21',NULL),(74,22,'Contaminação cruzada',0,'2021-09-26 23:19:21',NULL),(75,22,'Mistura',1,'2021-09-26 23:19:21',NULL),(76,22,'Gap Analysis',0,'2021-09-26 23:19:21',NULL),(77,23,'Descartar a página e pedir uma nova à Garantia da Qualidade para passar tudo a limpo',0,'2021-09-26 23:19:21',NULL),(78,23,'Por ser um hábil desenhista, ele pode converter o 7 em um 6 com um rabisco ou dois',0,'2021-09-26 23:19:21',NULL),(79,23,'Como no começo do próximo expediente já será dia 17/05/2022, não precisa fazer nada',0,'2021-09-26 23:19:21',NULL),(80,23,'Realizar a correção da informação através de correção BPF, mantendo a legibilidade das informações e identificando quem e quando a correção foi realizada',1,'2021-09-26 23:19:21',NULL),(81,24,'Continuar o processo, afinal foi realizada limpeza completa e os pontos devem fazer parte do produto',0,'2021-09-26 23:19:21',NULL),(82,24,'Continuar o processo, afinal ele não foi o responsável pela limpeza do equipamento.',0,'2021-09-26 23:19:21',NULL),(83,24,'Interromper o processo e entrar em contato com a Administração da Produção para informar  o ocorrido.',1,'2021-09-26 23:19:21',NULL),(84,24,'Interromper o processo e chamar o departamento de EHS para averiguar a segurança do processo',0,'2021-09-26 23:19:21',NULL),(85,25,'TESET',1,'2021-09-26 23:19:21',NULL);

--
-- Table structure for table `answers_users`
--

CREATE TABLE `answers_users` (
  `id` int unsigned NOT NULL AUTO_INCREMENT,
  `answer_id` int NOT NULL,
  `user_id` int NOT NULL,
  `points` int NOT NULL,
  `upload` varchar(255) COLLATE utf8mb4_unicode_ci DEFAULT NULL,
  `created_at` timestamp NULL DEFAULT NULL,
  `updated_at` timestamp NULL DEFAULT NULL,
  `question_text` varchar(255) COLLATE utf8mb4_unicode_ci DEFAULT NULL,
  PRIMARY KEY (`id`)
) ENGINE=InnoDB AUTO_INCREMENT=2689 DEFAULT CHARSET=utf8mb4 COLLATE=utf8mb4_unicode_ci;

--
-- Dumping data for table `answers_users`
--

INSERT INTO `answers_users` VALUES (1,1,5,10,NULL,'2021-09-27 06:37:27','2021-09-27 06:37:27',NULL),(2,6,5,10,NULL,'2021-09-27 06:38:16','2021-09-27 06:38:16',NULL),(3,17,5,20,'users-uploads/OmoClnQkTSGbGXDK5bq0uvbeZQsJRAMbOLTn7uzB.jpg','2021-09-27 06:39:09','2021-09-27 06:39:09',NULL),(4,1,6,10,NULL,'2021-09-27 07:00:21','2021-09-27 07:00:21',NULL),(5,6,6,10,NULL,'2021-09-27 07:00:59','2021-09-27 07:00:59',NULL),(6,9,6,10,NULL,'2021-09-27 07:01:29','2021-09-27 07:01:29',NULL),(7,16,6,10,NULL,'2021-09-27 07:02:14','2021-09-27 07:02:14',NULL),(8,1,9,10,NULL,'2021-09-27 07:10:30','2021-09-27 07:10:30',NULL),(9,6,9,10,NULL,'2021-09-27 07:11:14','2021-09-27 07:11:14',NULL),(10,9,9,10,NULL,'2021-09-27 07:11:34','2021-09-27 07:11:34',NULL),(11,16,9,10,NULL,'2021-09-27 07:12:13','2021-09-27 07:12:13',NULL),(12,1,7,10,NULL,'2021-09-27 07:13:04','2021-09-27 07:13:04',NULL),(13,1,10,10,NULL,'2021-09-27 07:13:11','2021-09-27 07:13:11',NULL),(14,1,11,10,NULL,'2021-09-27 07:14:49','2021-09-27 07:14:49',NULL),(15,6,11,10,NULL,'2021-09-27 07:15:43','2021-09-27 07:15:43',NULL),(16,1,13,10,NULL,'2021-09-27 07:16:05','2021-09-27 07:16:05',NULL),(17,1,12,10,NULL,'2021-09-27 07:16:33','2021-09-27 07:16:33',NULL),(18,6,13,10,NULL,'2021-09-27 07:16:51','2021-09-27 07:16:51',NULL),(19,9,11,10,NULL,'2021-09-27 07:17:02','2021-09-27 07:17:02',NULL),(20,6,12,10,NULL,'2021-09-27 07:17:07','2021-09-27 07:17:07',NULL),(21,9,12,10,NULL,'2021-09-27 07:17:38','2021-09-27 07:17:38',NULL),(22,9,13,10,NULL,'2021-09-27 07:17:42','2021-09-27 07:17:42',NULL),(23,16,11,10,NULL,'2021-09-27 07:18:20','2021-09-27 07:18:20',NULL),(24,16,13,10,NULL,'2021-09-27 07:18:37','2021-09-27 07:18:37',NULL),(26,16,12,10,NULL,'2021-09-27 07:21:36','2021-09-27 07:21:36',NULL),(27,1,14,10,NULL,'2021-09-27 07:21:45','2021-09-27 07:21:45',NULL),(28,1,15,10,NULL,'2021-09-27 07:23:27','2021-09-27 07:23:27',NULL),(29,6,15,10,NULL,'2021-09-27 07:23:48','2021-09-27 07:23:48',NULL),(30,9,15,10,NULL,'2021-09-27 07:24:28','2021-09-27 07:24:28',NULL),(31,16,15,10,NULL,'2021-09-27 07:25:13','2021-09-27 07:25:13',NULL),(32,1,8,10,NULL,'2021-09-27 07:27:18','2021-09-27 07:27:18',NULL),(33,6,8,10,NULL,'2021-09-27 07:27:35','2021-09-27 07:27:35',NULL),(34,9,8,10,NULL,'2021-09-27 07:27:57','2021-09-27 07:27:57',NULL),(35,16,8,10,NULL,'2021-09-27 07:28:14','2021-09-27 07:28:14',NULL),(36,17,12,20,'users-uploads/vprXHNfpmtwGw9fzDmd10aQ59sxlBNSxq71uBwkj.jpg','2021-09-27 07:28:24','2021-09-27 07:28:24',NULL),(37,1,16,10,NULL,'2021-09-27 07:29:45','2021-09-27 07:29:45',NULL),(38,6,16,10,NULL,'2021-09-27 07:30:34','2021-09-27 07:30:34',NULL),(39,1,17,10,NULL,'2021-09-27 07:30:50','2021-09-27 07:30:50',NULL),(40,9,16,10,NULL,'2021-09-27 07:31:06','2021-09-27 07:31:06',NULL),(41,6,17,10,NULL,'2021-09-27 07:31:38','2021-09-27 07:31:38',NULL),(42,16,16,10,NULL,'2021-09-27 07:31:47','2021-09-27 07:31:47',NULL),(43,9,17,10,NULL,'2021-09-27 07:32:29','2021-09-27 07:32:29',NULL),(44,16,17,10,NULL,'2021-09-27 07:34:21','2021-09-27 07:34:21',NULL),(45,1,18,10,NULL,'2021-09-27 07:40:10','2021-09-27 07:40:10',NULL),(46,6,18,10,NULL,'2021-09-27 07:41:08','2021-09-27 07:41:08',NULL),(47,9,18,10,NULL,'2021-09-27 07:41:45','2021-09-27 07:41:45',NULL),(48,16,18,10,NULL,'2021-09-27 07:42:38','2021-09-27 07:42:38',NULL),(49,1,20,10,NULL,'2021-09-27 07:49:29','2021-09-27 07:49:29',NULL),(50,6,20,10,NULL,'2021-09-27 07:50:05','2021-09-27 07:50:05',NULL),(51,9,20,10,NULL,'2021-09-27 07:50:31','2021-09-27 07:50:31',NULL),(52,16,20,10,NULL,'2021-09-27 07:51:09','2021-09-27 07:51:09',NULL),(53,1,19,10,NULL,'2021-09-27 07:53:40','2021-09-27 07:53:40',NULL),(54,1,22,10,NULL,'2021-09-27 07:54:19','2021-09-27 07:54:19',NULL),(55,1,21,10,NULL,'2021-09-27 07:54:55','2021-09-27 07:54:55',NULL),(56,1,4,10,NULL,'2021-09-27 07:55:48','2021-09-27 07:55:48',NULL),(57,9,21,10,NULL,'2021-09-27 07:56:17','2021-09-27 07:56:17',NULL),(58,6,19,10,NULL,'2021-09-27 07:56:53','2021-09-27 07:56:53',NULL),(59,6,22,10,NULL,'2021-09-27 07:57:02','2021-09-27 07:57:02',NULL),(60,6,21,10,NULL,'2021-09-27 07:57:08','2021-09-27 07:57:08',NULL),(61,9,22,10,NULL,'2021-09-27 07:57:49','2021-09-27 07:57:49',NULL),(62,9,19,10,NULL,'2021-09-27 07:57:58','2021-09-27 07:57:58',NULL),(63,16,22,10,NULL,'2021-09-27 07:58:54','2021-09-27 07:58:54',NULL),(64,16,19,10,NULL,'2021-09-27 07:58:56','2021-09-27 07:58:56',NULL),(65,16,21,10,NULL,'2021-09-27 07:58:58','2021-09-27 07:58:58',NULL),(66,9,14,10,NULL,'2021-09-27 07:59:16','2021-09-27 07:59:16',NULL),(67,17,22,20,'users-uploads/OBYnuHoMKlcWkb1sjFdLzQ2ziODg0rr0QnMa0M1z.png','2021-09-27 08:02:27','2021-09-27 08:02:27',NULL),(68,2,24,0,NULL,'2021-09-27 08:20:20','2021-09-27 08:20:20',NULL),(69,6,24,10,NULL,'2021-09-27 08:21:03','2021-09-27 08:21:03',NULL),(70,11,24,0,NULL,'2021-09-27 08:22:00','2021-09-27 08:22:00',NULL),(71,1,23,10,NULL,'2021-09-27 08:22:38','2021-09-27 08:22:38',NULL),(72,16,24,10,NULL,'2021-09-27 08:22:54','2021-09-27 08:22:54',NULL),(73,1,25,10,NULL,'2021-09-27 08:25:17','2021-09-27 08:25:17',NULL),(74,6,25,10,NULL,'2021-09-27 08:25:42','2021-09-27 08:25:42',NULL),(75,9,25,10,NULL,'2021-09-27 08:26:16','2021-09-27 08:26:16',NULL),(76,16,25,10,NULL,'2021-09-27 08:27:04','2021-09-27 08:27:04',NULL),(77,1,26,10,NULL,'2021-09-27 08:30:20','2021-09-27 08:30:20',NULL),(78,6,7,10,NULL,'2021-09-27 08:37:55','2021-09-27 08:37:55',NULL),(79,9,7,10,NULL,'2021-09-27 08:38:32','2021-09-27 08:38:32',NULL),(80,16,7,10,NULL,'2021-09-27 08:39:19','2021-09-27 08:39:19',NULL),(81,6,23,10,NULL,'2021-09-27 08:44:28','2021-09-27 08:44:28',NULL),(82,9,23,10,NULL,'2021-09-27 08:46:05','2021-09-27 08:46:05',NULL),(83,16,23,10,NULL,'2021-09-27 08:49:23','2021-09-27 08:49:23',NULL),(84,17,23,20,'users-uploads/mVlI6zRHZEFbOjoGFeadNfcoCFG2GlpOFhYGtZTN.jpg','2021-09-27 08:54:13','2021-09-27 08:54:13',NULL),(85,1,28,10,NULL,'2021-09-27 08:56:12','2021-09-27 08:56:12',NULL),(86,17,7,20,'users-uploads/SQMJ9oOEIBh6kz1T2oWLJUZ2fovyCrK0qISr9YFS.jpg','2021-09-27 09:00:52','2021-09-27 09:00:52',NULL),(87,1,30,10,NULL,'2021-09-27 09:01:23','2021-09-27 09:01:23',NULL),(88,6,30,10,NULL,'2021-09-27 09:02:14','2021-09-27 09:02:14',NULL),(89,9,30,10,NULL,'2021-09-27 09:02:57','2021-09-27 09:02:57',NULL),(90,16,30,10,NULL,'2021-09-27 09:03:57','2021-09-27 09:03:57',NULL),(91,1,29,10,NULL,'2021-09-27 09:05:55','2021-09-27 09:05:55',NULL),(92,6,29,10,NULL,'2021-09-27 09:06:49','2021-09-27 09:06:49',NULL),(93,9,29,10,NULL,'2021-09-27 09:07:35','2021-09-27 09:07:35',NULL),(94,16,29,10,NULL,'2021-09-27 09:08:30','2021-09-27 09:08:30',NULL),(95,17,30,20,'users-uploads/NxnFSUVbpb3V3PM3I8qKpXLLJtlTq8IFgraWo9dn.jpg','2021-09-27 09:09:29','2021-09-27 09:09:29',NULL),(96,17,29,20,'users-uploads/eWch6HmsyzVmjs9zyDaCio3cQuIqCV7ysYUffFz1.jpg','2021-09-27 09:14:39','2021-09-27 09:14:39',NULL),(97,17,21,20,'users-uploads/Q2z21wfjmsxDYlTG3VULW7aFIkZzdXgznWOPkbPT.jpg','2021-09-27 09:17:42','2021-09-27 09:17:42',NULL),(98,1,31,10,NULL,'2021-09-27 09:18:33','2021-09-27 09:18:33',NULL),(99,6,31,10,NULL,'2021-09-27 09:19:01','2021-09-27 09:19:01',NULL),(100,9,31,10,NULL,'2021-09-27 09:19:40','2021-09-27 09:19:40',NULL),(101,16,31,10,NULL,'2021-09-27 09:20:01','2021-09-27 09:20:01',NULL),(102,17,19,20,'users-uploads/BdHF8O6YVvtbn5sDgLHcjCmw3pLxMJYvun8ZBvyS.jpg','2021-09-27 09:21:52','2021-09-27 09:21:52',NULL),(103,17,31,20,'users-uploads/cLemGyqNiKq1cO0rY3SK2pSCHBd9a2h5DqBXWXVs.jpg','2021-09-27 09:23:44','2021-09-27 09:23:44',NULL),(104,1,32,10,NULL,'2021-09-27 09:28:16','2021-09-27 09:28:16',NULL),(105,6,32,10,NULL,'2021-09-27 09:30:19','2021-09-27 09:30:19',NULL),(106,9,32,10,NULL,'2021-09-27 09:30:45','2021-09-27 09:30:45',NULL),(107,16,32,10,NULL,'2021-09-27 09:31:54','2021-09-27 09:31:54',NULL),(108,17,32,20,'users-uploads/kFsN3IwJaIvVmYI8TFqLkL3CXlq25ie8ThHoPaRv.jpg','2021-09-27 09:35:07','2021-09-27 09:35:07',NULL),(109,17,6,20,'users-uploads/GGMC0l23RxQ7Woo9GoTEU96j3ppH13bx9uPmoCVj.jpg','2021-09-27 09:40:50','2021-09-27 09:40:50',NULL),(110,9,33,10,NULL,'2021-09-27 10:17:47','2021-09-27 10:17:47',NULL),(111,16,33,10,NULL,'2021-09-27 10:19:23','2021-09-27 10:19:23',NULL),(112,6,28,10,NULL,'2021-09-27 10:20:28','2021-09-27 10:20:28',NULL),(113,9,28,10,NULL,'2021-09-27 10:20:54','2021-09-27 10:20:54',NULL),(114,16,28,10,NULL,'2021-09-27 10:22:13','2021-09-27 10:22:13',NULL),(115,1,34,10,NULL,'2021-09-27 10:26:55','2021-09-27 10:26:55',NULL),(116,1,35,10,NULL,'2021-09-27 10:33:04','2021-09-27 10:33:04',NULL),(117,6,35,10,NULL,'2021-09-27 10:33:31','2021-09-27 10:33:31',NULL),(118,9,35,10,NULL,'2021-09-27 10:33:43','2021-09-27 10:33:43',NULL),(119,16,35,10,NULL,'2021-09-27 10:34:05','2021-09-27 10:34:05',NULL),(120,17,35,20,'users-uploads/3NFb0PzrGNGfGd47DnsFoq4LIOMI2OGpkuZCFJlo.jpg','2021-09-27 10:41:58','2021-09-27 10:41:58',NULL),(121,1,36,10,NULL,'2021-09-27 10:58:40','2021-09-27 10:58:40',NULL),(122,6,36,10,NULL,'2021-09-27 10:59:39','2021-09-27 10:59:39',NULL),(123,9,36,10,NULL,'2021-09-27 11:00:36','2021-09-27 11:00:36',NULL),(124,16,36,10,NULL,'2021-09-27 11:01:27','2021-09-27 11:01:27',NULL),(125,1,37,10,NULL,'2021-09-27 11:12:24','2021-09-27 11:12:24',NULL),(126,1,39,10,NULL,'2021-09-27 11:18:26','2021-09-27 11:18:26',NULL),(127,6,39,10,NULL,'2021-09-27 11:19:22','2021-09-27 11:19:22',NULL),(128,9,39,10,NULL,'2021-09-27 11:20:22','2021-09-27 11:20:22',NULL),(129,1,40,10,NULL,'2021-09-27 11:21:14','2021-09-27 11:21:14',NULL),(130,6,40,10,NULL,'2021-09-27 11:21:50','2021-09-27 11:21:50',NULL),(131,16,39,10,NULL,'2021-09-27 11:22:06','2021-09-27 11:22:06',NULL),(132,9,40,10,NULL,'2021-09-27 11:22:10','2021-09-27 11:22:10',NULL),(133,16,40,10,NULL,'2021-09-27 11:22:39','2021-09-27 11:22:39',NULL),(134,1,41,10,NULL,'2021-09-27 11:23:07','2021-09-27 11:23:07',NULL),(135,1,42,10,NULL,'2021-09-27 11:24:10','2021-09-27 11:24:10',NULL),(136,6,42,10,NULL,'2021-09-27 11:26:09','2021-09-27 11:26:09',NULL),(137,9,42,10,NULL,'2021-09-27 11:27:42','2021-09-27 11:27:42',NULL),(138,1,43,10,NULL,'2021-09-27 11:29:12','2021-09-27 11:29:12',NULL),(139,1,38,10,NULL,'2021-09-27 11:31:17','2021-09-27 11:31:17',NULL),(140,6,38,10,NULL,'2021-09-27 11:32:23','2021-09-27 11:32:23',NULL),(141,9,38,10,NULL,'2021-09-27 11:32:37','2021-09-27 11:32:37',NULL),(142,15,38,0,NULL,'2021-09-27 11:33:55','2021-09-27 11:33:55',NULL),(143,16,42,10,NULL,'2021-09-27 11:34:20','2021-09-27 11:34:20',NULL),(144,1,44,10,NULL,'2021-09-27 11:51:43','2021-09-27 11:51:43',NULL),(145,1,45,10,NULL,'2021-09-27 11:53:36','2021-09-27 11:53:36',NULL),(146,6,45,10,NULL,'2021-09-27 11:55:09','2021-09-27 11:55:09',NULL),(147,9,45,10,NULL,'2021-09-27 11:55:47','2021-09-27 11:55:47',NULL),(148,6,44,10,NULL,'2021-09-27 11:56:06','2021-09-27 11:56:06',NULL),(149,9,44,10,NULL,'2021-09-27 11:56:40','2021-09-27 11:56:40',NULL),(150,16,45,10,NULL,'2021-09-27 11:57:08','2021-09-27 11:57:08',NULL),(151,16,44,10,NULL,'2021-09-27 11:57:13','2021-09-27 11:57:13',NULL),(152,17,11,20,'users-uploads/IYJ2uNzc1f5qIBnbNSdhSnOCwXqgvcgyR2cIVtdc.jpg','2021-09-27 11:59:43','2021-09-27 11:59:43',NULL),(153,17,45,20,'users-uploads/hSRJTKQ8j018QGrSNQLFnWZsqkAqRuULfyGwEvsA.jpg','2021-09-27 12:02:38','2021-09-27 12:02:38',NULL),(154,17,44,20,'users-uploads/wynbPOAtDxr7ou7AnUFyxIwXJBU0UzinlF4fCyt7.jpg','2021-09-27 12:02:50','2021-09-27 12:02:50',NULL),(155,1,46,10,NULL,'2021-09-27 12:04:13','2021-09-27 12:04:13',NULL),(156,6,46,10,NULL,'2021-09-27 12:04:22','2021-09-27 12:04:22',NULL),(157,9,46,10,NULL,'2021-09-27 12:04:30','2021-09-27 12:04:30',NULL),(158,16,46,10,NULL,'2021-09-27 12:04:38','2021-09-27 12:04:38',NULL),(159,8,4,0,NULL,'2021-09-27 12:05:10','2021-09-27 12:05:10',NULL),(160,9,4,10,NULL,'2021-09-27 12:05:30','2021-09-27 12:05:30',NULL),(161,16,4,10,NULL,'2021-09-27 12:05:37','2021-09-27 12:05:37',NULL),(162,16,14,10,NULL,'2021-09-27 12:10:19','2021-09-27 12:10:19',NULL),(163,6,14,10,NULL,'2021-09-27 12:11:38','2021-09-27 12:11:38',NULL),(164,1,47,10,NULL,'2021-09-27 12:13:14','2021-09-27 12:13:14',NULL),(165,6,47,10,NULL,'2021-09-27 12:13:44','2021-09-27 12:13:44',NULL),(166,1,48,10,NULL,'2021-09-27 12:14:08','2021-09-27 12:14:08',NULL),(167,9,47,10,NULL,'2021-09-27 12:14:09','2021-09-27 12:14:09',NULL),(168,16,47,10,NULL,'2021-09-27 12:14:48','2021-09-27 12:14:48',NULL),(169,9,48,10,NULL,'2021-09-27 12:14:52','2021-09-27 12:14:52',NULL),(170,6,48,10,NULL,'2021-09-27 12:15:10','2021-09-27 12:15:10',NULL),(171,16,48,10,NULL,'2021-09-27 12:15:54','2021-09-27 12:15:54',NULL),(172,17,47,20,'users-uploads/JfQJ3EZznsU6kI6mjAWssoXCZQcB45IrLJLhrl2O.jpg','2021-09-27 12:17:10','2021-09-27 12:17:10',NULL),(173,17,48,20,'users-uploads/TwTlz1Sd3RN8KGzz5c9qhWRxuNtCf6QbxDzZJCYG.jpg','2021-09-27 12:17:46','2021-09-27 12:17:46',NULL),(174,1,49,10,NULL,'2021-09-27 12:29:01','2021-09-27 12:29:01',NULL),(175,6,49,10,NULL,'2021-09-27 12:29:37','2021-09-27 12:29:37',NULL),(176,9,49,10,NULL,'2021-09-27 12:30:00','2021-09-27 12:30:00',NULL),(177,16,49,10,NULL,'2021-09-27 12:30:09','2021-09-27 12:30:09',NULL),(178,17,49,20,'users-uploads/5Jg5DJVLdzKmjzme0yfDlc1p5yYglB9kyiJf3bY4.jpg','2021-09-27 12:33:21','2021-09-27 12:33:21',NULL),(179,1,51,10,NULL,'2021-09-27 12:35:57','2021-09-27 12:35:57',NULL),(180,6,51,10,NULL,'2021-09-27 12:36:13','2021-09-27 12:36:13',NULL),(181,9,51,10,NULL,'2021-09-27 12:36:26','2021-09-27 12:36:26',NULL),(182,16,51,10,NULL,'2021-09-27 12:36:41','2021-09-27 12:36:41',NULL),(183,3,50,0,NULL,'2021-09-27 12:36:58','2021-09-27 12:36:58',NULL),(184,17,51,20,'users-uploads/k42NtU1txXR42EhIBpHl4epAlD2HypvPLdycbl3H.jpg','2021-09-27 12:38:15','2021-09-27 12:38:15',NULL),(185,1,52,10,NULL,'2021-09-27 12:41:36','2021-09-27 12:41:36',NULL),(186,6,52,10,NULL,'2021-09-27 12:41:55','2021-09-27 12:41:55',NULL),(187,9,52,10,NULL,'2021-09-27 12:42:11','2021-09-27 12:42:11',NULL),(188,16,52,10,NULL,'2021-09-27 12:42:20','2021-09-27 12:42:20',NULL),(189,17,52,20,'users-uploads/Ub0EZ3r0pQywi9lzXM0qDHLwTDnE44d7WoBFEFTX.jpg','2021-09-27 12:43:58','2021-09-27 12:43:58',NULL),(190,1,53,10,NULL,'2021-09-27 12:46:03','2021-09-27 12:46:03',NULL),(191,6,53,10,NULL,'2021-09-27 12:46:22','2021-09-27 12:46:22',NULL),(192,9,53,10,NULL,'2021-09-27 12:47:19','2021-09-27 12:47:19',NULL),(193,16,53,10,NULL,'2021-09-27 12:48:28','2021-09-27 12:48:28',NULL),(194,17,36,20,'users-uploads/FAddw5WryRBmcHdjTh6Qo1sjh6kwjSbd6aoVg6e5.jpg','2021-09-27 12:53:48','2021-09-27 12:53:48',NULL),(195,17,53,20,'users-uploads/9DyWVB5Oq66MLOv1IUAodMmnCyoVViv54JZIcJVX.jpg','2021-09-27 12:54:07','2021-09-27 12:54:07',NULL),(196,1,54,10,NULL,'2021-09-27 12:54:33','2021-09-27 12:54:33',NULL),(197,17,9,20,'users-uploads/d9jDAMqnLTr6bK7Pi42q3EZLQRce1UC4npjVdsIs.jpg','2021-09-27 12:55:28','2021-09-27 12:55:28',NULL),(198,6,54,10,NULL,'2021-09-27 12:55:44','2021-09-27 12:55:44',NULL),(199,6,43,10,NULL,'2021-09-27 12:56:16','2021-09-27 12:56:16',NULL),(200,9,54,10,NULL,'2021-09-27 12:56:23','2021-09-27 12:56:23',NULL),(201,9,43,10,NULL,'2021-09-27 12:57:05','2021-09-27 12:57:05',NULL),(202,16,54,10,NULL,'2021-09-27 12:57:31','2021-09-27 12:57:31',NULL),(203,16,43,10,NULL,'2021-09-27 12:57:53','2021-09-27 12:57:53',NULL),(204,17,39,20,'users-uploads/hxJLXgwo3vKAiERqL0Q5dgC1mmYxCsZVXjm4FTbo.jpg','2021-09-27 12:57:59','2021-09-27 12:57:59',NULL),(205,17,43,20,'users-uploads/9w2u2OPI7zLWPwNHat6Iw7fkQI7bPV7IeqPTxEUK.jpg','2021-09-27 12:58:19','2021-09-27 12:58:19',NULL),(206,1,56,10,NULL,'2021-09-27 13:00:35','2021-09-27 13:00:35',NULL),(207,1,55,10,NULL,'2021-09-27 13:00:38','2021-09-27 13:00:38',NULL),(208,6,55,10,NULL,'2021-09-27 13:01:08','2021-09-27 13:01:08',NULL),(209,9,55,10,NULL,'2021-09-27 13:01:25','2021-09-27 13:01:25',NULL),(210,16,55,10,NULL,'2021-09-27 13:01:45','2021-09-27 13:01:45',NULL),(211,17,55,20,'users-uploads/zlbIAlhlyDtoGxejtrATktSslXBEUxmqRnPrsVQG.jpg','2021-09-27 13:03:17','2021-09-27 13:03:17',NULL),(212,17,54,20,'users-uploads/CMMJMze0fohQ2JyLJ0nrPLXII2ra1fC9FWH94B7a.jpg','2021-09-27 13:03:50','2021-09-27 13:03:50',NULL),(213,1,57,10,NULL,'2021-09-27 13:05:08','2021-09-27 13:05:08',NULL),(215,6,57,10,NULL,'2021-09-27 13:05:24','2021-09-27 13:05:24',NULL),(217,9,57,10,NULL,'2021-09-27 13:05:38','2021-09-27 13:05:38',NULL),(219,16,57,10,NULL,'2021-09-27 13:05:49','2021-09-27 13:05:49',NULL),(221,17,16,20,'users-uploads/YUdZ3wVpqNdwZziy4qskcibV9h9EvYFm7hDawkwV.jpg','2021-09-27 13:06:03','2021-09-27 13:06:03',NULL),(222,17,40,20,'users-uploads/i454rgqeKbnRpwzpniqeZIhJUrZsRl2OMfBRiTJs.jpg','2021-09-27 13:06:13','2021-09-27 13:06:13',NULL),(223,17,4,20,'users-uploads/O2Q8nVAJ5pS3PMv2hCnP03yrf68B3u8qlI0EamSq.jpg','2021-09-27 13:07:56','2021-09-27 13:07:56',NULL),(224,17,57,20,'users-uploads/H9jBqYLKHzg1BhPasvbPPeVukm7yTNJbDPhA1evB.jpg','2021-09-27 13:11:33','2021-09-27 13:11:33',NULL),(225,6,26,10,NULL,'2021-09-27 13:17:09','2021-09-27 13:17:09',NULL),(226,9,26,10,NULL,'2021-09-27 13:17:24','2021-09-27 13:17:24',NULL),(228,1,59,10,NULL,'2021-09-27 13:17:31','2021-09-27 13:17:31',NULL),(229,16,26,10,NULL,'2021-09-27 13:17:44','2021-09-27 13:17:44',NULL),(231,17,26,20,'users-uploads/sGNYYsZcm9LEORoVA2FID2egRdiMLaFDR0mON6tK.jpg','2021-09-27 13:18:43','2021-09-27 13:18:43',NULL),(232,8,37,0,NULL,'2021-09-27 13:19:12','2021-09-27 13:19:12',NULL),(233,1,58,10,NULL,'2021-09-27 13:19:34','2021-09-27 13:19:34',NULL),(234,9,37,10,NULL,'2021-09-27 13:19:48','2021-09-27 13:19:48',NULL),(235,16,37,10,NULL,'2021-09-27 13:21:14','2021-09-27 13:21:14',NULL),(236,1,61,10,NULL,'2021-09-27 13:22:41','2021-09-27 13:22:41',NULL),(237,6,61,10,NULL,'2021-09-27 13:23:26','2021-09-27 13:23:26',NULL),(239,9,61,10,NULL,'2021-09-27 13:23:34','2021-09-27 13:23:34',NULL),(241,16,61,10,NULL,'2021-09-27 13:23:42','2021-09-27 13:23:42',NULL),(243,1,60,10,NULL,'2021-09-27 13:24:37','2021-09-27 13:24:37',NULL),(244,6,60,10,NULL,'2021-09-27 13:25:20','2021-09-27 13:25:20',NULL),(245,9,60,10,NULL,'2021-09-27 13:25:43','2021-09-27 13:25:43',NULL),(246,16,60,10,NULL,'2021-09-27 13:26:21','2021-09-27 13:26:21',NULL),(247,17,61,20,'users-uploads/1csSSaiSgbWmK0CXMyWsnG1zbJb1q2ZRwAh8qp4d.jpg','2021-09-27 13:27:24','2021-09-27 13:27:24',NULL),(248,1,62,10,NULL,'2021-09-27 13:29:14','2021-09-27 13:29:14',NULL),(249,17,18,20,'users-uploads/jwllY2D26jVG5VgDLc5gmFzHbI2OuocMRD1fxBPQ.jpg','2021-09-27 13:29:46','2021-09-27 13:29:46',NULL),(250,6,62,10,NULL,'2021-09-27 13:30:26','2021-09-27 13:30:26',NULL),(251,9,62,10,NULL,'2021-09-27 13:31:15','2021-09-27 13:31:15',NULL),(252,17,17,20,'users-uploads/nM7ph6CTu3ia07hdSMRujo1nmlPTzO4oV1bbKAJL.jpg','2021-09-27 13:37:51','2021-09-27 13:37:51',NULL),(253,16,62,10,NULL,'2021-09-27 13:40:26','2021-09-27 13:40:26',NULL),(254,1,64,10,NULL,'2021-09-27 13:40:48','2021-09-27 13:40:48',NULL),(255,6,64,10,NULL,'2021-09-27 13:41:51','2021-09-27 13:41:51',NULL),(256,1,65,10,NULL,'2021-09-27 13:42:01','2021-09-27 13:42:01',NULL),(257,9,64,10,NULL,'2021-09-27 13:42:46','2021-09-27 13:42:46',NULL),(258,6,65,10,NULL,'2021-09-27 13:42:58','2021-09-27 13:42:58',NULL),(259,9,65,10,NULL,'2021-09-27 13:43:40','2021-09-27 13:43:40',NULL),(260,16,64,10,NULL,'2021-09-27 13:43:58','2021-09-27 13:43:58',NULL),(261,16,65,10,NULL,'2021-09-27 13:44:40','2021-09-27 13:44:40',NULL),(262,1,67,10,NULL,'2021-09-27 13:45:02','2021-09-27 13:45:02',NULL),(263,6,67,10,NULL,'2021-09-27 13:45:59','2021-09-27 13:45:59',NULL),(264,17,65,20,'users-uploads/gv7NfkJSgIj4BN5mvd1SFkCFPDABfdz2YPAYb7A9.jpg','2021-09-27 13:46:05','2021-09-27 13:46:05',NULL),(265,11,67,0,NULL,'2021-09-27 13:47:07','2021-09-27 13:47:07',NULL),(266,1,68,10,NULL,'2021-09-27 13:47:13','2021-09-27 13:47:13',NULL),(267,6,68,10,NULL,'2021-09-27 13:47:31','2021-09-27 13:47:31',NULL),(268,9,68,10,NULL,'2021-09-27 13:47:41','2021-09-27 13:47:41',NULL),(269,16,68,10,NULL,'2021-09-27 13:47:52','2021-09-27 13:47:52',NULL),(270,1,66,10,NULL,'2021-09-27 13:48:17','2021-09-27 13:48:17',NULL),(271,16,67,10,NULL,'2021-09-27 13:48:40','2021-09-27 13:48:40',NULL),(272,6,66,10,NULL,'2021-09-27 13:48:54','2021-09-27 13:48:54',NULL),(273,9,66,10,NULL,'2021-09-27 13:49:03','2021-09-27 13:49:03',NULL),(274,16,66,10,NULL,'2021-09-27 13:49:10','2021-09-27 13:49:10',NULL),(275,1,71,10,NULL,'2021-09-27 13:50:11','2021-09-27 13:50:11',NULL),(276,1,70,10,NULL,'2021-09-27 13:50:19','2021-09-27 13:50:19',NULL),(277,1,69,10,NULL,'2021-09-27 13:50:21','2021-09-27 13:50:21',NULL),(278,6,71,10,NULL,'2021-09-27 13:50:31','2021-09-27 13:50:31',NULL),(279,6,69,10,NULL,'2021-09-27 13:50:37','2021-09-27 13:50:37',NULL),(280,9,71,10,NULL,'2021-09-27 13:50:48','2021-09-27 13:50:48',NULL),(281,9,69,10,NULL,'2021-09-27 13:50:48','2021-09-27 13:50:48',NULL),(282,6,70,10,NULL,'2021-09-27 13:50:51','2021-09-27 13:50:51',NULL),(283,16,69,10,NULL,'2021-09-27 13:50:58','2021-09-27 13:50:58',NULL),(284,16,71,10,NULL,'2021-09-27 13:51:00','2021-09-27 13:51:00',NULL),(285,9,70,10,NULL,'2021-09-27 13:51:38','2021-09-27 13:51:38',NULL),(286,16,70,10,NULL,'2021-09-27 13:52:20','2021-09-27 13:52:20',NULL),(287,1,72,10,NULL,'2021-09-27 13:52:25','2021-09-27 13:52:25',NULL),(288,1,74,10,NULL,'2021-09-27 13:53:54','2021-09-27 13:53:54',NULL),(289,1,75,10,NULL,'2021-09-27 13:53:55','2021-09-27 13:53:55',NULL),(290,6,75,10,NULL,'2021-09-27 13:54:16','2021-09-27 13:54:16',NULL),(291,17,71,20,'users-uploads/WgSOwdxlRj9RqtDRccP1rC3QX0DnZJ7HOcQELjq3.jpg','2021-09-27 13:54:21','2021-09-27 13:54:21',NULL),(292,9,75,10,NULL,'2021-09-27 13:54:36','2021-09-27 13:54:36',NULL),(293,17,70,20,'users-uploads/gIDVDRQTHPKucB9zkQBtRftIg0HGWa2tvM6yMOKG.jpg','2021-09-27 13:54:39','2021-09-27 13:54:39',NULL),(294,6,72,10,NULL,'2021-09-27 13:54:39','2021-09-27 13:54:39',NULL),(295,1,76,10,NULL,'2021-09-27 13:54:47','2021-09-27 13:54:47',NULL),(296,16,75,10,NULL,'2021-09-27 13:54:48','2021-09-27 13:54:48',NULL),(297,8,74,0,NULL,'2021-09-27 13:55:23','2021-09-27 13:55:23',NULL),(298,9,72,10,NULL,'2021-09-27 13:55:45','2021-09-27 13:55:45',NULL),(299,16,72,10,NULL,'2021-09-27 13:56:41','2021-09-27 13:56:41',NULL),(300,9,74,10,NULL,'2021-09-27 13:56:59','2021-09-27 13:56:59',NULL),(301,6,56,10,NULL,'2021-09-27 13:57:16','2021-09-27 13:57:16',NULL),(302,16,74,10,NULL,'2021-09-27 13:57:44','2021-09-27 13:57:44',NULL),(303,9,56,10,NULL,'2021-09-27 13:58:11','2021-09-27 13:58:11',NULL),(304,6,34,10,NULL,'2021-09-27 13:58:36','2021-09-27 13:58:36',NULL),(305,16,56,10,NULL,'2021-09-27 13:59:06','2021-09-27 13:59:06',NULL),(306,9,34,10,NULL,'2021-09-27 14:00:34','2021-09-27 14:00:34',NULL),(307,16,34,10,NULL,'2021-09-27 14:02:27','2021-09-27 14:02:27',NULL),(308,17,64,20,'users-uploads/BbP7Liq9WVeyHMt29OqUVcZIsnnJxnWEZP0PhuKa.jpg','2021-09-27 14:04:32','2021-09-27 14:04:32',NULL),(309,1,79,10,NULL,'2021-09-27 14:05:51','2021-09-27 14:05:51',NULL),(310,8,79,0,NULL,'2021-09-27 14:06:34','2021-09-27 14:06:34',NULL),(311,9,79,10,NULL,'2021-09-27 14:07:27','2021-09-27 14:07:27',NULL),(312,17,56,20,'users-uploads/fWJ1HJZ8dtg3eDmyTtOwiNhmBxI8RWpQcsXNswck.jpg','2021-09-27 14:07:43','2021-09-27 14:07:43',NULL),(313,16,79,10,NULL,'2021-09-27 14:08:09','2021-09-27 14:08:09',NULL),(314,17,68,20,'users-uploads/Uo98W1UzFS7jkPu5JKEJVEttdNrh2FUJEgi3yNQO.jpg','2021-09-27 14:08:47','2021-09-27 14:08:47',NULL),(315,1,81,10,NULL,'2021-09-27 14:09:35','2021-09-27 14:09:35',NULL),(316,1,77,10,NULL,'2021-09-27 14:11:46','2021-09-27 14:11:46',NULL),(317,17,25,20,'users-uploads/xBlIdzqOLQPvdxCsen1bbGhwUp77dwG3FmeYUZyo.jpg','2021-09-27 14:13:43','2021-09-27 14:13:43',NULL),(318,1,82,10,NULL,'2021-09-27 14:14:24','2021-09-27 14:14:24',NULL),(319,6,82,10,NULL,'2021-09-27 14:14:57','2021-09-27 14:14:57',NULL),(320,9,82,10,NULL,'2021-09-27 14:15:24','2021-09-27 14:15:24',NULL),(321,15,82,0,NULL,'2021-09-27 14:16:03','2021-09-27 14:16:03',NULL),(322,17,34,20,'users-uploads/zIB8Bdw5xWocd2DFVcHVEHYuo3cDzb4na2e1LGdh.jpg','2021-09-27 14:16:09','2021-09-27 14:16:09',NULL),(323,1,83,10,NULL,'2021-09-27 14:17:09','2021-09-27 14:17:09',NULL),(324,6,83,10,NULL,'2021-09-27 14:18:58','2021-09-27 14:18:58',NULL),(325,1,84,10,NULL,'2021-09-27 14:19:18','2021-09-27 14:19:18',NULL),(326,6,84,10,NULL,'2021-09-27 14:19:51','2021-09-27 14:19:51',NULL),(327,6,41,10,NULL,'2021-09-27 14:19:56','2021-09-27 14:19:56',NULL),(331,9,84,10,NULL,'2021-09-27 14:20:14','2021-09-27 14:20:14',NULL),(332,16,84,10,NULL,'2021-09-27 14:20:51','2021-09-27 14:20:51',NULL),(333,9,41,10,NULL,'2021-09-27 14:20:56','2021-09-27 14:20:56',NULL),(334,9,83,10,NULL,'2021-09-27 14:21:11','2021-09-27 14:21:11',NULL),(335,1,85,10,NULL,'2021-09-27 14:22:02','2021-09-27 14:22:02',NULL),(336,17,69,20,'users-uploads/7ZzeYGPmCbuq4MMvgeIBoEbeO8xBJq12LyZg9Krh.jpg','2021-09-27 14:22:06','2021-09-27 14:22:06',NULL),(337,16,41,10,NULL,'2021-09-27 14:22:22','2021-09-27 14:22:22',NULL),(338,16,83,10,NULL,'2021-09-27 14:22:24','2021-09-27 14:22:24',NULL),(339,6,85,10,NULL,'2021-09-27 14:22:57','2021-09-27 14:22:57',NULL),(340,9,85,10,NULL,'2021-09-27 14:23:34','2021-09-27 14:23:34',NULL),(341,16,85,10,NULL,'2021-09-27 14:24:34','2021-09-27 14:24:34',NULL),(342,14,86,0,NULL,'2021-09-27 14:32:08','2021-09-27 14:32:08',NULL),(343,1,86,10,NULL,'2021-09-27 14:32:30','2021-09-27 14:32:30',NULL),(344,6,86,10,NULL,'2021-09-27 14:32:48','2021-09-27 14:32:48',NULL),(345,9,86,10,NULL,'2021-09-27 14:33:06','2021-09-27 14:33:06',NULL),(346,17,85,20,'users-uploads/ggQ4RXXQ60C5iYBz2AKnJe2pth8WUYF81jZ6vvm8.jpg','2021-09-27 14:34:59','2021-09-27 14:34:59',NULL),(347,4,87,0,NULL,'2021-09-27 14:38:19','2021-09-27 14:38:19',NULL),(348,6,87,10,NULL,'2021-09-27 14:39:08','2021-09-27 14:39:08',NULL),(349,9,87,10,NULL,'2021-09-27 14:39:58','2021-09-27 14:39:58',NULL),(350,16,87,10,NULL,'2021-09-27 14:40:36','2021-09-27 14:40:36',NULL),(351,17,86,20,'users-uploads/B8KlGbbfocNQTtsWHjHhNXAibi4bzWgC8y3aeLXg.jpg','2021-09-27 14:41:28','2021-09-27 14:41:28',NULL),(352,17,87,20,'users-uploads/h19xbJ9ktbfs2P7j4pUHrwMMuJ9r8fRUIO0GBbT6.jpg','2021-09-27 14:41:37','2021-09-27 14:41:37',NULL),(353,1,63,10,NULL,'2021-09-27 14:42:30','2021-09-27 14:42:30',NULL),(354,6,63,10,NULL,'2021-09-27 14:43:05','2021-09-27 14:43:05',NULL),(355,9,63,10,NULL,'2021-09-27 14:43:42','2021-09-27 14:43:42',NULL),(356,16,63,10,NULL,'2021-09-27 14:45:27','2021-09-27 14:45:27',NULL),(357,6,88,10,NULL,'2021-09-27 14:48:06','2021-09-27 14:48:06',NULL),(358,1,88,10,NULL,'2021-09-27 14:48:33','2021-09-27 14:48:33',NULL),(359,9,88,10,NULL,'2021-09-27 14:49:26','2021-09-27 14:49:26',NULL),(360,16,88,10,NULL,'2021-09-27 14:50:08','2021-09-27 14:50:08',NULL),(361,17,88,20,'users-uploads/g57l98owQyGLScxMp1Hg0c4vNNq1ijFeCynDSdt8.jpg','2021-09-27 14:51:23','2021-09-27 14:51:23',NULL),(362,1,89,10,NULL,'2021-09-27 14:52:11','2021-09-27 14:52:11',NULL),(363,17,82,20,'users-uploads/9zZMZ6cOa7uvMFlFSQ6dtFa6uLsMWXNVUORmjQWM.jpg','2021-09-27 14:52:15','2021-09-27 14:52:15',NULL),(364,6,89,10,NULL,'2021-09-27 14:52:52','2021-09-27 14:52:52',NULL),(365,9,89,10,NULL,'2021-09-27 14:53:07','2021-09-27 14:53:07',NULL),(366,1,90,10,NULL,'2021-09-27 14:53:31','2021-09-27 14:53:31',NULL),(367,16,89,10,NULL,'2021-09-27 14:53:35','2021-09-27 14:53:35',NULL),(368,17,63,20,'users-uploads/BogqqAe5DSsVJhzBW1o1Ae0l39rvVxoXGa8E38Gz.jpg','2021-09-27 14:53:59','2021-09-27 14:53:59',NULL),(369,6,90,10,NULL,'2021-09-27 14:54:22','2021-09-27 14:54:22',NULL),(370,9,90,10,NULL,'2021-09-27 14:55:09','2021-09-27 14:55:09',NULL),(371,17,84,20,'users-uploads/KFVKVGovdvMOCh9mtiHEE9iE0RPBfwd2ujZajGDt.jpg','2021-09-27 14:55:51','2021-09-27 14:55:51',NULL),(372,16,90,10,NULL,'2021-09-27 14:56:07','2021-09-27 14:56:07',NULL),(373,1,78,10,NULL,'2021-09-27 14:56:41','2021-09-27 14:56:41',NULL),(374,6,78,10,NULL,'2021-09-27 14:58:00','2021-09-27 14:58:00',NULL),(375,1,91,10,NULL,'2021-09-27 14:58:28','2021-09-27 14:58:28',NULL),(376,9,78,10,NULL,'2021-09-27 14:58:47','2021-09-27 14:58:47',NULL),(377,6,91,10,NULL,'2021-09-27 14:59:01','2021-09-27 14:59:01',NULL),(378,9,91,10,NULL,'2021-09-27 14:59:27','2021-09-27 14:59:27',NULL),(379,16,91,10,NULL,'2021-09-27 15:00:00','2021-09-27 15:00:00',NULL),(380,15,78,0,NULL,'2021-09-27 15:00:35','2021-09-27 15:00:35',NULL),(381,17,91,20,'users-uploads/hosXDgThUmo8yp7MUTvqc0HmZSw7DLVDkAv4v3MZ.jpg','2021-09-27 15:01:48','2021-09-27 15:01:48',NULL),(382,17,89,20,'users-uploads/Chs03rHA2llgqym9Q4Tna4Lem9nqusWerwMhtlXN.jpg','2021-09-27 15:01:52','2021-09-27 15:01:52',NULL),(383,17,78,20,'users-uploads/uMJT3shycTt8OzjQ5UBfZnJ6mjJvefAJyauARgdy.jpg','2021-09-27 15:02:17','2021-09-27 15:02:17',NULL),(384,17,14,20,'users-uploads/4tmdUGVtL1bP2JWwXDPgedHcv2XLkzYkYw2QKOPM.jpg','2021-09-27 15:07:49','2021-09-27 15:07:49',NULL),(385,1,92,10,NULL,'2021-09-27 15:07:59','2021-09-27 15:07:59',NULL),(386,6,92,10,NULL,'2021-09-27 15:08:19','2021-09-27 15:08:19',NULL),(387,11,92,0,NULL,'2021-09-27 15:09:13','2021-09-27 15:09:13',NULL),(388,17,66,20,'users-uploads/bsnIhzlbtzpYa8eVUZzxV4bw2bC1eTSWVuyL0mlq.jpg','2021-09-27 15:10:24','2021-09-27 15:10:24',NULL),(389,16,92,10,NULL,'2021-09-27 15:11:12','2021-09-27 15:11:12',NULL),(390,1,93,10,NULL,'2021-09-27 15:12:00','2021-09-27 15:12:00',NULL),(391,6,93,10,NULL,'2021-09-27 15:12:36','2021-09-27 15:12:36',NULL),(392,9,93,10,NULL,'2021-09-27 15:12:58','2021-09-27 15:12:58',NULL),(393,16,93,10,NULL,'2021-09-27 15:13:22','2021-09-27 15:13:22',NULL),(394,17,92,20,'users-uploads/R60Pd5ANcb39R9XfK7pHI4XxKJWDpm6OgpdAdiHK.jpg','2021-09-27 15:13:40','2021-09-27 15:13:40',NULL),(395,1,94,10,NULL,'2021-09-27 15:18:15','2021-09-27 15:18:15',NULL),(396,6,94,10,NULL,'2021-09-27 15:19:08','2021-09-27 15:19:08',NULL),(397,9,94,10,NULL,'2021-09-27 15:19:40','2021-09-27 15:19:40',NULL),(398,16,94,10,NULL,'2021-09-27 15:20:09','2021-09-27 15:20:09',NULL),(399,1,96,10,NULL,'2021-09-27 15:21:39','2021-09-27 15:21:39',NULL),(400,6,96,10,NULL,'2021-09-27 15:22:01','2021-09-27 15:22:01',NULL),(401,9,96,10,NULL,'2021-09-27 15:22:11','2021-09-27 15:22:11',NULL),(402,16,96,10,NULL,'2021-09-27 15:22:34','2021-09-27 15:22:34',NULL),(403,1,97,10,NULL,'2021-09-27 15:25:04','2021-09-27 15:25:04',NULL),(404,17,94,20,'users-uploads/uEg4Be7fs0JNpNUpHdN7p8hn43BdV54BefFeRLTV.jpg','2021-09-27 15:25:25','2021-09-27 15:25:25',NULL),(405,6,97,10,NULL,'2021-09-27 15:25:39','2021-09-27 15:25:39',NULL),(406,9,97,10,NULL,'2021-09-27 15:26:06','2021-09-27 15:26:06',NULL),(407,16,97,10,NULL,'2021-09-27 15:26:20','2021-09-27 15:26:20',NULL),(408,17,97,20,'users-uploads/nuWlnzwePS5dTIIqNVwtJ3EQfQSYHhv2I1hMoz77.jpg','2021-09-27 15:28:16','2021-09-27 15:28:16',NULL),(409,17,96,20,'users-uploads/961AeTG8vQw1WB7HwwzbOQ7zucfxd8MUrIXWQTaE.jpg','2021-09-27 15:29:09','2021-09-27 15:29:09',NULL),(410,12,95,0,NULL,'2021-09-27 15:30:03','2021-09-27 15:30:03',NULL),(411,1,98,10,NULL,'2021-09-27 15:31:04','2021-09-27 15:31:04',NULL),(412,1,73,10,NULL,'2021-09-27 15:31:24','2021-09-27 15:31:24',NULL),(413,6,98,10,NULL,'2021-09-27 15:31:49','2021-09-27 15:31:49',NULL),(414,6,73,10,NULL,'2021-09-27 15:31:51','2021-09-27 15:31:51',NULL),(415,1,95,10,NULL,'2021-09-27 15:32:17','2021-09-27 15:32:17',NULL),(416,9,73,10,NULL,'2021-09-27 15:32:26','2021-09-27 15:32:26',NULL),(417,6,95,10,NULL,'2021-09-27 15:32:45','2021-09-27 15:32:45',NULL),(418,9,98,10,NULL,'2021-09-27 15:32:46','2021-09-27 15:32:46',NULL),(419,16,73,10,NULL,'2021-09-27 15:32:54','2021-09-27 15:32:54',NULL),(420,16,95,10,NULL,'2021-09-27 15:33:38','2021-09-27 15:33:38',NULL),(421,1,99,10,NULL,'2021-09-27 15:34:04','2021-09-27 15:34:04',NULL),(422,16,98,10,NULL,'2021-09-27 15:34:12','2021-09-27 15:34:12',NULL),(423,17,93,20,'users-uploads/yPryJybYc4zFJtfs26fKxSEqe5VUrMWaEUAh54EI.jpg','2021-09-27 15:34:45','2021-09-27 15:34:45',NULL),(424,8,99,0,NULL,'2021-09-27 15:36:11','2021-09-27 15:36:11',NULL),(425,17,98,20,'users-uploads/KXGodVNxIlAuD2ar9QWz87u4L2Nij4eMfLydses6.jpg','2021-09-27 15:36:28','2021-09-27 15:36:28',NULL),(426,9,99,10,NULL,'2021-09-27 15:37:14','2021-09-27 15:37:14',NULL),(427,16,99,10,NULL,'2021-09-27 15:38:13','2021-09-27 15:38:13',NULL),(428,1,100,10,NULL,'2021-09-27 15:38:47','2021-09-27 15:38:47',NULL),(429,6,100,10,NULL,'2021-09-27 15:39:20','2021-09-27 15:39:20',NULL),(430,9,100,10,NULL,'2021-09-27 15:39:49','2021-09-27 15:39:49',NULL),(431,16,100,10,NULL,'2021-09-27 15:40:43','2021-09-27 15:40:43',NULL),(432,17,100,20,'users-uploads/sHLGL7BYSCLukJAn1WAABvGx0WJlrArSUUVE5GAN.jpg','2021-09-27 15:43:24','2021-09-27 15:43:24',NULL),(433,1,101,10,NULL,'2021-09-27 15:45:29','2021-09-27 15:45:29',NULL),(434,6,101,10,NULL,'2021-09-27 15:45:54','2021-09-27 15:45:54',NULL),(435,9,101,10,NULL,'2021-09-27 15:46:02','2021-09-27 15:46:02',NULL),(436,16,101,10,NULL,'2021-09-27 15:46:11','2021-09-27 15:46:11',NULL),(437,17,95,20,'users-uploads/1OeclHKLBUfbrvjQa7x2W5TJ8jAS5DVlFcYzne0N.jpg','2021-09-27 15:47:38','2021-09-27 15:47:38',NULL),(438,17,101,20,'users-uploads/UitJyWuXJtbIqnK5NfntT7s4jRdEp3MkohLjp5YT.jpg','2021-09-27 15:47:54','2021-09-27 15:47:54',NULL),(439,17,15,20,'users-uploads/cfMeIfOkj3mQQeo5IeAk4HYhMkzMYc9mIyYJbIXD.jpg','2021-09-27 16:07:46','2021-09-27 16:07:46',NULL),(440,1,102,10,NULL,'2021-09-27 16:10:38','2021-09-27 16:10:38',NULL),(441,6,102,10,NULL,'2021-09-27 16:11:15','2021-09-27 16:11:15',NULL),(442,9,102,10,NULL,'2021-09-27 16:11:56','2021-09-27 16:11:56',NULL),(443,16,102,10,NULL,'2021-09-27 16:13:00','2021-09-27 16:13:00',NULL),(444,17,102,20,'users-uploads/upOMBUG2PLM0XcTxJdMd9qJPHV3xr2ZwwwCMVG40.jpg','2021-09-27 16:14:41','2021-09-27 16:14:41',NULL),(445,1,103,10,NULL,'2021-09-27 16:19:12','2021-09-27 16:19:12',NULL),(446,6,103,10,NULL,'2021-09-27 16:19:33','2021-09-27 16:19:33',NULL),(447,9,103,10,NULL,'2021-09-27 16:19:57','2021-09-27 16:19:57',NULL),(448,16,103,10,NULL,'2021-09-27 16:20:14','2021-09-27 16:20:14',NULL),(449,17,103,20,'users-uploads/7aaLhknGri2cZkYrmBhZCCPVr2RqpK5rYwUwGXap.jpg','2021-09-27 16:21:33','2021-09-27 16:21:33',NULL),(450,1,104,10,NULL,'2021-09-27 16:25:43','2021-09-27 16:25:43',NULL),(451,1,105,10,NULL,'2021-09-27 16:29:15','2021-09-27 16:29:15',NULL),(452,6,58,10,NULL,'2021-09-27 16:50:00','2021-09-27 16:50:00',NULL),(453,9,58,10,NULL,'2021-09-27 16:50:38','2021-09-27 16:50:38',NULL),(454,1,106,10,NULL,'2021-09-27 16:51:04','2021-09-27 16:51:04',NULL),(455,8,106,0,NULL,'2021-09-27 16:51:35','2021-09-27 16:51:35',NULL),(457,16,58,10,NULL,'2021-09-27 16:51:51','2021-09-27 16:51:51',NULL),(458,9,106,10,NULL,'2021-09-27 16:52:21','2021-09-27 16:52:21',NULL),(459,16,106,10,NULL,'2021-09-27 16:53:01','2021-09-27 16:53:01',NULL),(460,1,107,10,NULL,'2021-09-27 16:53:57','2021-09-27 16:53:57',NULL),(461,17,106,20,'users-uploads/DiH1gDX6bcOa5ywJXYaxkO5Ny4Am2hiD4PPvme5Q.jpg','2021-09-27 16:55:40','2021-09-27 16:55:40',NULL),(462,1,1,0,NULL,'2021-09-27 19:18:26','2021-09-27 19:18:26',NULL),(463,3,108,0,NULL,'2021-09-27 20:39:57','2021-09-27 20:39:57',NULL),(464,6,108,10,NULL,'2021-09-27 20:40:27','2021-09-27 20:40:27',NULL),(465,9,108,10,NULL,'2021-09-27 20:41:27','2021-09-27 20:41:27',NULL),(466,16,108,10,NULL,'2021-09-27 20:42:48','2021-09-27 20:42:48',NULL),(467,1,80,10,NULL,'2021-09-27 20:53:30','2021-09-27 20:53:30',NULL),(468,1,109,10,NULL,'2021-09-27 20:54:05','2021-09-27 20:54:05',NULL),(469,6,109,10,NULL,'2021-09-27 20:55:35','2021-09-27 20:55:35',NULL),(470,6,80,10,NULL,'2021-09-27 20:55:46','2021-09-27 20:55:46',NULL),(471,9,109,10,NULL,'2021-09-27 20:56:37','2021-09-27 20:56:37',NULL),(472,9,80,10,NULL,'2021-09-27 20:57:26','2021-09-27 20:57:26',NULL),(473,16,109,10,NULL,'2021-09-27 20:57:33','2021-09-27 20:57:33',NULL),(474,16,80,10,NULL,'2021-09-27 20:58:18','2021-09-27 20:58:18',NULL),(475,1,110,10,NULL,'2021-09-27 21:05:29','2021-09-27 21:05:29',NULL),(476,6,110,10,NULL,'2021-09-27 21:06:23','2021-09-27 21:06:23',NULL),(477,9,110,10,NULL,'2021-09-27 21:07:17','2021-09-27 21:07:17',NULL),(478,16,110,10,NULL,'2021-09-27 21:08:20','2021-09-27 21:08:20',NULL),(479,1,111,10,NULL,'2021-09-27 21:16:53','2021-09-27 21:16:53',NULL),(480,6,111,10,NULL,'2021-09-27 21:17:26','2021-09-27 21:17:26',NULL),(481,9,111,10,NULL,'2021-09-27 21:17:37','2021-09-27 21:17:37',NULL),(482,16,111,10,NULL,'2021-09-27 21:17:49','2021-09-27 21:17:49',NULL),(483,17,110,20,'users-uploads/HyP5er2wAKYXyyMM8ru6EfIo3Sf2Dh1HK1VplmhA.jpg','2021-09-27 21:24:30','2021-09-27 21:24:30',NULL),(484,1,112,10,NULL,'2021-09-27 21:44:00','2021-09-27 21:44:00',NULL),(485,6,112,10,NULL,'2021-09-27 21:44:14','2021-09-27 21:44:14',NULL),(486,9,112,10,NULL,'2021-09-27 21:44:26','2021-09-27 21:44:26',NULL),(487,16,112,10,NULL,'2021-09-27 21:44:36','2021-09-27 21:44:36',NULL),(488,17,112,20,'users-uploads/hAJ2NZVXYNPB8kN7yLHHO8CBjtbdHNwto9qdawwN.jpg','2021-09-27 21:45:53','2021-09-27 21:45:53',NULL),(489,1,114,10,NULL,'2021-09-27 21:53:53','2021-09-27 21:53:53',NULL),(490,1,113,10,NULL,'2021-09-27 21:54:32','2021-09-27 21:54:32',NULL),(491,6,114,10,NULL,'2021-09-27 21:54:51','2021-09-27 21:54:51',NULL),(492,6,113,10,NULL,'2021-09-27 21:55:27','2021-09-27 21:55:27',NULL),(493,9,114,10,NULL,'2021-09-27 21:55:30','2021-09-27 21:55:30',NULL),(494,9,113,10,NULL,'2021-09-27 21:56:05','2021-09-27 21:56:05',NULL),(495,16,113,10,NULL,'2021-09-27 21:56:40','2021-09-27 21:56:40',NULL),(496,16,114,10,NULL,'2021-09-27 21:58:50','2021-09-27 21:58:50',NULL),(497,17,113,20,'users-uploads/naZ5v9JxgA2dSxdjZ0KJB2yiK1qYyI8XkrWjET9j.jpg','2021-09-27 21:59:09','2021-09-27 21:59:09',NULL),(498,1,115,10,NULL,'2021-09-27 22:01:57','2021-09-27 22:01:57',NULL),(499,6,115,10,NULL,'2021-09-27 22:02:38','2021-09-27 22:02:38',NULL),(500,9,115,10,NULL,'2021-09-27 22:02:57','2021-09-27 22:02:57',NULL),(501,16,115,10,NULL,'2021-09-27 22:03:27','2021-09-27 22:03:27',NULL),(502,17,115,20,'users-uploads/YjK6VUxTbGxWuOECF2eLsLXWNqSO3xw6V62ean8Y.jpg','2021-09-27 22:06:24','2021-09-27 22:06:24',NULL),(503,1,116,10,NULL,'2021-09-27 22:08:14','2021-09-27 22:08:14',NULL),(504,17,114,20,'users-uploads/omq8TU4JDJQrr2WakKOBkHVP605cQI2xKz073LtY.jpg','2021-09-27 22:08:44','2021-09-27 22:08:44',NULL),(505,6,116,10,NULL,'2021-09-27 22:10:13','2021-09-27 22:10:13',NULL),(506,9,116,10,NULL,'2021-09-27 22:10:58','2021-09-27 22:10:58',NULL),(507,16,116,10,NULL,'2021-09-27 22:11:52','2021-09-27 22:11:52',NULL),(508,1,117,10,NULL,'2021-09-27 22:14:28','2021-09-27 22:14:28',NULL),(509,6,117,10,NULL,'2021-09-27 22:14:51','2021-09-27 22:14:51',NULL),(510,9,117,10,NULL,'2021-09-27 22:15:24','2021-09-27 22:15:24',NULL),(511,16,117,10,NULL,'2021-09-27 22:15:55','2021-09-27 22:15:55',NULL),(512,17,108,20,'users-uploads/doNX0QHODU9070y3l46kCXXIuX6KjVxPB7epHc3W.jpg','2021-09-27 22:17:29','2021-09-27 22:17:29',NULL),(513,1,118,10,NULL,'2021-09-27 22:41:23','2021-09-27 22:41:23',NULL),(514,6,118,10,NULL,'2021-09-27 22:41:48','2021-09-27 22:41:48',NULL),(515,9,118,10,NULL,'2021-09-27 22:42:00','2021-09-27 22:42:00',NULL),(516,16,118,10,NULL,'2021-09-27 22:42:22','2021-09-27 22:42:22',NULL),(517,17,118,20,'users-uploads/QZkuVqjp4oOQDF2w9SQMvMyiDU7ADQBAkJ2p8DBD.jpg','2021-09-27 22:43:13','2021-09-27 22:43:13',NULL),(518,17,116,20,'users-uploads/Z6t02pXhJzMYuvM2DAfyHGCkG7gIxnbmV1Ytakqw.jpg','2021-09-27 22:46:29','2021-09-27 22:46:29',NULL),(519,17,117,20,'users-uploads/iAhqxSgov6cjaGPbXlmsluZFlFdougNvqbfexizE.jpg','2021-09-27 22:47:53','2021-09-27 22:47:53',NULL),(520,1,119,10,NULL,'2021-09-28 05:41:24','2021-09-28 05:41:24',NULL),(521,6,119,10,NULL,'2021-09-28 05:41:51','2021-09-28 05:41:51',NULL),(522,9,119,10,NULL,'2021-09-28 05:42:00','2021-09-28 05:42:00',NULL),(523,16,119,10,NULL,'2021-09-28 05:42:43','2021-09-28 05:42:43',NULL),(524,17,119,20,'users-uploads/C70gfu7K2BWT5iIaXthEBSne4iJ2jnAx07u9nrNq.jpg','2021-09-28 05:46:35','2021-09-28 05:46:35',NULL),(525,1,33,10,NULL,'2021-09-28 05:51:17','2021-09-28 05:51:17',NULL),(526,6,33,10,NULL,'2021-09-28 05:52:13','2021-09-28 05:52:13',NULL),(527,6,50,10,NULL,'2021-09-28 06:08:37','2021-09-28 06:08:37',NULL),(528,9,50,10,NULL,'2021-09-28 06:09:30','2021-09-28 06:09:30',NULL),(529,16,50,10,NULL,'2021-09-28 06:10:29','2021-09-28 06:10:29',NULL),(530,1,120,10,NULL,'2021-09-28 06:22:28','2021-09-28 06:22:28',NULL),(531,1,121,10,NULL,'2021-09-28 06:22:47','2021-09-28 06:22:47',NULL),(532,8,120,0,NULL,'2021-09-28 06:23:14','2021-09-28 06:23:14',NULL),(533,6,121,10,NULL,'2021-09-28 06:23:23','2021-09-28 06:23:23',NULL),(535,9,121,10,NULL,'2021-09-28 06:23:48','2021-09-28 06:23:48',NULL),(537,16,121,10,NULL,'2021-09-28 06:23:59','2021-09-28 06:23:59',NULL),(539,11,120,0,NULL,'2021-09-28 06:24:13','2021-09-28 06:24:13',NULL),(540,16,120,10,NULL,'2021-09-28 06:25:13','2021-09-28 06:25:13',NULL),(541,17,121,20,'users-uploads/5SvEBNd2tOjsEdkQRRkHKfOC81tao8nnFxbZERxz.jpg','2021-09-28 06:26:34','2021-09-28 06:26:34',NULL),(542,17,33,20,'users-uploads/5YPCkiGQlYzuQ28Gs13LYJHyRIkDp4LnicLVpf9L.jpg','2021-09-28 06:31:13','2021-09-28 06:31:13',NULL),(543,1,27,10,NULL,'2021-09-28 06:32:31','2021-09-28 06:32:31',NULL),(544,6,27,10,NULL,'2021-09-28 06:32:41','2021-09-28 06:32:41',NULL),(546,9,27,10,NULL,'2021-09-28 06:32:49','2021-09-28 06:32:49',NULL),(547,16,27,10,NULL,'2021-09-28 06:33:00','2021-09-28 06:33:00',NULL),(548,17,27,20,'users-uploads/2wNZKzDJjQ5byebNhqlgGi9UCDwjmQG89JAqoNHF.jpg','2021-09-28 06:34:17','2021-09-28 06:34:17',NULL),(549,17,24,20,'users-uploads/BCTfl4HkG9mpY1Ev3xhE0MnyqQp0tOFsmIVrV0sI.jpg','2021-09-28 06:36:22','2021-09-28 06:36:22',NULL),(550,17,50,20,'users-uploads/iN50MMjZddNzUUZ66lIzUto6wRr6jlOxdazTi5tH.jpg','2021-09-28 06:42:50','2021-09-28 06:42:50',NULL),(551,18,52,0,NULL,'2021-09-28 06:54:33','2021-09-28 06:54:33',NULL),(552,22,52,10,NULL,'2021-09-28 06:57:24','2021-09-28 06:57:24',NULL),(553,26,52,10,NULL,'2021-09-28 06:58:26','2021-09-28 06:58:26',NULL),(555,30,52,10,NULL,'2021-09-28 06:58:53','2021-09-28 06:58:53',NULL),(557,6,10,10,NULL,'2021-09-28 07:03:44','2021-09-28 07:03:44',NULL),(558,20,72,10,NULL,'2021-09-28 07:06:37','2021-09-28 07:06:37',NULL),(559,22,72,10,NULL,'2021-09-28 07:07:11','2021-09-28 07:07:11',NULL),(560,20,15,10,NULL,'2021-09-28 07:07:17','2021-09-28 07:07:17',NULL),(561,22,15,10,NULL,'2021-09-28 07:07:56','2021-09-28 07:07:56',NULL),(562,26,15,10,NULL,'2021-09-28 07:08:33','2021-09-28 07:08:33',NULL),(563,30,15,10,NULL,'2021-09-28 07:08:49','2021-09-28 07:08:49',NULL),(564,20,11,10,NULL,'2021-09-28 07:09:22','2021-09-28 07:09:22',NULL),(565,20,54,10,NULL,'2021-09-28 07:09:49','2021-09-28 07:09:49',NULL),(566,22,11,10,NULL,'2021-09-28 07:10:14','2021-09-28 07:10:14',NULL),(567,22,54,10,NULL,'2021-09-28 07:10:30','2021-09-28 07:10:30',NULL),(568,26,11,10,NULL,'2021-09-28 07:11:02','2021-09-28 07:11:02',NULL),(569,26,54,10,NULL,'2021-09-28 07:11:06','2021-09-28 07:11:06',NULL),(570,30,11,10,NULL,'2021-09-28 07:11:18','2021-09-28 07:11:18',NULL),(571,30,54,10,NULL,'2021-09-28 07:11:19','2021-09-28 07:11:19',NULL),(572,20,7,10,NULL,'2021-09-28 07:12:45','2021-09-28 07:12:45',NULL),(573,22,7,10,NULL,'2021-09-28 07:13:23','2021-09-28 07:13:23',NULL),(574,20,9,10,NULL,'2021-09-28 07:13:28','2021-09-28 07:13:28',NULL),(575,1,123,10,NULL,'2021-09-28 07:13:42','2021-09-28 07:13:42',NULL),(576,22,9,10,NULL,'2021-09-28 07:13:59','2021-09-28 07:13:59',NULL),(577,26,7,10,NULL,'2021-09-28 07:14:05','2021-09-28 07:14:05',NULL),(578,30,7,10,NULL,'2021-09-28 07:14:21','2021-09-28 07:14:21',NULL),(579,26,9,10,NULL,'2021-09-28 07:14:33','2021-09-28 07:14:33',NULL),(580,8,123,0,NULL,'2021-09-28 07:14:42','2021-09-28 07:14:42',NULL),(581,30,9,10,NULL,'2021-09-28 07:14:47','2021-09-28 07:14:47',NULL),(582,9,123,10,NULL,'2021-09-28 07:15:27','2021-09-28 07:15:27',NULL),(583,16,123,10,NULL,'2021-09-28 07:16:16','2021-09-28 07:16:16',NULL),(584,20,6,10,NULL,'2021-09-28 07:16:32','2021-09-28 07:16:32',NULL),(585,20,22,10,NULL,'2021-09-28 07:16:55','2021-09-28 07:16:55',NULL),(586,22,6,10,NULL,'2021-09-28 07:17:09','2021-09-28 07:17:09',NULL),(587,26,6,10,NULL,'2021-09-28 07:17:29','2021-09-28 07:17:29',NULL),(588,30,6,10,NULL,'2021-09-28 07:17:39','2021-09-28 07:17:39',NULL),(589,22,22,10,NULL,'2021-09-28 07:17:41','2021-09-28 07:17:41',NULL),(590,20,18,10,NULL,'2021-09-28 07:18:25','2021-09-28 07:18:25',NULL),(591,26,22,10,NULL,'2021-09-28 07:18:37','2021-09-28 07:18:37',NULL),(592,30,22,10,NULL,'2021-09-28 07:18:58','2021-09-28 07:18:58',NULL),(593,22,18,10,NULL,'2021-09-28 07:19:09','2021-09-28 07:19:09',NULL),(594,26,18,10,NULL,'2021-09-28 07:19:32','2021-09-28 07:19:32',NULL),(595,30,18,10,NULL,'2021-09-28 07:19:43','2021-09-28 07:19:43',NULL),(596,18,21,0,NULL,'2021-09-28 07:19:59','2021-09-28 07:19:59',NULL),(597,26,72,10,NULL,'2021-09-28 07:20:36','2021-09-28 07:20:36',NULL),(598,1,124,10,NULL,'2021-09-28 07:20:42','2021-09-28 07:20:42',NULL),(599,22,21,10,NULL,'2021-09-28 07:21:14','2021-09-28 07:21:14',NULL),(600,26,21,10,NULL,'2021-09-28 07:21:49','2021-09-28 07:21:49',NULL),(601,6,124,10,NULL,'2021-09-28 07:22:02','2021-09-28 07:22:02',NULL),(602,30,21,10,NULL,'2021-09-28 07:22:03','2021-09-28 07:22:03',NULL),(603,4,122,0,NULL,'2021-09-28 07:22:38','2021-09-28 07:22:38',NULL),(604,9,124,10,NULL,'2021-09-28 07:24:28','2021-09-28 07:24:28',NULL),(605,34,18,20,'users-uploads/qyvVNXpeIU8S37XrlxTK24zveocwsp2DRO2Jppkv.jpg','2021-09-28 07:24:40','2021-09-28 07:24:40',NULL),(606,34,54,20,'users-uploads/rksvexkvJrfjkxYha6knzMkbXhtdXsWHFI85LTnn.jpg','2021-09-28 07:24:50','2021-09-28 07:24:50',NULL),(607,20,51,10,NULL,'2021-09-28 07:33:26','2021-09-28 07:33:26',NULL),(608,22,51,10,NULL,'2021-09-28 07:35:30','2021-09-28 07:35:30',NULL),(609,26,51,10,NULL,'2021-09-28 07:36:28','2021-09-28 07:36:28',NULL),(610,30,51,10,NULL,'2021-09-28 07:36:49','2021-09-28 07:36:49',NULL),(611,34,51,20,'users-uploads/hL4EzfF7vlWXQmKWukpuZ2tbFJy4xAz4HPh6CgpB.jpg','2021-09-28 07:38:54','2021-09-28 07:38:54',NULL),(612,20,12,10,NULL,'2021-09-28 07:39:20','2021-09-28 07:39:20',NULL),(613,22,12,10,NULL,'2021-09-28 07:40:31','2021-09-28 07:40:31',NULL),(614,26,12,10,NULL,'2021-09-28 07:41:14','2021-09-28 07:41:14',NULL),(615,34,5,20,'users-uploads/OroiLyyMipSUkD9QWnaUPPP0Nrkmqi58sDOFoUgO.jpg','2021-09-28 07:42:42','2021-09-28 07:42:42',NULL),(616,30,5,10,NULL,'2021-09-28 07:42:51','2021-09-28 07:42:51',NULL),(617,34,7,20,'users-uploads/R1rwmUv8xt3nHlOb3RJjbZFpmuQKsk19yaRSSenH.jpg','2021-09-28 07:44:17','2021-09-28 07:44:17',NULL),(618,30,72,10,NULL,'2021-09-28 07:44:19','2021-09-28 07:44:19',NULL),(619,30,12,10,NULL,'2021-09-28 07:45:11','2021-09-28 07:45:11',NULL),(620,27,5,0,NULL,'2021-09-28 07:45:18','2021-09-28 07:45:18',NULL),(621,20,30,10,NULL,'2021-09-28 07:45:55','2021-09-28 07:45:55',NULL),(622,22,30,10,NULL,'2021-09-28 07:46:09','2021-09-28 07:46:09',NULL),(623,26,30,10,NULL,'2021-09-28 07:46:23','2021-09-28 07:46:23',NULL),(624,30,30,10,NULL,'2021-09-28 07:46:33','2021-09-28 07:46:33',NULL),(625,34,30,20,'users-uploads/6RZqV9Jf7Pqre2QwPqBADpWIVz3vZgEdraK3BgVa.jpg','2021-09-28 07:49:30','2021-09-28 07:49:30',NULL),(626,20,25,10,NULL,'2021-09-28 07:50:50','2021-09-28 07:50:50',NULL),(627,22,25,10,NULL,'2021-09-28 07:51:28','2021-09-28 07:51:28',NULL),(629,26,25,10,NULL,'2021-09-28 07:51:52','2021-09-28 07:51:52',NULL),(630,20,19,10,NULL,'2021-09-28 07:51:55','2021-09-28 07:51:55',NULL),(631,30,25,10,NULL,'2021-09-28 07:52:09','2021-09-28 07:52:09',NULL),(632,22,19,10,NULL,'2021-09-28 07:52:30','2021-09-28 07:52:30',NULL),(633,26,19,10,NULL,'2021-09-28 07:54:46','2021-09-28 07:54:46',NULL),(634,30,19,10,NULL,'2021-09-28 07:55:26','2021-09-28 07:55:26',NULL),(635,20,24,10,NULL,'2021-09-28 07:58:33','2021-09-28 07:58:33',NULL),(636,22,24,10,NULL,'2021-09-28 07:59:34','2021-09-28 07:59:34',NULL),(637,20,34,10,NULL,'2021-09-28 08:00:08','2021-09-28 08:00:08',NULL),(638,27,24,0,NULL,'2021-09-28 08:00:41','2021-09-28 08:00:41',NULL),(639,30,24,10,NULL,'2021-09-28 08:01:07','2021-09-28 08:01:07',NULL),(640,22,34,10,NULL,'2021-09-28 08:02:14','2021-09-28 08:02:14',NULL),(641,17,42,20,'users-uploads/U0tpP6a8jPehTyBdZAhvV1ALKJ75LOEvwPX72TLK.jpg','2021-09-28 08:09:15','2021-09-28 08:09:15',NULL),(642,30,42,10,NULL,'2021-09-28 08:23:10','2021-09-28 08:23:10',NULL),(643,34,9,20,'users-uploads/ts5Obzvwwt1XK3owk0SvgDc6XDm41DgdHdfcpDfV.jpg','2021-09-28 08:30:52','2021-09-28 08:30:52',NULL),(644,20,16,10,NULL,'2021-09-28 08:33:36','2021-09-28 08:33:36',NULL),(645,20,87,10,NULL,'2021-09-28 08:35:00','2021-09-28 08:35:00',NULL),(646,24,87,0,NULL,'2021-09-28 08:35:28','2021-09-28 08:35:28',NULL),(647,20,29,10,NULL,'2021-09-28 08:43:47','2021-09-28 08:43:47',NULL),(648,22,29,10,NULL,'2021-09-28 08:44:31','2021-09-28 08:44:31',NULL),(649,26,29,10,NULL,'2021-09-28 08:44:57','2021-09-28 08:44:57',NULL),(650,30,29,10,NULL,'2021-09-28 08:45:09','2021-09-28 08:45:09',NULL),(651,22,16,10,NULL,'2021-09-28 08:50:03','2021-09-28 08:50:03',NULL),(652,26,16,10,NULL,'2021-09-28 08:50:31','2021-09-28 08:50:31',NULL),(653,30,16,10,NULL,'2021-09-28 08:50:41','2021-09-28 08:50:41',NULL),(654,27,87,0,NULL,'2021-09-28 08:55:46','2021-09-28 08:55:46',NULL),(655,30,87,10,NULL,'2021-09-28 08:56:01','2021-09-28 08:56:01',NULL),(656,34,87,20,'users-uploads/1NzSnWRVp07mOf5SnJN1e6IwvZ07P0v8VbqoYsTZ.jpg','2021-09-28 08:59:30','2021-09-28 08:59:30',NULL),(657,26,42,10,NULL,'2021-09-28 08:59:56','2021-09-28 08:59:56',NULL),(658,20,82,10,NULL,'2021-09-28 09:02:11','2021-09-28 09:02:11',NULL),(659,22,82,10,NULL,'2021-09-28 09:02:50','2021-09-28 09:02:50',NULL),(660,26,82,10,NULL,'2021-09-28 09:05:31','2021-09-28 09:05:31',NULL),(661,30,82,10,NULL,'2021-09-28 09:05:41','2021-09-28 09:05:41',NULL),(662,30,33,10,NULL,'2021-09-28 09:25:24','2021-09-28 09:25:24',NULL),(663,22,33,10,NULL,'2021-09-28 09:28:30','2021-09-28 09:28:30',NULL),(664,20,50,10,NULL,'2021-09-28 09:30:18','2021-09-28 09:30:18',NULL),(665,22,50,10,NULL,'2021-09-28 09:32:08','2021-09-28 09:32:08',NULL),(666,26,50,10,NULL,'2021-09-28 09:32:35','2021-09-28 09:32:35',NULL),(667,30,50,10,NULL,'2021-09-28 09:32:47','2021-09-28 09:32:47',NULL),(668,6,59,10,NULL,'2021-09-28 09:33:35','2021-09-28 09:33:35',NULL),(669,20,13,10,NULL,'2021-09-28 09:34:25','2021-09-28 09:34:25',NULL),(670,22,13,10,NULL,'2021-09-28 09:34:53','2021-09-28 09:34:53',NULL),(671,20,36,10,NULL,'2021-09-28 09:35:10','2021-09-28 09:35:10',NULL),(672,26,13,10,NULL,'2021-09-28 09:35:23','2021-09-28 09:35:23',NULL),(673,30,13,10,NULL,'2021-09-28 09:35:39','2021-09-28 09:35:39',NULL),(674,22,36,10,NULL,'2021-09-28 09:37:59','2021-09-28 09:37:59',NULL),(675,26,36,10,NULL,'2021-09-28 09:38:28','2021-09-28 09:38:28',NULL),(676,30,36,10,NULL,'2021-09-28 09:38:45','2021-09-28 09:38:45',NULL),(677,17,80,20,'users-uploads/2u0vj5lrzw1afUJMJAiCr2paK65k1LLSA2yqv6gU.jpg','2021-09-28 09:54:34','2021-09-28 09:54:34',NULL),(678,20,80,10,NULL,'2021-09-28 09:55:57','2021-09-28 09:55:57',NULL),(679,22,80,10,NULL,'2021-09-28 10:00:01','2021-09-28 10:00:01',NULL),(680,26,80,10,NULL,'2021-09-28 10:00:45','2021-09-28 10:00:45',NULL),(681,30,80,10,NULL,'2021-09-28 10:01:06','2021-09-28 10:01:06',NULL),(682,20,56,10,NULL,'2021-09-28 10:03:55','2021-09-28 10:03:55',NULL),(683,17,38,20,'users-uploads/iFEMdVmZmx2mouOiykxO8a9jMcGDSJqG5eM9JbWX.jpg','2021-09-28 10:04:58','2021-09-28 10:04:58',NULL),(684,18,38,0,NULL,'2021-09-28 10:08:06','2021-09-28 10:08:06',NULL),(685,18,20,0,NULL,'2021-09-28 10:08:39','2021-09-28 10:08:39',NULL),(686,22,38,10,NULL,'2021-09-28 10:08:53','2021-09-28 10:08:53',NULL),(687,22,20,10,NULL,'2021-09-28 10:09:10','2021-09-28 10:09:10',NULL),(688,26,20,10,NULL,'2021-09-28 10:09:53','2021-09-28 10:09:53',NULL),(689,30,20,10,NULL,'2021-09-28 10:10:04','2021-09-28 10:10:04',NULL),(690,26,38,10,NULL,'2021-09-28 10:10:20','2021-09-28 10:10:20',NULL),(691,30,38,10,NULL,'2021-09-28 10:10:55','2021-09-28 10:10:55',NULL),(692,20,42,10,NULL,'2021-09-28 10:13:06','2021-09-28 10:13:06',NULL),(693,20,35,10,NULL,'2021-09-28 10:21:12','2021-09-28 10:21:12',NULL),(694,23,35,0,NULL,'2021-09-28 10:22:48','2021-09-28 10:22:48',NULL),(695,20,86,10,NULL,'2021-09-28 10:23:21','2021-09-28 10:23:21',NULL),(697,26,35,10,NULL,'2021-09-28 10:24:12','2021-09-28 10:24:12',NULL),(698,30,35,10,NULL,'2021-09-28 10:24:21','2021-09-28 10:24:21',NULL),(699,22,86,10,NULL,'2021-09-28 10:24:24','2021-09-28 10:24:24',NULL),(700,26,86,10,NULL,'2021-09-28 10:25:10','2021-09-28 10:25:10',NULL),(701,30,86,10,NULL,'2021-09-28 10:25:31','2021-09-28 10:25:31',NULL),(702,6,107,10,NULL,'2021-09-28 10:27:00','2021-09-28 10:27:00',NULL),(703,9,107,10,NULL,'2021-09-28 10:27:57','2021-09-28 10:27:57',NULL),(704,16,107,10,NULL,'2021-09-28 10:28:51','2021-09-28 10:28:51',NULL),(705,34,86,20,'users-uploads/Lxl3ZQeas6u5KCsJdh5mPKDJZ6B79TzVeZxGBdiI.jpg','2021-09-28 10:32:06','2021-09-28 10:32:06',NULL),(706,20,89,10,NULL,'2021-09-28 10:34:37','2021-09-28 10:34:37',NULL),(707,20,45,10,NULL,'2021-09-28 10:34:48','2021-09-28 10:34:48',NULL),(708,22,45,10,NULL,'2021-09-28 10:35:27','2021-09-28 10:35:27',NULL),(709,22,89,10,NULL,'2021-09-28 10:35:31','2021-09-28 10:35:31',NULL),(710,26,45,10,NULL,'2021-09-28 10:35:50','2021-09-28 10:35:50',NULL),(711,30,45,10,NULL,'2021-09-28 10:36:00','2021-09-28 10:36:00',NULL),(712,26,89,10,NULL,'2021-09-28 10:36:17','2021-09-28 10:36:17',NULL),(713,30,89,10,NULL,'2021-09-28 10:36:39','2021-09-28 10:36:39',NULL),(714,34,89,20,'users-uploads/IekgSurIqgAZWRuUsfWHEW82ab9OEqcVRrKoRd5Q.jpg','2021-09-28 10:40:12','2021-09-28 10:40:12',NULL),(715,20,33,10,NULL,'2021-09-28 10:41:41','2021-09-28 10:41:41',NULL),(716,26,33,10,NULL,'2021-09-28 10:41:52','2021-09-28 10:41:52',NULL),(717,20,40,10,NULL,'2021-09-28 10:43:35','2021-09-28 10:43:35',NULL),(718,22,40,10,NULL,'2021-09-28 10:43:56','2021-09-28 10:43:56',NULL),(719,26,40,10,NULL,'2021-09-28 10:44:24','2021-09-28 10:44:24',NULL),(720,30,40,10,NULL,'2021-09-28 10:44:35','2021-09-28 10:44:35',NULL),(721,34,40,20,'users-uploads/swEhCJS7f4orLIIGkkjSChuGSl1wIQGlcnstDncx.jpg','2021-09-28 10:52:22','2021-09-28 10:52:22',NULL),(722,30,34,10,NULL,'2021-09-28 10:56:22','2021-09-28 10:56:22',NULL),(723,34,29,20,'users-uploads/BNrbyfB8yO1J8XMNZ5y7kZg7187HCfMHJqjx8bqC.jpg','2021-09-28 11:01:09','2021-09-28 11:01:09',NULL),(724,20,23,10,NULL,'2021-09-28 11:05:38','2021-09-28 11:05:38',NULL),(726,22,23,10,NULL,'2021-09-28 11:05:52','2021-09-28 11:05:52',NULL),(728,26,23,10,NULL,'2021-09-28 11:06:22','2021-09-28 11:06:22',NULL),(730,30,23,10,NULL,'2021-09-28 11:06:29','2021-09-28 11:06:29',NULL),(731,34,23,20,'users-uploads/xVVkD2MKObObhjHDQdEgU1bFhR0NDj0wEmgBtDPk.jpg','2021-09-28 11:08:52','2021-09-28 11:08:52',NULL),(732,22,56,10,NULL,'2021-09-28 11:09:52','2021-09-28 11:09:52',NULL),(733,26,56,10,NULL,'2021-09-28 11:10:19','2021-09-28 11:10:19',NULL),(734,1,125,10,NULL,'2021-09-28 11:10:22','2021-09-28 11:10:22',NULL),(735,30,56,10,NULL,'2021-09-28 11:10:27','2021-09-28 11:10:27',NULL),(736,6,125,10,NULL,'2021-09-28 11:11:06','2021-09-28 11:11:06',NULL),(737,9,125,10,NULL,'2021-09-28 11:12:01','2021-09-28 11:12:01',NULL),(738,9,10,10,NULL,'2021-09-28 11:12:14','2021-09-28 11:12:14',NULL),(739,34,56,20,'users-uploads/NrHwmcHL764csITrJSdM4VfmhRIySBn2AKLtP98l.jpg','2021-09-28 11:12:48','2021-09-28 11:12:48',NULL),(740,16,10,10,NULL,'2021-09-28 11:13:03','2021-09-28 11:13:03',NULL),(741,16,125,10,NULL,'2021-09-28 11:13:05','2021-09-28 11:13:05',NULL),(742,20,14,10,NULL,'2021-09-28 11:13:21','2021-09-28 11:13:21',NULL),(743,20,53,10,NULL,'2021-09-28 11:13:36','2021-09-28 11:13:36',NULL),(744,22,53,10,NULL,'2021-09-28 11:13:49','2021-09-28 11:13:49',NULL),(745,20,32,10,NULL,'2021-09-28 11:14:03','2021-09-28 11:14:03',NULL),(746,26,53,10,NULL,'2021-09-28 11:14:06','2021-09-28 11:14:06',NULL),(747,20,10,10,NULL,'2021-09-28 11:14:07','2021-09-28 11:14:07',NULL),(748,20,125,10,NULL,'2021-09-28 11:14:07','2021-09-28 11:14:07',NULL),(749,30,53,10,NULL,'2021-09-28 11:14:23','2021-09-28 11:14:23',NULL),(750,22,32,10,NULL,'2021-09-28 11:14:28','2021-09-28 11:14:28',NULL),(751,22,125,10,NULL,'2021-09-28 11:14:31','2021-09-28 11:14:31',NULL),(752,22,10,10,NULL,'2021-09-28 11:14:32','2021-09-28 11:14:32',NULL),(753,26,32,10,NULL,'2021-09-28 11:14:51','2021-09-28 11:14:51',NULL),(754,26,10,10,NULL,'2021-09-28 11:14:54','2021-09-28 11:14:54',NULL),(755,26,125,10,NULL,'2021-09-28 11:14:54','2021-09-28 11:14:54',NULL),(756,30,32,10,NULL,'2021-09-28 11:14:59','2021-09-28 11:14:59',NULL),(757,30,10,10,NULL,'2021-09-28 11:15:06','2021-09-28 11:15:06',NULL),(758,30,125,10,NULL,'2021-09-28 11:15:08','2021-09-28 11:15:08',NULL),(759,34,35,20,'users-uploads/CWWKTLrf1YlR3H29AvzH0snQiM6wJBCtLMftRNx5.jpg','2021-09-28 11:16:49','2021-09-28 11:16:49',NULL),(760,34,53,20,'users-uploads/2EbSzsHtjM0fZZwhwcCJRGliE7ONo4jftqSLR3lb.jpg','2021-09-28 11:17:02','2021-09-28 11:17:02',NULL),(761,22,14,10,NULL,'2021-09-28 11:18:26','2021-09-28 11:18:26',NULL),(762,22,42,10,NULL,'2021-09-28 11:18:30','2021-09-28 11:18:30',NULL),(763,26,14,10,NULL,'2021-09-28 11:19:01','2021-09-28 11:19:01',NULL),(764,30,14,10,NULL,'2021-09-28 11:19:13','2021-09-28 11:19:13',NULL),(765,20,61,10,NULL,'2021-09-28 11:19:39','2021-09-28 11:19:39',NULL),(767,22,61,10,NULL,'2021-09-28 11:19:46','2021-09-28 11:19:46',NULL),(769,26,61,10,NULL,'2021-09-28 11:20:00','2021-09-28 11:20:00',NULL),(771,30,61,10,NULL,'2021-09-28 11:20:08','2021-09-28 11:20:08',NULL),(772,18,94,0,NULL,'2021-09-28 11:24:03','2021-09-28 11:24:03',NULL),(773,34,14,20,'users-uploads/1fz1462TWDQ5mqtOHXo4FmWgZ3ggxDgfuRYW9F21.png','2021-09-28 11:26:01','2021-09-28 11:26:01',NULL),(774,34,61,20,'users-uploads/zcdYliay4w2Nk04K5GNZu8B1jTKvrAw1gCQl4wZe.jpg','2021-09-28 11:26:33','2021-09-28 11:26:33',NULL),(775,22,94,10,NULL,'2021-09-28 11:27:08','2021-09-28 11:27:08',NULL),(776,26,94,10,NULL,'2021-09-28 11:27:42','2021-09-28 11:27:42',NULL),(777,30,94,10,NULL,'2021-09-28 11:27:57','2021-09-28 11:27:57',NULL),(778,20,49,10,NULL,'2021-09-28 11:30:07','2021-09-28 11:30:07',NULL),(779,22,49,10,NULL,'2021-09-28 11:30:18','2021-09-28 11:30:18',NULL),(780,26,49,10,NULL,'2021-09-28 11:30:28','2021-09-28 11:30:28',NULL),(782,30,49,10,NULL,'2021-09-28 11:30:39','2021-09-28 11:30:39',NULL),(784,34,32,20,'users-uploads/50Lr8hGkM9tRmYXIdwrpGyewgJSVoKB0pT4E5qnC.jpg','2021-09-28 11:31:52','2021-09-28 11:31:52',NULL),(785,34,42,20,'users-uploads/KVwiVP1lHtChjBg7pPGnJkrclckiRw0KHZHZYcby.png','2021-09-28 11:32:31','2021-09-28 11:32:31',NULL),(786,34,49,20,'users-uploads/AI9vlVzeAj89xYc7a7HLqOFi005UZbZFFJCdN04v.jpg','2021-09-28 11:33:06','2021-09-28 11:33:06',NULL),(787,34,94,20,'users-uploads/fuyiKNjhZWVgVGgJ4td8jHmrTMeUkxfXyGvBpVoA.jpg','2021-09-28 11:34:55','2021-09-28 11:34:55',NULL),(788,20,92,10,NULL,'2021-09-28 11:38:30','2021-09-28 11:38:30',NULL),(789,23,92,0,NULL,'2021-09-28 11:39:23','2021-09-28 11:39:23',NULL),(790,34,52,20,'users-uploads/bRldMf3GTcFDASZaycbUccKOoX1mJp0UZ5YaRQdY.jpg','2021-09-28 11:40:17','2021-09-28 11:40:17',NULL),(791,26,92,10,NULL,'2021-09-28 11:41:26','2021-09-28 11:41:26',NULL),(792,30,92,10,NULL,'2021-09-28 11:41:43','2021-09-28 11:41:43',NULL),(793,20,26,10,NULL,'2021-09-28 11:47:25','2021-09-28 11:47:25',NULL),(794,22,26,10,NULL,'2021-09-28 11:48:47','2021-09-28 11:48:47',NULL),(795,20,66,10,NULL,'2021-09-28 11:49:12','2021-09-28 11:49:12',NULL),(796,34,92,20,'users-uploads/EARqWAf4J7Kk9uuRHyO63fsWDXpaW8dL5SXl06PO.jpg','2021-09-28 11:49:34','2021-09-28 11:49:34',NULL),(797,22,66,10,NULL,'2021-09-28 11:49:54','2021-09-28 11:49:54',NULL),(798,30,66,10,NULL,'2021-09-28 11:50:57','2021-09-28 11:50:57',NULL),(799,26,26,10,NULL,'2021-09-28 11:51:40','2021-09-28 11:51:40',NULL),(801,30,26,10,NULL,'2021-09-28 11:51:54','2021-09-28 11:51:54',NULL),(802,34,26,20,'users-uploads/nflt4hCdN5IzCsUebgvdwfv0SqmAV5j9Tv5pjlAK.jpg','2021-09-28 11:56:08','2021-09-28 11:56:08',NULL),(803,34,33,20,'users-uploads/mOL3HUbTiVQIXudzD5NC6HqbT4bd6wmFyvLqdtLX.jpg','2021-09-28 11:57:26','2021-09-28 11:57:26',NULL),(804,20,47,10,NULL,'2021-09-28 12:07:47','2021-09-28 12:07:47',NULL),(805,23,47,0,NULL,'2021-09-28 12:07:57','2021-09-28 12:07:57',NULL),(806,26,47,10,NULL,'2021-09-28 12:08:25','2021-09-28 12:08:25',NULL),(807,30,47,10,NULL,'2021-09-28 12:08:36','2021-09-28 12:08:36',NULL),(808,34,47,20,'users-uploads/DExiHbLPhPyMkhDVgNTfGsmhwINGlvpWTEyZGIbG.jpg','2021-09-28 12:10:34','2021-09-28 12:10:34',NULL),(809,34,82,20,'users-uploads/u6Q76vRA52eLoxZJZlGoikIagXkyiIFC6kAY7iIA.jpg','2021-09-28 12:13:09','2021-09-28 12:13:09',NULL),(810,20,95,10,NULL,'2021-09-28 12:24:28','2021-09-28 12:24:28',NULL),(811,22,95,10,NULL,'2021-09-28 12:26:51','2021-09-28 12:26:51',NULL),(812,26,95,10,NULL,'2021-09-28 12:27:50','2021-09-28 12:27:50',NULL),(813,30,95,10,NULL,'2021-09-28 12:28:51','2021-09-28 12:28:51',NULL),(814,20,48,10,NULL,'2021-09-28 12:29:44','2021-09-28 12:29:44',NULL),(815,20,4,10,NULL,'2021-09-28 12:29:49','2021-09-28 12:29:49',NULL),(816,22,48,10,NULL,'2021-09-28 12:30:12','2021-09-28 12:30:12',NULL),(817,22,4,10,NULL,'2021-09-28 12:30:12','2021-09-28 12:30:12',NULL),(818,26,48,10,NULL,'2021-09-28 12:30:41','2021-09-28 12:30:41',NULL),(819,26,4,10,NULL,'2021-09-28 12:30:41','2021-09-28 12:30:41',NULL),(820,30,4,10,NULL,'2021-09-28 12:30:52','2021-09-28 12:30:52',NULL),(821,30,48,10,NULL,'2021-09-28 12:30:53','2021-09-28 12:30:53',NULL),(824,34,4,20,'users-uploads/1ZdWbJhxrBE2gsCE1RqWpAxiXbGyiaj89PYoNHlQ.jpg','2021-09-28 12:32:53','2021-09-28 12:32:53',NULL),(825,34,48,20,'users-uploads/NHXD8EFH7h9zYdOOGCNdqojS09nkllNLQiv3G4E3.jpg','2021-09-28 12:33:04','2021-09-28 12:33:04',NULL),(826,26,34,10,NULL,'2021-09-28 12:51:07','2021-09-28 12:51:07',NULL),(827,20,43,10,NULL,'2021-09-28 12:51:22','2021-09-28 12:51:22',NULL),(828,22,43,10,NULL,'2021-09-28 12:51:52','2021-09-28 12:51:52',NULL),(829,26,43,10,NULL,'2021-09-28 12:52:13','2021-09-28 12:52:13',NULL),(830,30,43,10,NULL,'2021-09-28 12:52:38','2021-09-28 12:52:38',NULL),(831,34,43,20,'users-uploads/zrwDDaStsq01I62PIMbvSY6lpCCesWkYb4MuO3f5.jpg','2021-09-28 12:58:56','2021-09-28 12:58:56',NULL),(832,34,25,20,'users-uploads/w5jBU8IgVSTSfFzSbL7PsC4sxCN2jmd8V4cvB4dt.jpg','2021-09-28 13:02:00','2021-09-28 13:02:00',NULL),(833,34,36,20,'users-uploads/cOgJtjKJBaA3O7zCLMZPL52Tv8VYGQe8nW7Jf6e0.jpg','2021-09-28 13:04:57','2021-09-28 13:04:57',NULL),(834,20,27,10,NULL,'2021-09-28 13:05:26','2021-09-28 13:05:26',NULL),(835,22,27,10,NULL,'2021-09-28 13:06:20','2021-09-28 13:06:20',NULL),(836,30,27,10,NULL,'2021-09-28 13:08:01','2021-09-28 13:08:01',NULL),(837,34,27,20,'users-uploads/6CoUtaLdgMrNoTi1hdmEKvkuBufj7zIpH6UJkC7I.jpg','2021-09-28 13:10:00','2021-09-28 13:10:00',NULL),(838,26,27,10,NULL,'2021-09-28 13:11:35','2021-09-28 13:11:35',NULL),(839,34,38,20,'users-uploads/VTpWfh2OzsZZ14kEcPq7GAsH7lG9PaItYg7fGE68.png','2021-09-28 13:12:56','2021-09-28 13:12:56',NULL),(840,20,121,10,NULL,'2021-09-28 13:14:21','2021-09-28 13:14:21',NULL),(841,22,121,10,NULL,'2021-09-28 13:14:35','2021-09-28 13:14:35',NULL),(842,34,50,20,'users-uploads/zYzRyOo5Z2Umk4ys80GKC6HkQQnjkHUrZt712ZN3.jpg','2021-09-28 13:14:44','2021-09-28 13:14:44',NULL),(843,26,121,10,NULL,'2021-09-28 13:14:50','2021-09-28 13:14:50',NULL),(844,30,121,10,NULL,'2021-09-28 13:14:57','2021-09-28 13:14:57',NULL),(845,34,121,20,'users-uploads/7Fu1rbEkVV3qU6TVKuDzM91niihsjpwvc8vj1zwi.jpg','2021-09-28 13:16:13','2021-09-28 13:16:13',NULL),(846,20,63,10,NULL,'2021-09-28 13:19:26','2021-09-28 13:19:26',NULL),(847,22,63,10,NULL,'2021-09-28 13:19:34','2021-09-28 13:19:34',NULL),(848,26,63,10,NULL,'2021-09-28 13:19:43','2021-09-28 13:19:43',NULL),(849,30,63,10,NULL,'2021-09-28 13:19:58','2021-09-28 13:19:58',NULL),(850,34,95,20,'users-uploads/Rlpz4BvIkSCvZQJYG19GeBPcb11Yd3kuA4COP9d0.jpg','2021-09-28 13:21:59','2021-09-28 13:21:59',NULL),(851,20,44,10,NULL,'2021-09-28 13:22:26','2021-09-28 13:22:26',NULL),(852,22,44,10,NULL,'2021-09-28 13:22:51','2021-09-28 13:22:51',NULL),(853,26,44,10,NULL,'2021-09-28 13:23:02','2021-09-28 13:23:02',NULL),(854,30,44,10,NULL,'2021-09-28 13:23:07','2021-09-28 13:23:07',NULL),(855,20,41,10,NULL,'2021-09-28 13:23:16','2021-09-28 13:23:16',NULL),(856,23,41,0,NULL,'2021-09-28 13:24:00','2021-09-28 13:24:00',NULL),(857,27,41,0,NULL,'2021-09-28 13:25:09','2021-09-28 13:25:09',NULL),(858,30,41,10,NULL,'2021-09-28 13:25:24','2021-09-28 13:25:24',NULL),(859,18,62,0,NULL,'2021-09-28 13:32:43','2021-09-28 13:32:43',NULL),(860,9,59,10,NULL,'2021-09-28 13:33:19','2021-09-28 13:33:19',NULL),(861,20,100,10,NULL,'2021-09-28 13:33:42','2021-09-28 13:33:42',NULL),(862,22,62,10,NULL,'2021-09-28 13:33:43','2021-09-28 13:33:43',NULL),(863,22,100,10,NULL,'2021-09-28 13:33:50','2021-09-28 13:33:50',NULL),(864,16,59,10,NULL,'2021-09-28 13:33:54','2021-09-28 13:33:54',NULL),(865,26,100,10,NULL,'2021-09-28 13:34:03','2021-09-28 13:34:03',NULL),(866,30,100,10,NULL,'2021-09-28 13:34:11','2021-09-28 13:34:11',NULL),(867,20,65,10,NULL,'2021-09-28 13:34:12','2021-09-28 13:34:12',NULL),(868,20,59,10,NULL,'2021-09-28 13:34:24','2021-09-28 13:34:24',NULL),(869,26,62,10,NULL,'2021-09-28 13:34:44','2021-09-28 13:34:44',NULL),(870,22,59,10,NULL,'2021-09-28 13:34:45','2021-09-28 13:34:45',NULL),(871,22,65,10,NULL,'2021-09-28 13:34:48','2021-09-28 13:34:48',NULL),(872,30,62,10,NULL,'2021-09-28 13:35:02','2021-09-28 13:35:02',NULL),(873,26,59,10,NULL,'2021-09-28 13:35:02','2021-09-28 13:35:02',NULL),(874,30,59,10,NULL,'2021-09-28 13:35:10','2021-09-28 13:35:10',NULL),(875,26,65,10,NULL,'2021-09-28 13:35:26','2021-09-28 13:35:26',NULL),(876,30,65,10,NULL,'2021-09-28 13:35:51','2021-09-28 13:35:51',NULL),(877,34,100,20,'users-uploads/9mYkkFCAamR9jY6U6Ptv8dJ3JADln6QUI58w2XzP.jpg','2021-09-28 13:36:01','2021-09-28 13:36:01',NULL),(878,20,69,10,NULL,'2021-09-28 13:40:03','2021-09-28 13:40:03',NULL),(879,1,126,10,NULL,'2021-09-28 13:40:05','2021-09-28 13:40:05',NULL),(880,6,126,10,NULL,'2021-09-28 13:40:47','2021-09-28 13:40:47',NULL),(881,22,69,10,NULL,'2021-09-28 13:41:01','2021-09-28 13:41:01',NULL),(882,9,126,10,NULL,'2021-09-28 13:41:38','2021-09-28 13:41:38',NULL),(883,26,69,10,NULL,'2021-09-28 13:42:12','2021-09-28 13:42:12',NULL),(884,30,69,10,NULL,'2021-09-28 13:42:39','2021-09-28 13:42:39',NULL),(885,16,126,10,NULL,'2021-09-28 13:42:41','2021-09-28 13:42:41',NULL),(886,20,68,10,NULL,'2021-09-28 13:44:17','2021-09-28 13:44:17',NULL),(887,20,71,10,NULL,'2021-09-28 13:45:00','2021-09-28 13:45:00',NULL),(888,22,68,10,NULL,'2021-09-28 13:45:09','2021-09-28 13:45:09',NULL),(889,22,71,10,NULL,'2021-09-28 13:45:24','2021-09-28 13:45:24',NULL),(890,26,71,10,NULL,'2021-09-28 13:45:37','2021-09-28 13:45:37',NULL),(891,26,68,10,NULL,'2021-09-28 13:45:47','2021-09-28 13:45:47',NULL),(892,30,71,10,NULL,'2021-09-28 13:46:02','2021-09-28 13:46:02',NULL),(893,20,85,10,NULL,'2021-09-28 13:46:03','2021-09-28 13:46:03',NULL),(894,32,68,0,NULL,'2021-09-28 13:46:10','2021-09-28 13:46:10',NULL),(895,22,85,10,NULL,'2021-09-28 13:46:42','2021-09-28 13:46:42',NULL),(896,26,85,10,NULL,'2021-09-28 13:47:10','2021-09-28 13:47:10',NULL),(897,34,68,20,'users-uploads/ScZxvciioA0LgqE31QStkEac4F2PCj6Dw6GNGf3O.jpg','2021-09-28 13:47:20','2021-09-28 13:47:20',NULL),(898,30,85,10,NULL,'2021-09-28 13:47:24','2021-09-28 13:47:24',NULL),(899,20,64,10,NULL,'2021-09-28 13:50:23','2021-09-28 13:50:23',NULL),(900,20,126,10,NULL,'2021-09-28 13:50:44','2021-09-28 13:50:44',NULL),(901,22,64,10,NULL,'2021-09-28 13:50:52','2021-09-28 13:50:52',NULL),(902,26,64,10,NULL,'2021-09-28 13:51:15','2021-09-28 13:51:15',NULL),(903,30,64,10,NULL,'2021-09-28 13:51:24','2021-09-28 13:51:24',NULL),(904,22,126,10,NULL,'2021-09-28 13:51:33','2021-09-28 13:51:33',NULL),(905,34,85,20,'users-uploads/h6eLQjerPw7j89vBWdGi3UclReKL10LVL6BArmcP.jpg','2021-09-28 13:51:53','2021-09-28 13:51:53',NULL),(906,26,126,10,NULL,'2021-09-28 13:52:06','2021-09-28 13:52:06',NULL),(907,26,66,10,NULL,'2021-09-28 13:52:20','2021-09-28 13:52:20',NULL),(908,30,126,10,NULL,'2021-09-28 13:52:22','2021-09-28 13:52:22',NULL),(909,34,66,20,'users-uploads/fDOgB9mTB0kn8S9FNdBdJ0isdq7JFXIwbsJAJ3ag.jpg','2021-09-28 13:52:37','2021-09-28 13:52:37',NULL),(910,20,98,10,NULL,'2021-09-28 13:59:33','2021-09-28 13:59:33',NULL),(911,22,98,10,NULL,'2021-09-28 14:01:24','2021-09-28 14:01:24',NULL),(912,26,98,10,NULL,'2021-09-28 14:02:46','2021-09-28 14:02:46',NULL),(913,30,98,10,NULL,'2021-09-28 14:03:15','2021-09-28 14:03:15',NULL),(914,34,98,20,'users-uploads/DAC8wkTGqYoThFX8RChk8rHM9JIsXFWpqIMIxFNc.jpg','2021-09-28 14:07:10','2021-09-28 14:07:10',NULL),(915,34,69,20,'users-uploads/KdFLJYGP1oU94KgxM85rAQ3ThuxuUvTN6pHyVJ9I.jpg','2021-09-28 14:09:20','2021-09-28 14:09:20',NULL),(916,34,64,20,'users-uploads/ipUrv3jC7JcWRuQkKA1fHzS8VdFBXQ52AcEagXwy.jpg','2021-09-28 14:34:43','2021-09-28 14:34:43',NULL),(917,17,99,20,'users-uploads/4ZaCZjXhMyTlXd0E8y8bjJKsmHSaPZVD75w2gdMz.jpg','2021-09-28 14:47:31','2021-09-28 14:47:31',NULL),(918,20,99,10,NULL,'2021-09-28 14:48:19','2021-09-28 14:48:19',NULL),(919,22,99,10,NULL,'2021-09-28 14:48:52','2021-09-28 14:48:52',NULL),(920,26,99,10,NULL,'2021-09-28 14:49:27','2021-09-28 14:49:27',NULL),(921,30,99,10,NULL,'2021-09-28 14:49:51','2021-09-28 14:49:51',NULL),(922,34,34,20,'users-uploads/Xl94uNQx6TeSyZyljFaUWm0k0tnmXlpckX1Xz4aM.jpg','2021-09-28 15:45:57','2021-09-28 15:45:57',NULL),(923,34,22,20,'users-uploads/rcpyhaIkZV8Zxpx2C07wGCYsVCKRNhDdUAeX2dzj.jpg','2021-09-28 16:00:19','2021-09-28 16:00:19',NULL),(924,34,63,20,'users-uploads/ba8Kgu6cMpOrGOOewthpuohzdcE358z0gUveLIta.jpg','2021-09-28 16:06:31','2021-09-28 16:06:31',NULL),(925,18,97,0,NULL,'2021-09-28 16:17:10','2021-09-28 16:17:10',NULL),(926,20,96,10,NULL,'2021-09-28 16:20:48','2021-09-28 16:20:48',NULL),(927,22,96,10,NULL,'2021-09-28 16:21:17','2021-09-28 16:21:17',NULL),(928,18,91,0,NULL,'2021-09-28 16:21:30','2021-09-28 16:21:30',NULL),(929,26,96,10,NULL,'2021-09-28 16:21:36','2021-09-28 16:21:36',NULL),(930,30,96,10,NULL,'2021-09-28 16:21:48','2021-09-28 16:21:48',NULL),(931,22,91,10,NULL,'2021-09-28 16:22:14','2021-09-28 16:22:14',NULL),(932,26,91,10,NULL,'2021-09-28 16:22:57','2021-09-28 16:22:57',NULL),(933,30,91,10,NULL,'2021-09-28 16:23:08','2021-09-28 16:23:08',NULL),(934,34,96,20,'users-uploads/5kXnF7Z3AvU9OBJqsaaiaqGhsvizh6MOpSUyVDff.jpg','2021-09-28 16:25:08','2021-09-28 16:25:08',NULL),(935,20,57,10,NULL,'2021-09-28 16:26:08','2021-09-28 16:26:08',NULL),(936,22,57,10,NULL,'2021-09-28 16:26:29','2021-09-28 16:26:29',NULL),(937,27,57,0,NULL,'2021-09-28 16:26:45','2021-09-28 16:26:45',NULL),(938,30,57,10,NULL,'2021-09-28 16:27:03','2021-09-28 16:27:03',NULL),(939,34,57,20,'users-uploads/rDTeE2MkE6PorFS8XMweE1n8YUVQAuSn5nTk0a9e.jpg','2021-09-28 16:29:07','2021-09-28 16:29:07',NULL),(940,9,5,10,NULL,'2021-09-28 16:30:55','2021-09-28 16:30:55',NULL),(941,15,5,0,NULL,'2021-09-28 16:31:13','2021-09-28 16:31:13',NULL),(942,22,97,10,NULL,'2021-09-28 16:33:51','2021-09-28 16:33:51',NULL),(943,6,77,10,NULL,'2021-09-28 16:34:59','2021-09-28 16:34:59',NULL),(944,26,97,10,NULL,'2021-09-28 16:35:09','2021-09-28 16:35:09',NULL),(945,34,91,20,'users-uploads/ej8F1dbnfDbdJ0knWoijZkqQYo4KSp6rXEVSp1ny.jpg','2021-09-28 16:35:31','2021-09-28 16:35:31',NULL),(946,30,97,10,NULL,'2021-09-28 16:35:37','2021-09-28 16:35:37',NULL),(947,9,77,10,NULL,'2021-09-28 16:36:16','2021-09-28 16:36:16',NULL),(948,16,77,10,NULL,'2021-09-28 16:36:31','2021-09-28 16:36:31',NULL),(949,6,122,10,NULL,'2021-09-28 16:36:45','2021-09-28 16:36:45',NULL),(950,9,122,10,NULL,'2021-09-28 16:37:51','2021-09-28 16:37:51',NULL),(951,16,122,10,NULL,'2021-09-28 16:38:59','2021-09-28 16:38:59',NULL),(952,17,77,20,'users-uploads/g9qBmP2wu5qXES0ieTgGKYOd2GL74mcrofupIGYz.jpg','2021-09-28 16:39:20','2021-09-28 16:39:20',NULL),(953,34,97,20,'users-uploads/5RbhYqaM2XrK44vv7lfTxsOG78ct3A1ag81cdIkG.jpg','2021-09-28 16:39:27','2021-09-28 16:39:27',NULL),(954,20,77,10,NULL,'2021-09-28 16:39:34','2021-09-28 16:39:34',NULL),(955,22,77,10,NULL,'2021-09-28 16:39:48','2021-09-28 16:39:48',NULL),(956,26,77,10,NULL,'2021-09-28 16:40:49','2021-09-28 16:40:49',NULL),(957,30,77,10,NULL,'2021-09-28 16:40:56','2021-09-28 16:40:56',NULL),(958,34,11,20,'users-uploads/20WQFpgHLelPK3mIkS73IXtIxLonqv0CfVBTwXEo.jpg','2021-09-28 16:46:38','2021-09-28 16:46:38',NULL),(959,34,6,20,'users-uploads/CV38InpxLhE7pHJvtGt3ig3d0WSGabwXJml5foVQ.jpg','2021-09-28 16:48:40','2021-09-28 16:48:40',NULL),(960,20,110,10,NULL,'2021-09-28 17:02:40','2021-09-28 17:02:40',NULL),(961,20,78,10,NULL,'2021-09-28 17:07:08','2021-09-28 17:07:08',NULL),(962,22,78,10,NULL,'2021-09-28 17:07:37','2021-09-28 17:07:37',NULL),(963,27,78,0,NULL,'2021-09-28 17:08:36','2021-09-28 17:08:36',NULL),(964,30,78,10,NULL,'2021-09-28 17:08:55','2021-09-28 17:08:55',NULL),(965,34,78,20,'users-uploads/ateEzrRnnvGvyq4Or5Fvp3bdxqP79YLeSQ7vf4IZ.mp4','2021-09-28 17:09:56','2021-09-28 17:09:56',NULL),(966,22,110,10,NULL,'2021-09-28 17:17:05','2021-09-28 17:17:05',NULL),(967,26,110,10,NULL,'2021-09-28 17:17:57','2021-09-28 17:17:57',NULL),(968,30,110,10,NULL,'2021-09-28 17:18:16','2021-09-28 17:18:16',NULL),(969,20,55,10,NULL,'2021-09-28 17:29:06','2021-09-28 17:29:06',NULL),(970,22,55,10,NULL,'2021-09-28 17:29:42','2021-09-28 17:29:42',NULL),(971,26,55,10,NULL,'2021-09-28 17:30:49','2021-09-28 17:30:49',NULL),(972,30,55,10,NULL,'2021-09-28 17:31:00','2021-09-28 17:31:00',NULL),(973,34,55,20,'users-uploads/0PXogexoAeVQXERXZEdPTuoUtjr6FxRVKzUpcBlt.jpg','2021-09-28 17:40:20','2021-09-28 17:40:20',NULL),(974,20,111,10,NULL,'2021-09-28 17:42:45','2021-09-28 17:42:45',NULL),(975,20,102,10,NULL,'2021-09-28 17:43:31','2021-09-28 17:43:31',NULL),(976,22,102,10,NULL,'2021-09-28 17:43:50','2021-09-28 17:43:50',NULL),(977,22,111,10,NULL,'2021-09-28 17:44:04','2021-09-28 17:44:04',NULL),(978,26,102,10,NULL,'2021-09-28 17:44:16','2021-09-28 17:44:16',NULL),(979,30,102,10,NULL,'2021-09-28 17:44:33','2021-09-28 17:44:33',NULL),(980,26,111,10,NULL,'2021-09-28 17:44:46','2021-09-28 17:44:46',NULL),(981,30,111,10,NULL,'2021-09-28 17:44:59','2021-09-28 17:44:59',NULL),(982,34,102,20,'users-uploads/R9tB6UEqHpFjICnc6vxyP2Ac3sIX9pS64zbwSVRn.jpg','2021-09-28 17:47:34','2021-09-28 17:47:34',NULL),(983,20,101,10,NULL,'2021-09-28 17:49:05','2021-09-28 17:49:05',NULL),(984,22,101,10,NULL,'2021-09-28 17:49:12','2021-09-28 17:49:12',NULL),(985,26,101,10,NULL,'2021-09-28 17:49:24','2021-09-28 17:49:24',NULL),(986,30,101,10,NULL,'2021-09-28 17:49:30','2021-09-28 17:49:30',NULL),(987,34,101,20,'users-uploads/6Iqi3yvbryIVMVIEqYPIFBbhPGH05AQNuI5zLNs4.jpg','2021-09-28 17:50:44','2021-09-28 17:50:44',NULL),(988,20,70,10,NULL,'2021-09-28 17:55:15','2021-09-28 17:55:15',NULL),(989,22,70,10,NULL,'2021-09-28 17:55:43','2021-09-28 17:55:43',NULL),(990,26,70,10,NULL,'2021-09-28 17:56:29','2021-09-28 17:56:29',NULL),(991,30,70,10,NULL,'2021-09-28 17:56:41','2021-09-28 17:56:41',NULL),(992,34,70,20,'users-uploads/iiMM5HwiepOajDeMW5rhIfVvxqeIjFYYTnKGTDC6.jpg','2021-09-28 17:58:28','2021-09-28 17:58:28',NULL),(993,20,113,10,NULL,'2021-09-28 18:26:23','2021-09-28 18:26:23',NULL),(994,22,113,10,NULL,'2021-09-28 18:26:40','2021-09-28 18:26:40',NULL),(995,26,113,10,NULL,'2021-09-28 18:27:01','2021-09-28 18:27:01',NULL),(996,30,113,10,NULL,'2021-09-28 18:27:07','2021-09-28 18:27:07',NULL),(997,34,113,20,'users-uploads/ljsdJw9k4tA1iBdBYldvx5iMIKVLN5ff96DlLTlN.jpg','2021-09-28 18:27:22','2021-09-28 18:27:22',NULL),(998,20,112,10,NULL,'2021-09-28 18:34:54','2021-09-28 18:34:54',NULL),(999,22,112,10,NULL,'2021-09-28 18:35:02','2021-09-28 18:35:02',NULL),(1000,26,112,10,NULL,'2021-09-28 18:35:13','2021-09-28 18:35:13',NULL),(1001,30,112,10,NULL,'2021-09-28 18:35:19','2021-09-28 18:35:19',NULL),(1002,34,112,20,'users-uploads/X94qd3cLZsUkjHXKEilvkVPNr3dtWchQKH3EYfwI.jpg','2021-09-28 18:37:07','2021-09-28 18:37:07',NULL),(1003,20,103,10,NULL,'2021-09-28 19:59:06','2021-09-28 19:59:06',NULL),(1004,22,103,10,NULL,'2021-09-28 19:59:23','2021-09-28 19:59:23',NULL),(1005,26,103,10,NULL,'2021-09-28 19:59:37','2021-09-28 19:59:37',NULL),(1006,30,103,10,NULL,'2021-09-28 19:59:50','2021-09-28 19:59:50',NULL),(1007,34,103,20,'users-uploads/Xon0oOE5YYGQYK55VfNR9v6Ybo6Q8fCN3Ipsj1OB.jpg','2021-09-28 20:02:30','2021-09-28 20:02:30',NULL),(1008,1,127,10,NULL,'2021-09-28 20:19:38','2021-09-28 20:19:38',NULL),(1009,6,127,10,NULL,'2021-09-28 20:21:21','2021-09-28 20:21:21',NULL),(1010,9,127,10,NULL,'2021-09-28 20:22:18','2021-09-28 20:22:18',NULL),(1011,16,127,10,NULL,'2021-09-28 20:24:48','2021-09-28 20:24:48',NULL),(1012,18,127,0,NULL,'2021-09-28 20:26:50','2021-09-28 20:26:50',NULL),(1013,22,127,10,NULL,'2021-09-28 20:28:58','2021-09-28 20:28:58',NULL),(1014,26,127,10,NULL,'2021-09-28 20:29:33','2021-09-28 20:29:33',NULL),(1015,30,127,10,NULL,'2021-09-28 20:29:44','2021-09-28 20:29:44',NULL),(1016,20,74,10,NULL,'2021-09-28 20:32:10','2021-09-28 20:32:10',NULL),(1017,22,74,10,NULL,'2021-09-28 20:33:23','2021-09-28 20:33:23',NULL),(1018,26,74,10,NULL,'2021-09-28 20:34:25','2021-09-28 20:34:25',NULL),(1019,30,74,10,NULL,'2021-09-28 20:34:38','2021-09-28 20:34:38',NULL),(1020,17,75,20,'users-uploads/m9EGnHSUkaWVs7gSvYKfEYW1eW934pBmHM78Bvad.jpg','2021-09-28 20:47:29','2021-09-28 20:47:29',NULL),(1021,34,65,20,'users-uploads/jKa0pDQIljwPsE2qrz56GePiKEN9fj7wZdBxq0XI.jpg','2021-09-28 20:47:55','2021-09-28 20:47:55',NULL),(1022,20,75,10,NULL,'2021-09-28 20:49:03','2021-09-28 20:49:03',NULL),(1023,22,75,10,NULL,'2021-09-28 20:49:25','2021-09-28 20:49:25',NULL),(1024,26,75,10,NULL,'2021-09-28 20:50:14','2021-09-28 20:50:14',NULL),(1025,30,75,10,NULL,'2021-09-28 20:50:29','2021-09-28 20:50:29',NULL),(1026,34,75,20,'users-uploads/zLK70QVN8GAji9jZtE4KKHhrmVchT2vJl6weTqy0.jpg','2021-09-28 20:51:01','2021-09-28 20:51:01',NULL),(1027,20,88,10,NULL,'2021-09-28 20:55:06','2021-09-28 20:55:06',NULL),(1028,22,88,10,NULL,'2021-09-28 20:55:19','2021-09-28 20:55:19',NULL),(1029,26,88,10,NULL,'2021-09-28 20:55:40','2021-09-28 20:55:40',NULL),(1030,30,88,10,NULL,'2021-09-28 20:55:49','2021-09-28 20:55:49',NULL),(1031,34,88,20,'users-uploads/ggtDySQ0odCS5MNzEQfZFXd7JhpMROTGT5Yge9yI.jpg','2021-09-28 21:00:48','2021-09-28 21:00:48',NULL),(1032,34,110,20,'users-uploads/WemebmGdfCNAWQWkdETaz7aJe2rybIFqi2xILBaA.jpg','2021-09-28 21:02:43','2021-09-28 21:02:43',NULL),(1033,20,93,10,NULL,'2021-09-28 21:06:02','2021-09-28 21:06:02',NULL),(1034,22,93,10,NULL,'2021-09-28 21:06:16','2021-09-28 21:06:16',NULL),(1035,26,93,10,NULL,'2021-09-28 21:06:34','2021-09-28 21:06:34',NULL),(1036,30,93,10,NULL,'2021-09-28 21:06:45','2021-09-28 21:06:45',NULL),(1037,20,108,10,NULL,'2021-09-28 21:24:05','2021-09-28 21:24:05',NULL),(1038,22,108,10,NULL,'2021-09-28 21:25:01','2021-09-28 21:25:01',NULL),(1039,27,108,0,NULL,'2021-09-28 21:26:34','2021-09-28 21:26:34',NULL),(1040,30,108,10,NULL,'2021-09-28 21:26:55','2021-09-28 21:26:55',NULL),(1041,34,108,20,'users-uploads/EZyBe6EAcW0y98Ul1mIKSCH7XKW97K1QnVLTUx3M.jpg','2021-09-28 21:28:41','2021-09-28 21:28:41',NULL),(1042,34,71,20,'users-uploads/j54ql81L7oL9iepV7HkurrgAJJyCf7aeE8l2DHHZ.jpg','2021-09-28 21:30:13','2021-09-28 21:30:13',NULL),(1043,34,93,20,'users-uploads/NKhKFVoIAyIbO0xAp7Y47KWV6hlrZV9DYfJMRd1s.jpg','2021-09-28 21:39:54','2021-09-28 21:39:54',NULL),(1044,20,84,10,NULL,'2021-09-28 21:42:06','2021-09-28 21:42:06',NULL),(1045,22,84,10,NULL,'2021-09-28 21:42:12','2021-09-28 21:42:12',NULL),(1046,26,84,10,NULL,'2021-09-28 21:42:19','2021-09-28 21:42:19',NULL),(1047,30,84,10,NULL,'2021-09-28 21:42:26','2021-09-28 21:42:26',NULL),(1048,34,84,20,'users-uploads/JAjnW7y2r9FlMT1VkXWVMDNh6Oc9aS5ZPZithBWs.jpg','2021-09-28 21:44:03','2021-09-28 21:44:03',NULL),(1049,20,115,10,NULL,'2021-09-28 21:53:15','2021-09-28 21:53:15',NULL),(1050,22,115,10,NULL,'2021-09-28 21:53:30','2021-09-28 21:53:30',NULL),(1051,26,115,10,NULL,'2021-09-28 21:54:10','2021-09-28 21:54:10',NULL),(1052,30,115,10,NULL,'2021-09-28 21:54:20','2021-09-28 21:54:20',NULL),(1053,20,114,10,NULL,'2021-09-28 21:56:52','2021-09-28 21:56:52',NULL),(1054,22,114,10,NULL,'2021-09-28 21:57:08','2021-09-28 21:57:08',NULL),(1055,26,114,10,NULL,'2021-09-28 21:57:20','2021-09-28 21:57:20',NULL),(1056,30,114,10,NULL,'2021-09-28 21:57:42','2021-09-28 21:57:42',NULL),(1057,20,119,10,NULL,'2021-09-28 22:29:57','2021-09-28 22:29:57',NULL),(1058,22,119,10,NULL,'2021-09-28 22:30:28','2021-09-28 22:30:28',NULL),(1059,26,119,10,NULL,'2021-09-28 22:30:43','2021-09-28 22:30:43',NULL),(1060,30,119,10,NULL,'2021-09-28 22:30:54','2021-09-28 22:30:54',NULL),(1061,34,119,20,'users-uploads/uSgdnlgX8ApHrelJMlg7F2dG9WhrGLnG7t4u1XKu.jpg','2021-09-28 22:55:51','2021-09-28 22:55:51',NULL),(1062,34,115,20,'users-uploads/3T1bOiSXdoflCFASTsBpvN7c470yGYojfQd5BW3V.jpg','2021-09-28 23:18:01','2021-09-28 23:18:01',NULL),(1063,20,117,10,NULL,'2021-09-28 23:29:14','2021-09-28 23:29:14',NULL),(1064,22,117,10,NULL,'2021-09-28 23:29:33','2021-09-28 23:29:33',NULL),(1065,26,117,10,NULL,'2021-09-28 23:29:42','2021-09-28 23:29:42',NULL),(1066,30,117,10,NULL,'2021-09-28 23:29:53','2021-09-28 23:29:53',NULL),(1067,20,116,10,NULL,'2021-09-28 23:33:59','2021-09-28 23:33:59',NULL),(1068,34,117,20,'users-uploads/tfQ95KhCzIaKoZEIyIiAukFqtn9mm9ddnW3WV3ou.jpg','2021-09-28 23:34:09','2021-09-28 23:34:09',NULL),(1069,22,116,10,NULL,'2021-09-28 23:34:33','2021-09-28 23:34:33',NULL),(1070,26,116,10,NULL,'2021-09-28 23:35:09','2021-09-28 23:35:09',NULL),(1071,30,116,10,NULL,'2021-09-28 23:35:23','2021-09-28 23:35:23',NULL),(1072,18,118,0,NULL,'2021-09-28 23:48:58','2021-09-28 23:48:58',NULL),(1073,22,118,10,NULL,'2021-09-28 23:50:06','2021-09-28 23:50:06',NULL),(1074,26,118,10,NULL,'2021-09-28 23:50:47','2021-09-28 23:50:47',NULL),(1075,30,118,10,NULL,'2021-09-28 23:51:04','2021-09-28 23:51:04',NULL),(1076,34,114,20,'users-uploads/SDB0WlpE6jkAbjBGlycqtop8TJODlNK90jq05dkF.jpg','2021-09-28 23:55:03','2021-09-28 23:55:03',NULL),(1077,34,118,20,'users-uploads/pb3HWbx2W1UxzDL0Jyju1AaPyGRs4kfWMOpMTa1M.jpg','2021-09-29 00:03:21','2021-09-29 00:03:21',NULL),(1078,34,116,20,'users-uploads/nm14zv5dcYp3Etg5gRAXuuyk5G7dvWqRxG3R1qTK.jpg','2021-09-29 02:35:13','2021-09-29 02:35:13',NULL),(1079,20,39,10,NULL,'2021-09-29 06:05:58','2021-09-29 06:05:58',NULL),(1080,22,39,10,NULL,'2021-09-29 06:06:08','2021-09-29 06:06:08',NULL),(1081,26,39,10,NULL,'2021-09-29 06:06:17','2021-09-29 06:06:17',NULL),(1082,30,39,10,NULL,'2021-09-29 06:06:29','2021-09-29 06:06:29',NULL),(1083,34,39,20,'users-uploads/FN3j18mUVPa5kpc9gg71Qc7DhkgLOWKtLS7WKkjV.jpg','2021-09-29 06:09:02','2021-09-29 06:09:02',NULL),(1084,38,23,10,NULL,'2021-09-29 06:12:14','2021-09-29 06:12:14',NULL),(1085,41,23,10,NULL,'2021-09-29 06:14:32','2021-09-29 06:14:32',NULL),(1086,43,23,10,NULL,'2021-09-29 06:16:27','2021-09-29 06:16:27',NULL),(1087,38,108,10,NULL,'2021-09-29 06:17:01','2021-09-29 06:17:01',NULL),(1088,47,23,10,NULL,'2021-09-29 06:17:31','2021-09-29 06:17:31',NULL),(1089,38,52,10,NULL,'2021-09-29 06:20:29','2021-09-29 06:20:29',NULL),(1090,41,108,10,NULL,'2021-09-29 06:20:43','2021-09-29 06:20:43',NULL),(1091,41,52,10,NULL,'2021-09-29 06:20:44','2021-09-29 06:20:44',NULL),(1092,43,52,10,NULL,'2021-09-29 06:20:57','2021-09-29 06:20:57',NULL),(1093,47,52,10,NULL,'2021-09-29 06:21:08','2021-09-29 06:21:08',NULL),(1094,43,108,10,NULL,'2021-09-29 06:22:30','2021-09-29 06:22:30',NULL),(1095,51,52,20,'users-uploads/hTcisBJ2nLl5khZ2YFutIhLDqnvzqD6C2ht2P1fi.jpg','2021-09-29 06:24:16','2021-09-29 06:24:16',NULL),(1096,47,108,10,NULL,'2021-09-29 06:24:53','2021-09-29 06:24:53',NULL),(1097,38,50,10,NULL,'2021-09-29 06:26:26','2021-09-29 06:26:26',NULL),(1098,41,50,10,NULL,'2021-09-29 06:26:40','2021-09-29 06:26:40',NULL),(1099,43,50,10,NULL,'2021-09-29 06:27:04','2021-09-29 06:27:04',NULL),(1100,47,50,10,NULL,'2021-09-29 06:27:10','2021-09-29 06:27:10',NULL),(1101,38,14,10,NULL,'2021-09-29 06:52:29','2021-09-29 06:52:29',NULL),(1102,41,14,10,NULL,'2021-09-29 06:53:33','2021-09-29 06:53:33',NULL),(1103,43,14,10,NULL,'2021-09-29 06:54:44','2021-09-29 06:54:44',NULL),(1104,47,14,10,NULL,'2021-09-29 06:55:23','2021-09-29 06:55:23',NULL),(1105,38,72,10,NULL,'2021-09-29 07:00:21','2021-09-29 07:00:21',NULL),(1106,38,6,10,NULL,'2021-09-29 07:00:27','2021-09-29 07:00:27',NULL),(1107,41,6,10,NULL,'2021-09-29 07:01:12','2021-09-29 07:01:12',NULL),(1108,41,72,10,NULL,'2021-09-29 07:02:06','2021-09-29 07:02:06',NULL),(1109,43,6,10,NULL,'2021-09-29 07:02:12','2021-09-29 07:02:12',NULL),(1110,43,72,10,NULL,'2021-09-29 07:03:00','2021-09-29 07:03:00',NULL),(1111,47,72,10,NULL,'2021-09-29 07:03:31','2021-09-29 07:03:31',NULL),(1112,38,7,10,NULL,'2021-09-29 07:04:27','2021-09-29 07:04:27',NULL),(1113,47,6,10,NULL,'2021-09-29 07:05:09','2021-09-29 07:05:09',NULL),(1114,41,7,10,NULL,'2021-09-29 07:05:33','2021-09-29 07:05:33',NULL),(1115,17,72,20,'users-uploads/oHhwv1e57zHcc8AzaYi46PnYBDH2mTmhBfCfzPmj.jpg','2021-09-29 07:05:52','2021-09-29 07:05:52',NULL),(1116,38,9,10,NULL,'2021-09-29 07:06:58','2021-09-29 07:06:58',NULL),(1117,43,7,10,NULL,'2021-09-29 07:07:04','2021-09-29 07:07:04',NULL),(1118,41,9,10,NULL,'2021-09-29 07:07:26','2021-09-29 07:07:26',NULL),(1119,38,54,10,NULL,'2021-09-29 07:07:28','2021-09-29 07:07:28',NULL),(1120,43,9,10,NULL,'2021-09-29 07:08:07','2021-09-29 07:08:07',NULL),(1121,48,7,0,NULL,'2021-09-29 07:08:15','2021-09-29 07:08:15',NULL),(1122,41,54,10,NULL,'2021-09-29 07:08:21','2021-09-29 07:08:21',NULL),(1123,43,54,10,NULL,'2021-09-29 07:09:05','2021-09-29 07:09:05',NULL),(1124,38,43,10,NULL,'2021-09-29 07:10:32','2021-09-29 07:10:32',NULL),(1125,47,9,10,NULL,'2021-09-29 07:10:49','2021-09-29 07:10:49',NULL),(1126,41,43,10,NULL,'2021-09-29 07:11:12','2021-09-29 07:11:12',NULL),(1127,38,56,10,NULL,'2021-09-29 07:11:27','2021-09-29 07:11:27',NULL),(1128,43,43,10,NULL,'2021-09-29 07:11:45','2021-09-29 07:11:45',NULL),(1129,47,54,10,NULL,'2021-09-29 07:11:52','2021-09-29 07:11:52',NULL),(1130,47,43,10,NULL,'2021-09-29 07:12:06','2021-09-29 07:12:06',NULL),(1131,41,56,10,NULL,'2021-09-29 07:12:11','2021-09-29 07:12:11',NULL),(1132,43,56,10,NULL,'2021-09-29 07:12:58','2021-09-29 07:12:58',NULL),(1133,51,7,20,'users-uploads/QQPusbllNBIhHN3WBmeWMb7FPdwVzrxHteKaLBcX.jpg','2021-09-29 07:13:04','2021-09-29 07:13:04',NULL),(1134,38,19,10,NULL,'2021-09-29 07:13:10','2021-09-29 07:13:10',NULL),(1135,47,56,10,NULL,'2021-09-29 07:13:54','2021-09-29 07:13:54',NULL),(1136,51,54,20,'users-uploads/wZm9MJ54QSu1tp1dIjeGj4D1JNSOr230yzNARqsV.jpg','2021-09-29 07:13:59','2021-09-29 07:13:59',NULL),(1137,41,19,10,NULL,'2021-09-29 07:14:26','2021-09-29 07:14:26',NULL),(1138,43,19,10,NULL,'2021-09-29 07:15:24','2021-09-29 07:15:24',NULL),(1139,38,32,10,NULL,'2021-09-29 07:17:00','2021-09-29 07:17:00',NULL),(1140,47,19,10,NULL,'2021-09-29 07:17:11','2021-09-29 07:17:11',NULL),(1141,41,32,10,NULL,'2021-09-29 07:17:31','2021-09-29 07:17:31',NULL),(1142,43,32,10,NULL,'2021-09-29 07:18:50','2021-09-29 07:18:50',NULL),(1143,38,18,10,NULL,'2021-09-29 07:19:07','2021-09-29 07:19:07',NULL),(1144,47,32,10,NULL,'2021-09-29 07:19:08','2021-09-29 07:19:08',NULL),(1145,38,16,10,NULL,'2021-09-29 07:19:17','2021-09-29 07:19:17',NULL),(1146,41,16,10,NULL,'2021-09-29 07:19:48','2021-09-29 07:19:48',NULL),(1147,34,12,20,'users-uploads/Y08EyT8bE6qcQAjMmVViiCP2Vg4d8yY4v8IIXk61.jpg','2021-09-29 07:19:59','2021-09-29 07:19:59',NULL),(1148,41,18,10,NULL,'2021-09-29 07:20:09','2021-09-29 07:20:09',NULL),(1149,43,16,10,NULL,'2021-09-29 07:20:37','2021-09-29 07:20:37',NULL),(1150,38,12,10,NULL,'2021-09-29 07:20:57','2021-09-29 07:20:57',NULL),(1151,47,16,10,NULL,'2021-09-29 07:21:16','2021-09-29 07:21:16',NULL),(1152,51,19,20,'users-uploads/sKIcljDDV8wt1TqVWaqUE53vKCgPyCi8YkdDtVJY.jpg','2021-09-29 07:21:32','2021-09-29 07:21:32',NULL),(1153,43,18,10,NULL,'2021-09-29 07:21:34','2021-09-29 07:21:34',NULL),(1154,41,12,10,NULL,'2021-09-29 07:21:40','2021-09-29 07:21:40',NULL),(1155,47,18,10,NULL,'2021-09-29 07:22:55','2021-09-29 07:22:55',NULL),(1156,34,19,20,'users-uploads/ebUwPeFUcNz2fIffx765CMEotMOcVxornKyQftcn.jpg','2021-09-29 07:24:02','2021-09-29 07:24:02',NULL),(1157,43,12,10,NULL,'2021-09-29 07:25:00','2021-09-29 07:25:00',NULL),(1158,47,12,10,NULL,'2021-09-29 07:25:40','2021-09-29 07:25:40',NULL),(1159,51,16,20,'users-uploads/XyWpf9ZGZKsxvwVE76jUDN2SkGyh6UO0wAcznMz1.jpg','2021-09-29 07:26:05','2021-09-29 07:26:05',NULL),(1160,38,36,10,NULL,'2021-09-29 07:26:08','2021-09-29 07:26:08',NULL),(1161,51,12,20,'users-uploads/jighuOxkGtnQIYLQo0ZrkMcUs2fD8TgGzwVcbIDs.jpg','2021-09-29 07:27:17','2021-09-29 07:27:17',NULL),(1162,20,37,10,NULL,'2021-09-29 07:27:35','2021-09-29 07:27:35',NULL),(1163,41,36,10,NULL,'2021-09-29 07:27:37','2021-09-29 07:27:37',NULL),(1164,22,37,10,NULL,'2021-09-29 07:28:03','2021-09-29 07:28:03',NULL),(1165,26,37,10,NULL,'2021-09-29 07:28:35','2021-09-29 07:28:35',NULL),(1166,43,36,10,NULL,'2021-09-29 07:28:49','2021-09-29 07:28:49',NULL),(1167,30,37,10,NULL,'2021-09-29 07:28:53','2021-09-29 07:28:53',NULL),(1168,38,37,10,NULL,'2021-09-29 07:29:55','2021-09-29 07:29:55',NULL),(1169,48,36,0,NULL,'2021-09-29 07:30:32','2021-09-29 07:30:32',NULL),(1170,41,37,10,NULL,'2021-09-29 07:30:38','2021-09-29 07:30:38',NULL),(1171,43,37,10,NULL,'2021-09-29 07:31:23','2021-09-29 07:31:23',NULL),(1172,38,40,10,NULL,'2021-09-29 07:31:38','2021-09-29 07:31:38',NULL),(1173,47,37,10,NULL,'2021-09-29 07:32:24','2021-09-29 07:32:24',NULL),(1174,41,40,10,NULL,'2021-09-29 07:32:44','2021-09-29 07:32:44',NULL),(1175,34,77,20,'users-uploads/Pn7ri9Ttd9dSmLtHBzfsuPyKWDyGtfR3fKNss1RU.jpg','2021-09-29 07:32:48','2021-09-29 07:32:48',NULL),(1176,43,40,10,NULL,'2021-09-29 07:33:25','2021-09-29 07:33:25',NULL),(1177,47,40,10,NULL,'2021-09-29 07:33:41','2021-09-29 07:33:41',NULL),(1178,38,25,10,NULL,'2021-09-29 07:34:15','2021-09-29 07:34:15',NULL),(1180,38,77,10,NULL,'2021-09-29 07:34:25','2021-09-29 07:34:25',NULL),(1181,41,25,10,NULL,'2021-09-29 07:34:52','2021-09-29 07:34:52',NULL),(1182,43,25,10,NULL,'2021-09-29 07:35:22','2021-09-29 07:35:22',NULL),(1183,47,25,10,NULL,'2021-09-29 07:35:42','2021-09-29 07:35:42',NULL),(1184,41,77,10,NULL,'2021-09-29 07:36:11','2021-09-29 07:36:11',NULL),(1185,43,77,10,NULL,'2021-09-29 07:37:59','2021-09-29 07:37:59',NULL),(1186,47,77,10,NULL,'2021-09-29 07:39:05','2021-09-29 07:39:05',NULL),(1187,51,77,20,'users-uploads/Qd8UiKVVBThTPyZo633NSQY6aYkwXidylHjEeVIu.jpg','2021-09-29 07:41:07','2021-09-29 07:41:07',NULL),(1188,38,39,10,NULL,'2021-09-29 07:43:08','2021-09-29 07:43:08',NULL),(1189,41,39,10,NULL,'2021-09-29 07:44:31','2021-09-29 07:44:31',NULL),(1190,43,39,10,NULL,'2021-09-29 07:46:10','2021-09-29 07:46:10',NULL),(1191,48,39,0,NULL,'2021-09-29 07:48:12','2021-09-29 07:48:12',NULL),(1192,51,56,20,'users-uploads/d8oepupRgPX5GDXs7r0BuyTYg0V3OlgNcnsklvtZ.jpg','2021-09-29 08:23:26','2021-09-29 08:23:26',NULL),(1193,38,27,10,NULL,'2021-09-29 08:23:34','2021-09-29 08:23:34',NULL),(1195,38,87,10,NULL,'2021-09-29 08:23:42','2021-09-29 08:23:42',NULL),(1196,41,87,10,NULL,'2021-09-29 08:24:13','2021-09-29 08:24:13',NULL),(1197,43,87,10,NULL,'2021-09-29 08:24:52','2021-09-29 08:24:52',NULL),(1198,41,27,10,NULL,'2021-09-29 08:25:14','2021-09-29 08:25:14',NULL),(1199,47,87,10,NULL,'2021-09-29 08:25:19','2021-09-29 08:25:19',NULL),(1200,43,27,10,NULL,'2021-09-29 08:26:31','2021-09-29 08:26:31',NULL),(1202,47,27,10,NULL,'2021-09-29 08:27:12','2021-09-29 08:27:12',NULL),(1203,38,33,10,NULL,'2021-09-29 08:28:13','2021-09-29 08:28:13',NULL),(1204,43,33,10,NULL,'2021-09-29 08:28:51','2021-09-29 08:28:51',NULL),(1205,41,33,10,NULL,'2021-09-29 08:29:05','2021-09-29 08:29:05',NULL),(1206,47,33,10,NULL,'2021-09-29 08:29:13','2021-09-29 08:29:13',NULL),(1207,17,59,20,'users-uploads/RmusqHZcbKOWk3YIiRdgUsJV3MNmhsQiNu47GVWa.jpg','2021-09-29 08:29:43','2021-09-29 08:29:43',NULL),(1208,38,29,10,NULL,'2021-09-29 08:40:08','2021-09-29 08:40:08',NULL),(1209,41,29,10,NULL,'2021-09-29 08:42:53','2021-09-29 08:42:53',NULL),(1210,43,29,10,NULL,'2021-09-29 08:43:30','2021-09-29 08:43:30',NULL),(1211,47,29,10,NULL,'2021-09-29 08:44:51','2021-09-29 08:44:51',NULL),(1212,51,29,20,'users-uploads/mCjxxmhzJqGCsgkVgB5qbzEXmVntPTgO2tepYOne.jpg','2021-09-29 08:49:08','2021-09-29 08:49:08',NULL),(1213,47,42,10,NULL,'2021-09-29 08:52:27','2021-09-29 08:52:27',NULL),(1214,38,82,10,NULL,'2021-09-29 09:03:06','2021-09-29 09:03:06',NULL),(1215,41,82,10,NULL,'2021-09-29 09:04:26','2021-09-29 09:04:26',NULL),(1216,43,82,10,NULL,'2021-09-29 09:05:13','2021-09-29 09:05:13',NULL),(1223,47,82,10,NULL,'2021-09-29 09:05:44','2021-09-29 09:05:44',NULL),(1224,51,14,20,'users-uploads/WfZ1pR4DQ5CiyChIWIlnq8KN7Ggp6zTToeQHWzIG.jpg','2021-09-29 09:23:35','2021-09-29 09:23:35',NULL),(1225,51,39,20,'users-uploads/BDWIcfUQUo0yKaE8pbL7MvdZdi0UQXCPy4XlZvK1.jpg','2021-09-29 09:33:22','2021-09-29 09:33:22',NULL),(1226,51,1,20,'users-uploads/BRMbEenjlXi1P3YYsn6La4itU7TdySTKX3TcMMk0.png','2021-09-29 09:54:11','2021-09-29 09:54:11','Fillipe'),(1227,38,13,10,NULL,'2021-09-29 09:54:20','2021-09-29 09:54:20',NULL),(1228,41,13,10,NULL,'2021-09-29 09:55:10','2021-09-29 09:55:10',NULL),(1229,43,13,10,NULL,'2021-09-29 09:55:51','2021-09-29 09:55:51',NULL),(1230,38,53,10,NULL,'2021-09-29 09:56:01','2021-09-29 09:56:01',NULL),(1231,47,13,10,NULL,'2021-09-29 09:56:17','2021-09-29 09:56:17',NULL),(1232,41,53,10,NULL,'2021-09-29 09:56:19','2021-09-29 09:56:19',NULL),(1233,43,53,10,NULL,'2021-09-29 09:56:30','2021-09-29 09:56:30',NULL),(1234,47,53,10,NULL,'2021-09-29 09:56:47','2021-09-29 09:56:47',NULL),(1235,51,5,20,'users-uploads/Ui4t30DKQpszt7GtfYNa0bNamIviDTQhHKupphyO.png','2021-09-29 09:58:58','2021-09-29 09:58:58','EVERY'),(1236,51,53,20,'users-uploads/2jkcCtVhEw9rYxtVXIljHocRWyz8pnyRBP61hKjl.jpg','2021-09-29 10:01:17','2021-09-29 10:01:17','Alexandra Duarte'),(1237,20,73,10,NULL,'2021-09-29 10:14:27','2021-09-29 10:14:27',NULL),(1238,22,73,10,NULL,'2021-09-29 10:15:05','2021-09-29 10:15:05',NULL),(1239,26,73,10,NULL,'2021-09-29 10:15:37','2021-09-29 10:15:37',NULL),(1240,30,73,10,NULL,'2021-09-29 10:15:50','2021-09-29 10:15:50',NULL),(1241,38,73,10,NULL,'2021-09-29 10:16:56','2021-09-29 10:16:56',NULL),(1242,41,73,10,NULL,'2021-09-29 10:17:39','2021-09-29 10:17:39',NULL),(1243,43,73,10,NULL,'2021-09-29 10:18:13','2021-09-29 10:18:13',NULL),(1244,47,73,10,NULL,'2021-09-29 10:18:45','2021-09-29 10:18:45',NULL),(1245,51,9,20,'users-uploads/hGqbMYxXgXrjsesaBRhjVSETl5SgCkhmUX7CPbXj.jpg','2021-09-29 10:19:24','2021-09-29 10:19:24','Norma Tonon'),(1246,38,26,10,NULL,'2021-09-29 10:22:35','2021-09-29 10:22:35',NULL),(1247,41,26,10,NULL,'2021-09-29 10:22:54','2021-09-29 10:22:54',NULL),(1248,43,26,10,NULL,'2021-09-29 10:23:10','2021-09-29 10:23:10',NULL),(1249,47,26,10,NULL,'2021-09-29 10:23:22','2021-09-29 10:23:22',NULL),(1250,51,26,20,'users-uploads/96KCJD1Za6aVYmdJBZvMCaQzqBxlr6jGQw0KJaIK.jpg','2021-09-29 10:25:05','2021-09-29 10:25:05','Manoel conhecido como Juninho'),(1251,51,42,20,'users-uploads/vpf67OgpAmGzGREPOti4Iqmes7OOmvDGvlafLX5i.png','2021-09-29 10:25:09','2021-09-29 10:25:09','Caroline Martins '),(1252,51,43,20,'users-uploads/JHz4KrQwHI68H3KOj0KIoB2jtMytDVrS8Jk9w0mZ.jpg','2021-09-29 10:26:32','2021-09-29 10:26:32','Gabriela Silva'),(1253,38,55,10,NULL,'2021-09-29 10:30:38','2021-09-29 10:30:38',NULL),(1254,41,55,10,NULL,'2021-09-29 10:30:48','2021-09-29 10:30:48',NULL),(1256,43,55,10,NULL,'2021-09-29 10:30:55','2021-09-29 10:30:55',NULL),(1257,47,55,10,NULL,'2021-09-29 10:31:04','2021-09-29 10:31:04',NULL),(1258,51,55,20,'users-uploads/mlyZwY1feAVDRjXQCda4iNVFX4aTCGddnB3qP0EL.jpg','2021-09-29 10:32:25','2021-09-29 10:32:25','Cristina (Filinha)'),(1259,38,61,10,NULL,'2021-09-29 10:46:06','2021-09-29 10:46:06',NULL),(1261,41,61,10,NULL,'2021-09-29 10:46:14','2021-09-29 10:46:14',NULL),(1263,43,61,10,NULL,'2021-09-29 10:46:21','2021-09-29 10:46:21',NULL),(1264,47,61,10,NULL,'2021-09-29 10:46:32','2021-09-29 10:46:32',NULL),(1265,51,61,20,'users-uploads/t9bSO89WRsOBdj2fFRpCcvWhKcQYG9eRTnz2oRkt.jpg','2021-09-29 10:55:15','2021-09-29 10:55:15','Alexandra'),(1266,38,66,10,NULL,'2021-09-29 11:02:02','2021-09-29 11:02:02',NULL),(1267,41,66,10,NULL,'2021-09-29 11:03:02','2021-09-29 11:03:02',NULL),(1268,43,66,10,NULL,'2021-09-29 11:04:15','2021-09-29 11:04:15',NULL),(1269,47,66,10,NULL,'2021-09-29 11:04:52','2021-09-29 11:04:52',NULL),(1270,38,34,10,NULL,'2021-09-29 11:07:44','2021-09-29 11:07:44',NULL),(1271,41,34,10,NULL,'2021-09-29 11:08:38','2021-09-29 11:08:38',NULL),(1272,43,34,10,NULL,'2021-09-29 11:09:37','2021-09-29 11:09:37',NULL),(1273,47,34,10,NULL,'2021-09-29 11:09:51','2021-09-29 11:09:51',NULL),(1274,51,66,20,'users-uploads/lRnYNXFmD0YcQjYnRGxkecnR9Xt1rvjPbiQDVwtU.jpg','2021-09-29 11:10:17','2021-09-29 11:10:17','Gabriela Gandra'),(1275,38,47,10,NULL,'2021-09-29 11:10:40','2021-09-29 11:10:40',NULL),(1276,41,47,10,NULL,'2021-09-29 11:10:48','2021-09-29 11:10:48',NULL),(1278,43,47,10,NULL,'2021-09-29 11:10:55','2021-09-29 11:10:55',NULL),(1279,17,28,20,'users-uploads/NtkmHRq20wCar6uxlEtzvXRn3V4zqEeVWTRGzNv9.jpg','2021-09-29 11:10:56','2021-09-29 11:10:56',NULL),(1280,47,47,10,NULL,'2021-09-29 11:11:12','2021-09-29 11:11:12',NULL),(1281,20,28,10,NULL,'2021-09-29 11:11:31','2021-09-29 11:11:31',NULL),(1282,30,28,10,NULL,'2021-09-29 11:12:03','2021-09-29 11:12:03',NULL),(1283,38,95,10,NULL,'2021-09-29 11:12:40','2021-09-29 11:12:40',NULL),(1284,38,11,10,NULL,'2021-09-29 11:12:54','2021-09-29 11:12:54',NULL),(1285,18,83,0,NULL,'2021-09-29 11:13:33','2021-09-29 11:13:33',NULL),(1286,51,47,20,'users-uploads/nr8MmqvO01TPiGci5pFQCDqSVO08QgB8KKnbmQSr.jpg','2021-09-29 11:14:13','2021-09-29 11:14:13','Alaide (Lalinha)'),(1287,41,11,10,NULL,'2021-09-29 11:14:21','2021-09-29 11:14:21',NULL),(1288,22,83,10,NULL,'2021-09-29 11:14:25','2021-09-29 11:14:25',NULL),(1289,41,95,10,NULL,'2021-09-29 11:14:46','2021-09-29 11:14:46',NULL),(1290,26,83,10,NULL,'2021-09-29 11:14:59','2021-09-29 11:14:59',NULL),(1291,30,83,10,NULL,'2021-09-29 11:15:30','2021-09-29 11:15:30',NULL),(1292,22,28,10,NULL,'2021-09-29 11:16:28','2021-09-29 11:16:28',NULL),(1293,43,95,10,NULL,'2021-09-29 11:16:34','2021-09-29 11:16:34',NULL),(1294,26,28,10,NULL,'2021-09-29 11:18:08','2021-09-29 11:18:08',NULL),(1295,38,83,10,NULL,'2021-09-29 11:18:12','2021-09-29 11:18:12',NULL),(1296,47,95,10,NULL,'2021-09-29 11:19:24','2021-09-29 11:19:24',NULL),(1297,41,83,10,NULL,'2021-09-29 11:19:28','2021-09-29 11:19:28',NULL),(1298,43,11,10,NULL,'2021-09-29 11:19:39','2021-09-29 11:19:39',NULL),(1299,38,28,10,NULL,'2021-09-29 11:20:36','2021-09-29 11:20:36',NULL),(1300,38,48,10,NULL,'2021-09-29 11:20:36','2021-09-29 11:20:36',NULL),(1301,43,83,10,NULL,'2021-09-29 11:21:00','2021-09-29 11:21:00',NULL),(1302,41,28,10,NULL,'2021-09-29 11:21:23','2021-09-29 11:21:23',NULL),(1303,41,48,10,NULL,'2021-09-29 11:21:24','2021-09-29 11:21:24',NULL),(1304,43,28,10,NULL,'2021-09-29 11:22:05','2021-09-29 11:22:05',NULL),(1305,43,48,10,NULL,'2021-09-29 11:22:05','2021-09-29 11:22:05',NULL),(1306,47,11,10,NULL,'2021-09-29 11:22:10','2021-09-29 11:22:10',NULL),(1307,34,15,20,'users-uploads/CYcfeKNBw48eWJW2ADMMwFrSuRiBoiAQY2NZ1ZKN.jpg','2021-09-29 11:23:12','2021-09-29 11:23:12',NULL),(1308,51,95,20,'users-uploads/8dLemgufLSG9OzSgQi2Lqm0dg7FLqzNImgL0NvOs.jpg','2021-09-29 11:24:02','2021-09-29 11:24:02','Camila Lma'),(1309,38,15,10,NULL,'2021-09-29 11:24:05','2021-09-29 11:24:05',NULL),(1310,48,83,0,NULL,'2021-09-29 11:24:25','2021-09-29 11:24:25',NULL),(1311,47,28,10,NULL,'2021-09-29 11:24:34','2021-09-29 11:24:34',NULL),(1312,47,48,10,NULL,'2021-09-29 11:24:37','2021-09-29 11:24:37',NULL),(1313,41,15,10,NULL,'2021-09-29 11:24:51','2021-09-29 11:24:51',NULL),(1314,43,15,10,NULL,'2021-09-29 11:26:16','2021-09-29 11:26:16',NULL),(1315,47,15,10,NULL,'2021-09-29 11:26:32','2021-09-29 11:26:32',NULL),(1316,51,48,20,'users-uploads/QCrTXYN9tMx56zH26SDiRfrnIvSKyJqqAcPrcmfY.jpg','2021-09-29 11:26:44','2021-09-29 11:26:44','Matheus Martins'),(1317,51,28,20,'users-uploads/ibqRTcu0ph9dYZQMvfAnAG7nqgUw9OGlgvR0p9KE.jpg','2021-09-29 11:28:06','2021-09-29 11:28:06','Gabi Gandra'),(1318,38,21,10,NULL,'2021-09-29 11:31:19','2021-09-29 11:31:19',NULL),(1319,41,21,10,NULL,'2021-09-29 11:32:05','2021-09-29 11:32:05',NULL),(1320,51,11,20,'users-uploads/O7aNz1qcFKfmtWVvAOi7rFYaORZQzAqUR1qMSGhL.png','2021-09-29 11:32:55','2021-09-29 11:32:55','Gabrielle Scifoni e Emile Mariano'),(1321,43,21,10,NULL,'2021-09-29 11:40:09','2021-09-29 11:40:09',NULL),(1322,47,21,10,NULL,'2021-09-29 11:41:24','2021-09-29 11:41:24',NULL),(1323,38,35,10,NULL,'2021-09-29 12:06:15','2021-09-29 12:06:15',NULL),(1324,41,35,10,NULL,'2021-09-29 12:07:19','2021-09-29 12:07:19',NULL),(1325,43,35,10,NULL,'2021-09-29 12:08:42','2021-09-29 12:08:42',NULL),(1326,47,35,10,NULL,'2021-09-29 12:09:23','2021-09-29 12:09:23',NULL),(1327,51,35,20,'users-uploads/aprhdkSqbBoChkzI0uxSOyeUJh3RpjvHJm3VrmXQ.jpg','2021-09-29 12:10:47','2021-09-29 12:10:47','Regiane Louro'),(1328,38,30,10,NULL,'2021-09-29 12:13:08','2021-09-29 12:13:08',NULL),(1329,41,30,10,NULL,'2021-09-29 12:13:33','2021-09-29 12:13:33',NULL),(1330,43,30,10,NULL,'2021-09-29 12:13:45','2021-09-29 12:13:45',NULL),(1331,47,30,10,NULL,'2021-09-29 12:14:01','2021-09-29 12:14:01',NULL),(1332,51,30,20,'users-uploads/MKLvIhI1DSshHwAj8v0yhjQj7QTmLmOFgZgWo6Yt.jpg','2021-09-29 12:16:50','2021-09-29 12:16:50','Luciana Borges'),(1333,38,86,10,NULL,'2021-09-29 12:17:14','2021-09-29 12:17:14',NULL),(1334,41,86,10,NULL,'2021-09-29 12:18:34','2021-09-29 12:18:34',NULL),(1335,38,57,10,NULL,'2021-09-29 12:19:20','2021-09-29 12:19:20',NULL),(1336,41,57,10,NULL,'2021-09-29 12:19:26','2021-09-29 12:19:26',NULL),(1337,43,57,10,NULL,'2021-09-29 12:19:31','2021-09-29 12:19:31',NULL),(1338,43,86,10,NULL,'2021-09-29 12:19:33','2021-09-29 12:19:33',NULL),(1339,47,57,10,NULL,'2021-09-29 12:19:35','2021-09-29 12:19:35',NULL),(1340,47,86,10,NULL,'2021-09-29 12:19:46','2021-09-29 12:19:46',NULL),(1341,51,57,20,'users-uploads/ZNOUoHiB7w1vtzW7f2Iu7MQJkuLPPSCCmMBc5TBM.jpg','2021-09-29 12:20:40','2021-09-29 12:20:40','Larissa Oliveira'),(1342,51,86,20,'users-uploads/X7Cbem93K7TdFqQCUwISjVp8qkyyIEMaMlWMvnSm.jpg','2021-09-29 12:22:32','2021-09-29 12:22:32','zelia '),(1343,51,23,20,'users-uploads/qyG15Puu0JpQ7756krxhUHSzLwiX65wpmZfMIDOb.jpg','2021-09-29 12:39:18','2021-09-29 12:39:18','Pericles'),(1344,38,49,10,NULL,'2021-09-29 12:41:56','2021-09-29 12:41:56',NULL),(1346,41,49,10,NULL,'2021-09-29 12:42:04','2021-09-29 12:42:04',NULL),(1348,43,49,10,NULL,'2021-09-29 12:42:13','2021-09-29 12:42:13',NULL),(1350,47,49,10,NULL,'2021-09-29 12:42:20','2021-09-29 12:42:20',NULL),(1351,51,49,20,'users-uploads/ghywwuQHJLn5Cdd7AwspYnMsZTAlSO84nM7qsIea.jpg','2021-09-29 12:42:54','2021-09-29 12:42:54','Alexandra'),(1352,51,15,20,'users-uploads/xDKWe8QsuBfD39BwMJaNO9Wn6afVCYRBS8nbGmDO.jpg','2021-09-29 12:47:02','2021-09-29 12:47:02','Eduardo Xavier'),(1353,38,4,10,NULL,'2021-09-29 13:09:02','2021-09-29 13:09:02',NULL),(1354,41,4,10,NULL,'2021-09-29 13:10:49','2021-09-29 13:10:49',NULL),(1355,43,4,10,NULL,'2021-09-29 13:12:32','2021-09-29 13:12:32',NULL),(1356,47,4,10,NULL,'2021-09-29 13:13:06','2021-09-29 13:13:06',NULL),(1357,51,4,20,'users-uploads/0A4Fc36j2sS7huUpBPzgAtonLYqNqTI6QaIt7XU6.jpg','2021-09-29 13:16:55','2021-09-29 13:16:55','Daiana Cunha'),(1358,38,44,10,NULL,'2021-09-29 13:18:58','2021-09-29 13:18:58',NULL),(1359,41,44,10,NULL,'2021-09-29 13:19:08','2021-09-29 13:19:08',NULL),(1360,43,44,10,NULL,'2021-09-29 13:19:25','2021-09-29 13:19:25',NULL),(1361,47,44,10,NULL,'2021-09-29 13:19:34','2021-09-29 13:19:34',NULL),(1362,51,50,20,'users-uploads/21MV7VrDdcz4aLpnytixAN9hIVwLjdHCFRVeqGK9.jpg','2021-09-29 13:34:59','2021-09-29 13:34:59',NULL),(1363,38,51,10,NULL,'2021-09-29 13:38:04','2021-09-29 13:38:04',NULL),(1364,41,51,10,NULL,'2021-09-29 13:38:17','2021-09-29 13:38:17',NULL),(1366,43,51,10,NULL,'2021-09-29 13:38:25','2021-09-29 13:38:25',NULL),(1369,47,51,10,NULL,'2021-09-29 13:38:37','2021-09-29 13:38:37',NULL),(1370,51,51,20,'users-uploads/WnzKToCb82pSfwVMKpQ08aI6tNw14adWNTQptjpD.jpg','2021-09-29 13:40:31','2021-09-29 13:40:31','alexandra'),(1371,38,38,10,NULL,'2021-09-29 13:51:41','2021-09-29 13:51:41',NULL),(1372,41,38,10,NULL,'2021-09-29 13:53:20','2021-09-29 13:53:20',NULL),(1373,38,69,10,NULL,'2021-09-29 13:55:31','2021-09-29 13:55:31',NULL),(1374,38,85,10,NULL,'2021-09-29 13:55:57','2021-09-29 13:55:57',NULL),(1375,41,69,10,NULL,'2021-09-29 13:56:07','2021-09-29 13:56:07',NULL),(1376,43,38,10,NULL,'2021-09-29 13:56:14','2021-09-29 13:56:14',NULL),(1377,43,69,10,NULL,'2021-09-29 13:56:33','2021-09-29 13:56:33',NULL),(1378,47,69,10,NULL,'2021-09-29 13:56:53','2021-09-29 13:56:53',NULL),(1379,41,85,10,NULL,'2021-09-29 13:56:59','2021-09-29 13:56:59',NULL),(1380,47,38,10,NULL,'2021-09-29 13:57:26','2021-09-29 13:57:26',NULL),(1381,43,85,10,NULL,'2021-09-29 13:57:43','2021-09-29 13:57:43',NULL),(1382,38,42,10,NULL,'2021-09-29 13:57:56','2021-09-29 13:57:56',NULL),(1383,38,68,10,NULL,'2021-09-29 13:58:05','2021-09-29 13:58:05',NULL),(1384,47,85,10,NULL,'2021-09-29 13:58:06','2021-09-29 13:58:06',NULL),(1385,41,42,10,NULL,'2021-09-29 13:58:35','2021-09-29 13:58:35',NULL),(1386,43,42,10,NULL,'2021-09-29 13:59:21','2021-09-29 13:59:21',NULL),(1387,41,68,10,NULL,'2021-09-29 14:01:25','2021-09-29 14:01:25',NULL),(1388,43,68,10,NULL,'2021-09-29 14:02:20','2021-09-29 14:02:20',NULL),(1389,47,68,10,NULL,'2021-09-29 14:03:28','2021-09-29 14:03:28',NULL),(1390,51,34,20,'users-uploads/JhMuaqOneSxL0iJxPGdY6fqUPp1QY2ws4zFbzSg7.jpg','2021-09-29 14:04:11','2021-09-29 14:04:11','RENAN GUIDA '),(1391,51,85,20,'users-uploads/XmT3sp8URK6HbIg3tlMJpr6tKRVK7uMVmQipWyOi.jpg','2021-09-29 14:04:56','2021-09-29 14:04:56','Gabriela Gandra'),(1392,51,68,20,'users-uploads/XWyDjq5KEVUemcII850CsqtCyoIRdqAhQSRxKXom.jpg','2021-09-29 14:08:21','2021-09-29 14:08:21','Gabriela Gandra'),(1393,6,81,10,NULL,'2021-09-29 14:18:57','2021-09-29 14:18:57',NULL),(1394,9,81,10,NULL,'2021-09-29 14:19:38','2021-09-29 14:19:38',NULL),(1395,20,106,10,NULL,'2021-09-29 14:20:28','2021-09-29 14:20:28',NULL),(1396,38,102,10,NULL,'2021-09-29 14:20:49','2021-09-29 14:20:49',NULL),(1397,15,81,0,NULL,'2021-09-29 14:21:02','2021-09-29 14:21:02',NULL),(1398,22,106,10,NULL,'2021-09-29 14:21:05','2021-09-29 14:21:05',NULL),(1399,41,102,10,NULL,'2021-09-29 14:21:27','2021-09-29 14:21:27',NULL),(1400,26,106,10,NULL,'2021-09-29 14:21:34','2021-09-29 14:21:34',NULL),(1401,30,106,10,NULL,'2021-09-29 14:21:42','2021-09-29 14:21:42',NULL),(1402,43,102,10,NULL,'2021-09-29 14:22:06','2021-09-29 14:22:06',NULL),(1403,47,102,10,NULL,'2021-09-29 14:22:30','2021-09-29 14:22:30',NULL),(1404,38,106,10,NULL,'2021-09-29 14:23:03','2021-09-29 14:23:03',NULL),(1405,41,106,10,NULL,'2021-09-29 14:23:57','2021-09-29 14:23:57',NULL),(1406,51,102,20,'users-uploads/L6XBeWob8Vnc4ETyjCKzFUkXbc4R8G8agZgbXkTu.jpg','2021-09-29 14:23:58','2021-09-29 14:23:58','Thiago'),(1407,17,81,20,'users-uploads/utMpnkrGc2YIcbEMV9WRUXbluhyYtXvnzJjwsH8Z.jpg','2021-09-29 14:24:15','2021-09-29 14:24:15',NULL),(1408,43,106,10,NULL,'2021-09-29 14:24:46','2021-09-29 14:24:46',NULL),(1409,47,106,10,NULL,'2021-09-29 14:25:06','2021-09-29 14:25:06',NULL),(1410,37,94,0,NULL,'2021-09-29 14:25:25','2021-09-29 14:25:25',NULL),(1411,20,81,10,NULL,'2021-09-29 14:26:55','2021-09-29 14:26:55',NULL),(1412,38,65,10,NULL,'2021-09-29 14:27:02','2021-09-29 14:27:02',NULL),(1413,51,106,20,'users-uploads/ffCXQXCJOkX2A1vhAgz5aotU0EdfaqkUVuudDX2a.jpg','2021-09-29 14:27:07','2021-09-29 14:27:07','Thiago Souza'),(1414,41,65,10,NULL,'2021-09-29 14:27:09','2021-09-29 14:27:09',NULL),(1415,41,94,10,NULL,'2021-09-29 14:27:11','2021-09-29 14:27:11',NULL),(1416,43,65,10,NULL,'2021-09-29 14:27:15','2021-09-29 14:27:15',NULL),(1417,47,65,10,NULL,'2021-09-29 14:27:25','2021-09-29 14:27:25',NULL),(1418,43,94,10,NULL,'2021-09-29 14:28:11','2021-09-29 14:28:11',NULL),(1419,22,81,10,NULL,'2021-09-29 14:28:37','2021-09-29 14:28:37',NULL),(1420,38,64,10,NULL,'2021-09-29 14:28:37','2021-09-29 14:28:37',NULL),(1421,47,94,10,NULL,'2021-09-29 14:28:46','2021-09-29 14:28:46',NULL),(1422,51,65,20,'users-uploads/pXvnbBMND1wamLKIybe8crHmypYZbZVMnVywH0wo.jpg','2021-09-29 14:28:55','2021-09-29 14:28:55','Thiago e Fabio'),(1423,41,64,10,NULL,'2021-09-29 14:29:47','2021-09-29 14:29:47',NULL),(1424,6,76,10,NULL,'2021-09-29 14:29:57','2021-09-29 14:29:57',NULL),(1425,38,98,10,NULL,'2021-09-29 14:29:57','2021-09-29 14:29:57',NULL),(1426,41,98,10,NULL,'2021-09-29 14:30:07','2021-09-29 14:30:07',NULL),(1427,43,98,10,NULL,'2021-09-29 14:30:17','2021-09-29 14:30:17',NULL),(1428,9,76,10,NULL,'2021-09-29 14:30:21','2021-09-29 14:30:21',NULL),(1429,47,98,10,NULL,'2021-09-29 14:30:25','2021-09-29 14:30:25',NULL),(1430,43,64,10,NULL,'2021-09-29 14:30:45','2021-09-29 14:30:45',NULL),(1431,47,64,10,NULL,'2021-09-29 14:31:23','2021-09-29 14:31:23',NULL),(1432,27,81,0,NULL,'2021-09-29 14:31:28','2021-09-29 14:31:28',NULL),(1433,30,81,10,NULL,'2021-09-29 14:31:44','2021-09-29 14:31:44',NULL),(1434,51,94,20,'users-uploads/usQbElA8ls45mfje4ADKWHlCopwyWMOVTao3kCLv.jpg','2021-09-29 14:31:55','2021-09-29 14:31:55','Alaíde ( Lala )'),(1435,16,76,10,NULL,'2021-09-29 14:32:50','2021-09-29 14:32:50',NULL),(1436,38,92,10,NULL,'2021-09-29 14:34:04','2021-09-29 14:34:04',NULL),(1437,41,92,10,NULL,'2021-09-29 14:34:24','2021-09-29 14:34:24',NULL),(1438,34,81,20,'users-uploads/6xzKDGyAWBk13b7F5pjgup4RLV35f2hqOSLz8rVO.jpg','2021-09-29 14:34:47','2021-09-29 14:34:47',NULL),(1439,43,92,10,NULL,'2021-09-29 14:34:56','2021-09-29 14:34:56',NULL),(1440,47,92,10,NULL,'2021-09-29 14:35:05','2021-09-29 14:35:05',NULL),(1441,38,81,10,NULL,'2021-09-29 14:35:33','2021-09-29 14:35:33',NULL),(1442,17,76,20,'users-uploads/rEITWx040vXcjfgNHvnkUyJZwqPAxFUqVDcT0ynN.jpg','2021-09-29 14:35:43','2021-09-29 14:35:43',NULL),(1443,38,110,10,NULL,'2021-09-29 14:36:03','2021-09-29 14:36:03',NULL),(1444,20,76,10,NULL,'2021-09-29 14:36:10','2021-09-29 14:36:10',NULL),(1445,41,110,10,NULL,'2021-09-29 14:37:05','2021-09-29 14:37:05',NULL),(1446,22,76,10,NULL,'2021-09-29 14:37:27','2021-09-29 14:37:27',NULL),(1447,20,31,10,NULL,'2021-09-29 14:37:44','2021-09-29 14:37:44',NULL),(1448,26,76,10,NULL,'2021-09-29 14:37:57','2021-09-29 14:37:57',NULL),(1449,51,87,20,'users-uploads/HOF5pNQs9lfbhthwvVlMAxnpcik9BB1isSAXBmdZ.jpg','2021-09-29 14:37:59','2021-09-29 14:37:59','Lucelia '),(1450,43,110,10,NULL,'2021-09-29 14:38:00','2021-09-29 14:38:00',NULL),(1451,30,76,10,NULL,'2021-09-29 14:38:05','2021-09-29 14:38:05',NULL),(1452,51,64,20,'users-uploads/IIzFLHAreWu8z1qvjXd8P2AjhZp6eh2jhxppawD1.jpg','2021-09-29 14:38:13','2021-09-29 14:38:13','Cristiana Teixeira e Arthur Serafin'),(1453,47,110,10,NULL,'2021-09-29 14:38:30','2021-09-29 14:38:30',NULL),(1454,22,31,10,NULL,'2021-09-29 14:39:33','2021-09-29 14:39:33',NULL),(1455,34,76,20,'users-uploads/RBfzRsmtLLH6unsETsGz8R5EhACZiAviQlyXOSGh.jpg','2021-09-29 14:39:37','2021-09-29 14:39:37',NULL),(1456,20,79,10,NULL,'2021-09-29 14:39:57','2021-09-29 14:39:57',NULL),(1457,51,92,20,'users-uploads/uyg3Q9t9p71BFNHc55U2t4cyN2tx7XvEo8GaRUlO.jpg','2021-09-29 14:40:02','2021-09-29 14:40:02','Alaide ( Lala )'),(1458,26,31,10,NULL,'2021-09-29 14:40:13','2021-09-29 14:40:13',NULL),(1459,22,79,10,NULL,'2021-09-29 14:40:22','2021-09-29 14:40:22',NULL),(1460,30,31,10,NULL,'2021-09-29 14:40:26','2021-09-29 14:40:26',NULL),(1461,27,79,0,NULL,'2021-09-29 14:40:53','2021-09-29 14:40:53',NULL),(1462,30,79,10,NULL,'2021-09-29 14:41:05','2021-09-29 14:41:05',NULL),(1463,38,89,10,NULL,'2021-09-29 14:41:36','2021-09-29 14:41:36',NULL),(1464,41,89,10,NULL,'2021-09-29 14:42:04','2021-09-29 14:42:04',NULL),(1465,43,89,10,NULL,'2021-09-29 14:42:19','2021-09-29 14:42:19',NULL),(1466,47,89,10,NULL,'2021-09-29 14:42:32','2021-09-29 14:42:32',NULL),(1467,38,91,10,NULL,'2021-09-29 14:43:04','2021-09-29 14:43:04',NULL),(1468,38,76,10,NULL,'2021-09-29 14:43:24','2021-09-29 14:43:24',NULL),(1469,41,91,10,NULL,'2021-09-29 14:43:45','2021-09-29 14:43:45',NULL),(1470,43,91,10,NULL,'2021-09-29 14:44:31','2021-09-29 14:44:31',NULL),(1471,47,91,10,NULL,'2021-09-29 14:44:55','2021-09-29 14:44:55',NULL),(1472,41,76,10,NULL,'2021-09-29 14:45:41','2021-09-29 14:45:41',NULL),(1473,41,81,10,NULL,'2021-09-29 14:45:43','2021-09-29 14:45:43',NULL),(1474,51,89,20,'users-uploads/0QmwQHQJzLYsbCnEK4HnZC768kHa7keXsFKNkdYB.jpg','2021-09-29 14:45:54','2021-09-29 14:45:54','Alaide (lala)'),(1475,43,81,10,NULL,'2021-09-29 14:46:30','2021-09-29 14:46:30',NULL),(1476,43,76,10,NULL,'2021-09-29 14:46:31','2021-09-29 14:46:31',NULL),(1477,47,76,10,NULL,'2021-09-29 14:46:58','2021-09-29 14:46:58',NULL),(1478,47,81,10,NULL,'2021-09-29 14:47:00','2021-09-29 14:47:00',NULL),(1479,51,76,20,'users-uploads/VRURG4mAHYOYplwYgnNbbKS4fZPoMXNnksg3CSHu.jpg','2021-09-29 14:48:01','2021-09-29 14:48:01','CRISTIANA TEIXEIRA '),(1480,38,71,10,NULL,'2021-09-29 14:53:49','2021-09-29 14:53:49',NULL),(1481,41,71,10,NULL,'2021-09-29 14:54:00','2021-09-29 14:54:00',NULL),(1482,43,71,10,NULL,'2021-09-29 14:54:14','2021-09-29 14:54:14',NULL),(1483,47,71,10,NULL,'2021-09-29 14:54:25','2021-09-29 14:54:25',NULL),(1484,1,128,10,NULL,'2021-09-29 14:59:20','2021-09-29 14:59:20',NULL),(1485,6,128,10,NULL,'2021-09-29 14:59:44','2021-09-29 14:59:44',NULL),(1486,9,128,10,NULL,'2021-09-29 15:00:11','2021-09-29 15:00:11',NULL),(1487,34,99,20,'users-uploads/blrIiMxxAYpl34Iwk0vb3zXENJxGegCQ1Jyjh5gl.jpg','2021-09-29 15:00:34','2021-09-29 15:00:34',NULL),(1488,16,128,10,NULL,'2021-09-29 15:00:57','2021-09-29 15:00:57',NULL),(1489,38,99,10,NULL,'2021-09-29 15:02:25','2021-09-29 15:02:25',NULL),(1490,17,128,20,'users-uploads/biawa15Sgf2WAqUFGoQNVLxFFBE4oeUKPswDLYz4.jpg','2021-09-29 15:02:26','2021-09-29 15:02:26',NULL),(1491,41,99,10,NULL,'2021-09-29 15:03:19','2021-09-29 15:03:19',NULL),(1492,20,128,10,NULL,'2021-09-29 15:03:41','2021-09-29 15:03:41',NULL),(1493,22,128,10,NULL,'2021-09-29 15:04:13','2021-09-29 15:04:13',NULL),(1494,26,128,10,NULL,'2021-09-29 15:04:43','2021-09-29 15:04:43',NULL),(1495,30,128,10,NULL,'2021-09-29 15:04:50','2021-09-29 15:04:50',NULL),(1496,43,99,10,NULL,'2021-09-29 15:05:05','2021-09-29 15:05:05',NULL),(1497,38,96,10,NULL,'2021-09-29 15:05:50','2021-09-29 15:05:50',NULL),(1498,49,99,0,NULL,'2021-09-29 15:06:15','2021-09-29 15:06:15',NULL),(1499,41,96,10,NULL,'2021-09-29 15:06:57','2021-09-29 15:06:57',NULL),(1500,34,128,20,'users-uploads/CFp4a7dQmacLnE1s0EY2vv8Q0E04V9sOqHjDky3z.jpg','2021-09-29 15:08:10','2021-09-29 15:08:10',NULL),(1501,43,96,10,NULL,'2021-09-29 15:08:45','2021-09-29 15:08:45',NULL),(1502,38,128,10,NULL,'2021-09-29 15:08:47','2021-09-29 15:08:47',NULL),(1503,41,128,10,NULL,'2021-09-29 15:09:23','2021-09-29 15:09:23',NULL),(1504,47,96,10,NULL,'2021-09-29 15:09:41','2021-09-29 15:09:41',NULL),(1505,43,128,10,NULL,'2021-09-29 15:09:54','2021-09-29 15:09:54',NULL),(1506,47,128,10,NULL,'2021-09-29 15:10:18','2021-09-29 15:10:18',NULL),(1507,51,128,20,'users-uploads/XtSmpWMxpWQ6rfRKBz5Rrx4MKvQ8lLZJDyqnQXKF.jpg','2021-09-29 15:11:31','2021-09-29 15:11:31','Thiago'),(1508,38,112,10,NULL,'2021-09-29 15:13:03','2021-09-29 15:13:03',NULL),(1509,41,112,10,NULL,'2021-09-29 15:13:10','2021-09-29 15:13:10',NULL),(1510,43,112,10,NULL,'2021-09-29 15:13:15','2021-09-29 15:13:15',NULL),(1511,47,112,10,NULL,'2021-09-29 15:13:22','2021-09-29 15:13:22',NULL),(1513,51,96,20,'users-uploads/tlwVcGEJnGjx0sY67IVafewhfF9ZMQGuLIpmyDUh.jpg','2021-09-29 15:14:21','2021-09-29 15:14:21','Zelia'),(1514,51,112,20,'users-uploads/XJ9lIdYuyaNQPeWqjK0KLhC6y4xc6F3M3bBT0PTC.jpg','2021-09-29 15:14:25','2021-09-29 15:14:25','Thiago'),(1515,38,103,10,NULL,'2021-09-29 15:15:11','2021-09-29 15:15:11',NULL),(1516,41,103,10,NULL,'2021-09-29 15:15:17','2021-09-29 15:15:17',NULL),(1517,43,103,10,NULL,'2021-09-29 15:15:24','2021-09-29 15:15:24',NULL),(1518,47,103,10,NULL,'2021-09-29 15:15:31','2021-09-29 15:15:31',NULL),(1519,51,103,20,'users-uploads/SGQQcudL3uCbhE4tat9ANHbZZ8kkbZ3SodiDYdwV.jpg','2021-09-29 15:17:08','2021-09-29 15:17:08','Fabviano'),(1520,38,100,10,NULL,'2021-09-29 15:26:19','2021-09-29 15:26:19',NULL),(1521,41,100,10,NULL,'2021-09-29 15:26:26','2021-09-29 15:26:26',NULL),(1522,43,100,10,NULL,'2021-09-29 15:26:32','2021-09-29 15:26:32',NULL),(1523,47,100,10,NULL,'2021-09-29 15:26:37','2021-09-29 15:26:37',NULL),(1524,51,100,20,'users-uploads/fczBggKApAQzbGWLa3OTipmwge4nIeFD3fGjrGRb.jpg','2021-09-29 15:29:39','2021-09-29 15:29:39','Débora'),(1525,38,113,10,NULL,'2021-09-29 15:34:15','2021-09-29 15:34:15',NULL),(1526,41,113,10,NULL,'2021-09-29 15:35:22','2021-09-29 15:35:22',NULL),(1527,43,113,10,NULL,'2021-09-29 15:36:39','2021-09-29 15:36:39',NULL),(1528,34,31,20,'users-uploads/BWFIkPnfitMdeX8S9qeTrgMESjVEeMZL43IWFJ96.jpg','2021-09-29 15:37:03','2021-09-29 15:37:03',NULL),(1529,47,113,10,NULL,'2021-09-29 15:37:25','2021-09-29 15:37:25',NULL),(1530,38,31,10,NULL,'2021-09-29 15:37:51','2021-09-29 15:37:51',NULL),(1531,41,31,10,NULL,'2021-09-29 15:39:14','2021-09-29 15:39:14',NULL),(1532,51,113,20,'users-uploads/KbYSEeOyj2IsiWpLkhmptWSr7UmoKXbkL5PBniVs.jpg','2021-09-29 15:39:18','2021-09-29 15:39:18','Thiago'),(1533,43,31,10,NULL,'2021-09-29 15:40:30','2021-09-29 15:40:30',NULL),(1534,47,31,10,NULL,'2021-09-29 15:41:21','2021-09-29 15:41:21',NULL),(1535,51,82,20,'users-uploads/a2klc8rc5M6HB9AHKYAD27jQmOUIWqA0jFChLc13.jpg','2021-09-29 15:41:58','2021-09-29 15:41:58','Sérgio Mendes'),(1536,51,31,20,'users-uploads/UU4ONDVpNRbXDc711tlcpxprKNF2XwHEdrxd1aWR.jpg','2021-09-29 15:48:07','2021-09-29 15:48:07',NULL),(1537,51,32,20,'users-uploads/FwK1TgMOlTtNDr2VlDcmgIwRlzmPAYldkLh5XLl1.jpg','2021-09-29 15:50:17','2021-09-29 15:50:17','Luciana Bitencourt'),(1538,51,40,20,'users-uploads/1xJnakPtgDR2w2BD17HDIl1KEyvHxUSoEykcf8sM.jpg','2021-09-29 15:52:25','2021-09-29 15:52:25','Rafaela Maklouf'),(1539,38,70,10,NULL,'2021-09-29 15:54:23','2021-09-29 15:54:23',NULL),(1540,41,70,10,NULL,'2021-09-29 15:55:01','2021-09-29 15:55:01',NULL),(1541,43,70,10,NULL,'2021-09-29 15:55:34','2021-09-29 15:55:34',NULL),(1542,47,70,10,NULL,'2021-09-29 15:55:49','2021-09-29 15:55:49',NULL),(1543,51,70,20,'users-uploads/i81VwoXWZqYr1ZVuDGA3JNgA5Ob7iiRKeT0rUfqn.png','2021-09-29 15:57:12','2021-09-29 15:57:12','Gabrielle Scifoni'),(1544,38,93,10,NULL,'2021-09-29 16:10:58','2021-09-29 16:10:58',NULL),(1545,41,93,10,NULL,'2021-09-29 16:13:21','2021-09-29 16:13:21',NULL),(1546,43,93,10,NULL,'2021-09-29 16:13:55','2021-09-29 16:13:55',NULL),(1548,47,93,10,NULL,'2021-09-29 16:14:23','2021-09-29 16:14:23',NULL),(1549,38,84,10,NULL,'2021-09-29 16:18:23','2021-09-29 16:18:23',NULL),(1550,41,84,10,NULL,'2021-09-29 16:18:31','2021-09-29 16:18:31',NULL),(1551,43,84,10,NULL,'2021-09-29 16:19:58','2021-09-29 16:19:58',NULL),(1552,47,84,10,NULL,'2021-09-29 16:20:04','2021-09-29 16:20:04',NULL),(1553,51,6,20,'users-uploads/3Y1xT89Ujk5sjN5qT6D7KK5Ivn7CVqkACEaUCR1t.jpg','2021-09-29 16:27:44','2021-09-29 16:27:44','Julia Laleska dos Santos Amorim'),(1554,51,69,20,'users-uploads/OWXF0r6cH2BoranUGWt8ZZtLrmZBolkxg12ZWgSu.jpg','2021-09-29 16:54:08','2021-09-29 16:54:08',NULL),(1555,38,78,10,NULL,'2021-09-29 16:59:04','2021-09-29 16:59:04',NULL),(1556,41,78,10,NULL,'2021-09-29 17:00:34','2021-09-29 17:00:34',NULL),(1557,43,78,10,NULL,'2021-09-29 17:01:21','2021-09-29 17:01:21',NULL),(1558,47,78,10,NULL,'2021-09-29 17:02:20','2021-09-29 17:02:20',NULL),(1559,51,78,20,'users-uploads/RYivPNx16AzPVX6Lvc7QSEDEpJKeCGTszjFWckwQ.png','2021-09-29 17:04:53','2021-09-29 17:04:53','Priscila Leal'),(1560,38,63,10,NULL,'2021-09-29 18:03:40','2021-09-29 18:03:40',NULL),(1561,41,63,10,NULL,'2021-09-29 18:03:46','2021-09-29 18:03:46',NULL),(1562,43,63,10,NULL,'2021-09-29 18:03:52','2021-09-29 18:03:52',NULL),(1563,47,63,10,NULL,'2021-09-29 18:04:02','2021-09-29 18:04:02',NULL),(1564,51,63,20,'users-uploads/V6GsQ2LpDA12sWrGpjYG8yXr9uGvkwmdaJdULWdL.jpg','2021-09-29 18:04:21','2021-09-29 18:04:21','Adilson'),(1565,51,91,20,'users-uploads/sw7ub8pBO6gL5aWhabgFliSTCVPg8WVl4WDrhyor.jpg','2021-09-29 20:00:37','2021-09-29 20:00:37','Thiago'),(1566,38,97,10,NULL,'2021-09-29 20:07:47','2021-09-29 20:07:47',NULL),(1567,41,97,10,NULL,'2021-09-29 20:07:56','2021-09-29 20:07:56',NULL),(1568,43,97,10,NULL,'2021-09-29 20:08:02','2021-09-29 20:08:02',NULL),(1569,47,97,10,NULL,'2021-09-29 20:08:09','2021-09-29 20:08:09',NULL),(1570,51,97,20,'users-uploads/08BuQjOE9G8Njs3PhxoK2Ck354do5teq3LTpfNTW.jpg','2021-09-29 20:09:59','2021-09-29 20:09:59','Renan'),(1571,38,111,10,NULL,'2021-09-29 20:14:14','2021-09-29 20:14:14',NULL),(1572,41,111,10,NULL,'2021-09-29 20:15:09','2021-09-29 20:15:09',NULL),(1573,43,111,10,NULL,'2021-09-29 20:16:24','2021-09-29 20:16:24',NULL),(1574,47,111,10,NULL,'2021-09-29 20:17:01','2021-09-29 20:17:01',NULL),(1575,51,84,20,'users-uploads/oyID9zSqp24soc22dRyXI0XheJmaW3SIU6kL8Z0u.jpg','2021-09-29 20:17:47','2021-09-29 20:17:47','Maria'),(1576,51,93,20,'users-uploads/1hCtYxamu2V8HDCBekiGx9aMLEx4qq6CIC81J83D.jpg','2021-09-29 20:20:55','2021-09-29 20:20:55','Debora'),(1577,51,71,20,'users-uploads/0sAARG4VqhpoO9HIdtXDOoTJHzJV5ribXKVUoNlx.jpg','2021-09-29 20:28:49','2021-09-29 20:28:49','Unidos e sempre!!! Leandro , Daiana , carvalho, Aldemir, Gabi, Monica, Cris, Odair'),(1578,38,101,10,NULL,'2021-09-29 20:30:39','2021-09-29 20:30:39',NULL),(1579,41,101,10,NULL,'2021-09-29 20:30:45','2021-09-29 20:30:45',NULL),(1580,43,101,10,NULL,'2021-09-29 20:30:52','2021-09-29 20:30:52',NULL),(1581,47,101,10,NULL,'2021-09-29 20:31:00','2021-09-29 20:31:00',NULL),(1582,51,101,20,'users-uploads/ZJuVTBpQPhvfOCzWyL6ky2LMTqoNRBUI3sI49sjY.jpg','2021-09-29 20:32:03','2021-09-29 20:32:03','Thiago'),(1583,51,98,20,'users-uploads/qUwxDayMu5M6uzTOO7zgaDdhxQBeaXqBdy1E5Rtr.jpg','2021-09-29 21:05:03','2021-09-29 21:05:03','Adilson'),(1584,38,74,10,NULL,'2021-09-29 21:36:56','2021-09-29 21:36:56',NULL),(1585,41,74,10,NULL,'2021-09-29 21:37:32','2021-09-29 21:37:32',NULL),(1586,43,74,10,NULL,'2021-09-29 21:38:29','2021-09-29 21:38:29',NULL),(1587,48,74,0,NULL,'2021-09-29 21:39:16','2021-09-29 21:39:16',NULL),(1588,38,114,10,NULL,'2021-09-29 21:43:02','2021-09-29 21:43:02',NULL),(1589,41,114,10,NULL,'2021-09-29 21:43:10','2021-09-29 21:43:10',NULL),(1590,43,114,10,NULL,'2021-09-29 21:43:19','2021-09-29 21:43:19',NULL),(1591,47,114,10,NULL,'2021-09-29 21:43:30','2021-09-29 21:43:30',NULL),(1592,51,114,20,'users-uploads/qNFRzrlzU7ZEpx7iLD0R3kMiQb1sHSD7W2uGvVAB.jpg','2021-09-29 21:44:54','2021-09-29 21:44:54','Thiago'),(1593,51,108,20,'users-uploads/qJrE5PQyncWVN4JLg1MT0LLTZvtUizZLIsvPKCf6.jpg','2021-09-29 21:47:46','2021-09-29 21:47:46','Lucimara'),(1594,20,109,10,NULL,'2021-09-29 21:47:48','2021-09-29 21:47:48',NULL),(1595,22,109,10,NULL,'2021-09-29 21:48:29','2021-09-29 21:48:29',NULL),(1596,26,109,10,NULL,'2021-09-29 21:49:04','2021-09-29 21:49:04',NULL),(1597,30,109,10,NULL,'2021-09-29 21:49:20','2021-09-29 21:49:20',NULL),(1598,38,75,10,NULL,'2021-09-29 21:49:28','2021-09-29 21:49:28',NULL),(1599,41,109,10,NULL,'2021-09-29 21:51:31','2021-09-29 21:51:31',NULL),(1600,43,109,10,NULL,'2021-09-29 21:52:31','2021-09-29 21:52:31',NULL),(1601,47,109,10,NULL,'2021-09-29 21:53:27','2021-09-29 21:53:27',NULL),(1602,41,75,10,NULL,'2021-09-29 21:56:30','2021-09-29 21:56:30',NULL),(1603,38,88,10,NULL,'2021-09-29 21:59:38','2021-09-29 21:59:38',NULL),(1604,41,88,10,NULL,'2021-09-29 21:59:46','2021-09-29 21:59:46',NULL),(1605,43,88,10,NULL,'2021-09-29 21:59:56','2021-09-29 21:59:56',NULL),(1606,47,88,10,NULL,'2021-09-29 22:00:06','2021-09-29 22:00:06',NULL),(1607,43,75,10,NULL,'2021-09-29 22:03:15','2021-09-29 22:03:15',NULL),(1608,47,75,10,NULL,'2021-09-29 22:03:33','2021-09-29 22:03:33',NULL),(1609,51,88,20,'users-uploads/bilGumAIqL47ZIN92jarAylwaEqvmidD6u4bwlJA.jpg','2021-09-29 22:05:49','2021-09-29 22:05:49','Alexandre'),(1610,38,118,10,NULL,'2021-09-29 22:12:05','2021-09-29 22:12:05',NULL),(1611,41,118,10,NULL,'2021-09-29 22:12:17','2021-09-29 22:12:17',NULL),(1612,43,118,10,NULL,'2021-09-29 22:12:32','2021-09-29 22:12:32',NULL),(1613,47,118,10,NULL,'2021-09-29 22:12:43','2021-09-29 22:12:43',NULL),(1614,51,118,20,'users-uploads/tRm1npP4gxrBVYn9eq0MJpFB889mN0dnQkN07GDp.jpg','2021-09-29 22:13:38','2021-09-29 22:13:38','Ilton'),(1615,38,117,10,NULL,'2021-09-29 22:35:21','2021-09-29 22:35:21',NULL),(1616,41,117,10,NULL,'2021-09-29 22:35:29','2021-09-29 22:35:29',NULL),(1617,43,117,10,NULL,'2021-09-29 22:35:35','2021-09-29 22:35:35',NULL),(1618,47,117,10,NULL,'2021-09-29 22:35:48','2021-09-29 22:35:48',NULL),(1619,51,117,20,'users-uploads/Xyyl1Hu61CQeneiGmdizWb8k0VUlJsHsaRUaRu75.jpg','2021-09-29 22:43:03','2021-09-29 22:43:03','Alexandre Almeida'),(1620,38,115,10,NULL,'2021-09-29 22:49:49','2021-09-29 22:49:49',NULL),(1621,41,115,10,NULL,'2021-09-29 22:50:29','2021-09-29 22:50:29',NULL),(1622,43,115,10,NULL,'2021-09-29 22:51:35','2021-09-29 22:51:35',NULL),(1623,47,115,10,NULL,'2021-09-29 22:52:01','2021-09-29 22:52:01',NULL),(1624,51,115,20,'users-uploads/roZsAyrG4bs3J7SOThXex0G8YtU0Gk6WV7rXHUdI.jpg','2021-09-29 22:52:59','2021-09-29 22:52:59','Thiago Willians'),(1625,38,119,10,NULL,'2021-09-30 01:42:39','2021-09-30 01:42:39',NULL),(1626,41,119,10,NULL,'2021-09-30 01:42:52','2021-09-30 01:42:52',NULL),(1627,43,119,10,NULL,'2021-09-30 01:43:41','2021-09-30 01:43:41',NULL),(1628,47,119,10,NULL,'2021-09-30 01:43:58','2021-09-30 01:43:58',NULL),(1629,51,119,20,'users-uploads/sPaGESV0D64C2s3k2tSEN0R5H3JG1cHuvaRWnzvo.jpg','2021-09-30 01:45:50','2021-09-30 01:45:50','Rogerio Moraes  '),(1630,55,48,10,NULL,'2021-09-30 05:59:39','2021-09-30 05:59:39',NULL),(1631,59,48,10,NULL,'2021-09-30 06:00:20','2021-09-30 06:00:20',NULL),(1632,63,48,10,NULL,'2021-09-30 06:01:00','2021-09-30 06:01:00',NULL),(1633,64,48,10,NULL,'2021-09-30 06:01:31','2021-09-30 06:01:31',NULL),(1634,55,50,10,NULL,'2021-09-30 06:29:30','2021-09-30 06:29:30',NULL),(1635,59,50,10,NULL,'2021-09-30 06:30:31','2021-09-30 06:30:31',NULL),(1636,63,50,10,NULL,'2021-09-30 06:31:25','2021-09-30 06:31:25',NULL),(1637,64,50,10,NULL,'2021-09-30 06:32:56','2021-09-30 06:32:56',NULL),(1638,54,52,0,NULL,'2021-09-30 06:36:28','2021-09-30 06:36:28',NULL),(1639,59,52,10,NULL,'2021-09-30 06:36:52','2021-09-30 06:36:52',NULL),(1640,63,52,10,NULL,'2021-09-30 06:37:07','2021-09-30 06:37:07',NULL),(1641,64,52,10,NULL,'2021-09-30 06:37:25','2021-09-30 06:37:25',NULL),(1642,55,6,10,NULL,'2021-09-30 06:40:33','2021-09-30 06:40:33',NULL),(1643,59,6,10,NULL,'2021-09-30 06:42:11','2021-09-30 06:42:11',NULL),(1644,63,6,10,NULL,'2021-09-30 06:43:05','2021-09-30 06:43:05',NULL),(1645,64,6,10,NULL,'2021-09-30 06:44:31','2021-09-30 06:44:31',NULL),(1646,17,120,20,'users-uploads/9j2CIUfNyCpIVBn5KbRomwTqtjn5GYCzGko4zG9P.jpg','2021-09-30 06:50:10','2021-09-30 06:50:10',NULL),(1647,20,120,10,NULL,'2021-09-30 06:50:31','2021-09-30 06:50:31',NULL),(1648,22,120,10,NULL,'2021-09-30 06:51:58','2021-09-30 06:51:58',NULL),(1649,26,120,10,NULL,'2021-09-30 06:52:48','2021-09-30 06:52:48',NULL),(1650,30,120,10,NULL,'2021-09-30 06:53:07','2021-09-30 06:53:07',NULL),(1651,55,23,10,NULL,'2021-09-30 06:54:06','2021-09-30 06:54:06',NULL),(1652,34,59,20,'users-uploads/W2N01g0Z02DMysCTSs96gJTY5Y4OVF4lqsl9ulK8.jpg','2021-09-30 06:57:50','2021-09-30 06:57:50',NULL),(1653,55,7,10,NULL,'2021-09-30 07:07:48','2021-09-30 07:07:48',NULL),(1654,59,7,10,NULL,'2021-09-30 07:19:00','2021-09-30 07:19:00',NULL),(1655,55,9,10,NULL,'2021-09-30 07:20:05','2021-09-30 07:20:05',NULL),(1656,38,22,10,NULL,'2021-09-30 07:20:30','2021-09-30 07:20:30',NULL),(1657,59,9,10,NULL,'2021-09-30 07:21:38','2021-09-30 07:21:38',NULL),(1658,41,22,10,NULL,'2021-09-30 07:22:08','2021-09-30 07:22:08',NULL),(1659,64,7,10,NULL,'2021-09-30 07:22:28','2021-09-30 07:22:28',NULL),(1660,63,9,10,NULL,'2021-09-30 07:22:32','2021-09-30 07:22:32',NULL),(1661,55,14,10,NULL,'2021-09-30 07:22:36','2021-09-30 07:22:36',NULL),(1662,43,22,10,NULL,'2021-09-30 07:23:17','2021-09-30 07:23:17',NULL),(1663,59,14,10,NULL,'2021-09-30 07:23:54','2021-09-30 07:23:54',NULL),(1664,48,22,0,NULL,'2021-09-30 07:24:44','2021-09-30 07:24:44',NULL),(1665,63,14,10,NULL,'2021-09-30 07:24:55','2021-09-30 07:24:55',NULL),(1666,55,15,10,NULL,'2021-09-30 07:24:58','2021-09-30 07:24:58',NULL),(1667,64,9,10,NULL,'2021-09-30 07:24:58','2021-09-30 07:24:58',NULL),(1668,64,14,10,NULL,'2021-09-30 07:26:20','2021-09-30 07:26:20',NULL),(1669,59,15,10,NULL,'2021-09-30 07:26:21','2021-09-30 07:26:21',NULL),(1670,63,15,10,NULL,'2021-09-30 07:27:09','2021-09-30 07:27:09',NULL),(1671,64,15,10,NULL,'2021-09-30 07:28:14','2021-09-30 07:28:14',NULL),(1672,55,22,10,NULL,'2021-09-30 07:32:02','2021-09-30 07:32:02',NULL),(1673,59,54,10,NULL,'2021-09-30 07:33:12','2021-09-30 07:33:12',NULL),(1674,63,54,10,NULL,'2021-09-30 07:33:54','2021-09-30 07:33:54',NULL),(1675,64,54,10,NULL,'2021-09-30 07:36:45','2021-09-30 07:36:45',NULL),(1676,63,42,10,NULL,'2021-09-30 07:42:12','2021-09-30 07:42:12',NULL),(1677,65,42,0,NULL,'2021-09-30 07:44:38','2021-09-30 07:44:38',NULL),(1678,63,7,10,NULL,'2021-09-30 07:54:08','2021-09-30 07:54:08',NULL),(1679,55,36,10,NULL,'2021-09-30 08:26:45','2021-09-30 08:26:45',NULL),(1680,59,36,10,NULL,'2021-09-30 08:35:12','2021-09-30 08:35:12',NULL),(1681,63,36,10,NULL,'2021-09-30 08:36:06','2021-09-30 08:36:06',NULL),(1682,55,16,10,NULL,'2021-09-30 08:51:51','2021-09-30 08:51:51',NULL),(1683,64,16,10,NULL,'2021-09-30 08:52:56','2021-09-30 08:52:56',NULL),(1684,63,16,10,NULL,'2021-09-30 08:53:27','2021-09-30 08:53:27',NULL),(1685,59,16,10,NULL,'2021-09-30 08:54:12','2021-09-30 08:54:12',NULL),(1686,55,82,10,NULL,'2021-09-30 09:02:02','2021-09-30 09:02:02',NULL),(1687,59,82,10,NULL,'2021-09-30 09:02:50','2021-09-30 09:02:50',NULL),(1688,63,82,10,NULL,'2021-09-30 09:03:40','2021-09-30 09:03:40',NULL),(1689,64,82,10,NULL,'2021-09-30 09:04:34','2021-09-30 09:04:34',NULL),(1690,55,29,10,NULL,'2021-09-30 09:10:37','2021-09-30 09:10:37',NULL),(1691,59,29,10,NULL,'2021-09-30 09:11:21','2021-09-30 09:11:21',NULL),(1692,63,29,10,NULL,'2021-09-30 09:12:09','2021-09-30 09:12:09',NULL),(1693,64,29,10,NULL,'2021-09-30 09:13:35','2021-09-30 09:13:35',NULL),(1694,55,32,10,NULL,'2021-09-30 09:26:57','2021-09-30 09:26:57',NULL),(1695,59,32,10,NULL,'2021-09-30 09:30:48','2021-09-30 09:30:48',NULL),(1696,63,32,10,NULL,'2021-09-30 09:31:30','2021-09-30 09:31:30',NULL),(1697,64,32,10,NULL,'2021-09-30 09:32:12','2021-09-30 09:32:12',NULL),(1698,8,1,0,NULL,'2021-09-30 09:55:37','2021-09-30 09:55:37',NULL),(1699,59,34,10,NULL,'2021-09-30 09:58:24','2021-09-30 09:58:24',NULL),(1700,64,34,10,NULL,'2021-09-30 10:06:07','2021-09-30 10:06:07',NULL),(1701,68,29,20,'users-uploads/O6NrXpyAE38MNnPlHB1Mg7owI70reGPGBr0TKKp3.jpg','2021-09-30 10:17:02','2021-09-30 10:17:02',NULL),(1702,59,23,10,NULL,'2021-09-30 10:55:23','2021-09-30 10:55:23',NULL),(1703,63,23,10,NULL,'2021-09-30 10:55:59','2021-09-30 10:55:59',NULL),(1704,64,23,10,NULL,'2021-09-30 10:56:37','2021-09-30 10:56:37',NULL),(1705,55,86,10,NULL,'2021-09-30 10:56:48','2021-09-30 10:56:48',NULL),(1706,59,86,10,NULL,'2021-09-30 10:58:16','2021-09-30 10:58:16',NULL),(1707,59,22,10,NULL,'2021-09-30 10:59:10','2021-09-30 10:59:10',NULL),(1708,63,22,10,NULL,'2021-09-30 11:00:11','2021-09-30 11:00:11',NULL),(1709,51,81,20,'users-uploads/5Bhj33dPQ4Mm6iQxt8Z1vNOW5XTlV3uMXvha0B1G.jpg','2021-09-30 11:00:13','2021-09-30 11:00:13','Gabriela Gandra '),(1710,63,86,10,NULL,'2021-09-30 11:06:31','2021-09-30 11:06:31',NULL),(1711,64,86,10,NULL,'2021-09-30 11:07:06','2021-09-30 11:07:06',NULL),(1713,55,12,10,NULL,'2021-09-30 11:13:08','2021-09-30 11:13:08',NULL),(1714,59,12,10,NULL,'2021-09-30 11:15:06','2021-09-30 11:15:06',NULL),(1715,63,12,10,NULL,'2021-09-30 11:16:40','2021-09-30 11:16:40',NULL),(1716,64,12,10,NULL,'2021-09-30 11:17:58','2021-09-30 11:17:58',NULL),(1717,68,14,20,'users-uploads/lh1r4A4saJ7u2gnd4f6feEkq9P0cBnDQXqM0rCYs.png','2021-09-30 11:19:07','2021-09-30 11:19:07',NULL),(1718,68,82,20,'users-uploads/wDPD3IgecrZ5hjiHNWQ2RiDhv3xk90LUr4uJi5RM.jpg','2021-09-30 11:22:24','2021-09-30 11:22:24',NULL),(1719,68,86,20,'users-uploads/dbph1MVBgoIo2mRDpf6Yo2XQTi2rrFf0cQ2RQGZJ.jpg','2021-09-30 11:24:09','2021-09-30 11:24:09',NULL),(1720,64,22,10,NULL,'2021-09-30 11:27:40','2021-09-30 11:27:40',NULL),(1721,68,23,20,'users-uploads/453NR8KLDrPUbUYmiUVQ317wfeoiRUJ9xWvoUIBi.jpg','2021-09-30 11:28:17','2021-09-30 11:28:17',NULL),(1722,55,77,10,NULL,'2021-09-30 11:30:33','2021-09-30 11:30:33',NULL),(1723,59,77,10,NULL,'2021-09-30 11:31:27','2021-09-30 11:31:27',NULL),(1724,55,4,10,NULL,'2021-09-30 11:31:27','2021-09-30 11:31:27',NULL),(1725,63,77,10,NULL,'2021-09-30 11:32:13','2021-09-30 11:32:13',NULL),(1726,59,4,10,NULL,'2021-09-30 11:33:07','2021-09-30 11:33:07',NULL),(1727,63,4,10,NULL,'2021-09-30 11:33:51','2021-09-30 11:33:51',NULL),(1728,64,77,10,NULL,'2021-09-30 11:33:55','2021-09-30 11:33:55',NULL),(1729,65,4,0,NULL,'2021-09-30 11:34:39','2021-09-30 11:34:39',NULL),(1730,55,66,10,NULL,'2021-09-30 11:45:14','2021-09-30 11:45:14',NULL),(1731,59,66,10,NULL,'2021-09-30 11:46:36','2021-09-30 11:46:36',NULL),(1732,55,40,10,NULL,'2021-09-30 11:47:16','2021-09-30 11:47:16',NULL),(1733,63,66,10,NULL,'2021-09-30 11:47:52','2021-09-30 11:47:52',NULL),(1734,59,40,10,NULL,'2021-09-30 11:47:53','2021-09-30 11:47:53',NULL),(1735,55,49,10,NULL,'2021-09-30 11:48:10','2021-09-30 11:48:10',NULL),(1737,63,40,10,NULL,'2021-09-30 11:48:21','2021-09-30 11:48:21',NULL),(1738,59,49,10,NULL,'2021-09-30 11:48:28','2021-09-30 11:48:28',NULL),(1740,63,49,10,NULL,'2021-09-30 11:48:37','2021-09-30 11:48:37',NULL),(1742,64,49,10,NULL,'2021-09-30 11:48:46','2021-09-30 11:48:46',NULL),(1744,64,40,10,NULL,'2021-09-30 11:48:53','2021-09-30 11:48:53',NULL),(1745,55,43,10,NULL,'2021-09-30 11:49:48','2021-09-30 11:49:48',NULL),(1746,59,43,10,NULL,'2021-09-30 11:50:29','2021-09-30 11:50:29',NULL),(1747,55,26,10,NULL,'2021-09-30 11:50:36','2021-09-30 11:50:36',NULL),(1748,59,26,10,NULL,'2021-09-30 11:52:10','2021-09-30 11:52:10',NULL),(1749,64,66,10,NULL,'2021-09-30 11:52:50','2021-09-30 11:52:50',NULL),(1750,63,26,10,NULL,'2021-09-30 11:53:22','2021-09-30 11:53:22',NULL),(1751,64,26,10,NULL,'2021-09-30 11:54:48','2021-09-30 11:54:48',NULL),(1752,68,49,20,'users-uploads/VdV292PymrBftQC9GDucuqivV98kILOQkEjEjzZC.jpg','2021-09-30 11:56:01','2021-09-30 11:56:01',NULL),(1753,55,61,10,NULL,'2021-09-30 11:57:47','2021-09-30 11:57:47',NULL),(1755,59,61,10,NULL,'2021-09-30 11:58:12','2021-09-30 11:58:12',NULL),(1757,63,61,10,NULL,'2021-09-30 11:58:21','2021-09-30 11:58:21',NULL),(1759,64,61,10,NULL,'2021-09-30 11:58:30','2021-09-30 11:58:30',NULL),(1761,68,26,20,'users-uploads/2S1RtuiuCPadZMfLDem7ino4PMpFY8Bq7bwvneas.jpg','2021-09-30 11:59:19','2021-09-30 11:59:19',NULL),(1762,55,53,10,NULL,'2021-09-30 12:00:52','2021-09-30 12:00:52',NULL),(1763,59,53,10,NULL,'2021-09-30 12:01:00','2021-09-30 12:01:00',NULL),(1764,63,53,10,NULL,'2021-09-30 12:01:06','2021-09-30 12:01:06',NULL),(1765,64,53,10,NULL,'2021-09-30 12:01:12','2021-09-30 12:01:12',NULL),(1766,68,53,20,'users-uploads/QCQTglvtXd1Xpn9UxuPV0ZY0HEyuGxxZu24pr69V.jpg','2021-09-30 12:03:42','2021-09-30 12:03:42',NULL),(1767,55,35,10,NULL,'2021-09-30 12:04:55','2021-09-30 12:04:55',NULL),(1768,59,35,10,NULL,'2021-09-30 12:05:00','2021-09-30 12:05:00',NULL),(1769,63,35,10,NULL,'2021-09-30 12:05:04','2021-09-30 12:05:04',NULL),(1770,64,35,10,NULL,'2021-09-30 12:05:09','2021-09-30 12:05:09',NULL),(1771,68,35,20,'users-uploads/wCcvhMQOTnjOV7UYBV4hXA6SsfRIKwPUl9uNdOeX.jpg','2021-09-30 12:06:44','2021-09-30 12:06:44',NULL),(1772,68,61,20,'users-uploads/Exc58Zpm1smJijgKSX0pKvvbsDizu4L3EZPuoDQI.jpg','2021-09-30 12:20:15','2021-09-30 12:20:15',NULL),(1773,55,51,10,NULL,'2021-09-30 12:26:50','2021-09-30 12:26:50',NULL),(1774,59,51,10,NULL,'2021-09-30 12:27:26','2021-09-30 12:27:26',NULL),(1775,63,51,10,NULL,'2021-09-30 12:27:40','2021-09-30 12:27:40',NULL),(1776,64,51,10,NULL,'2021-09-30 12:27:54','2021-09-30 12:27:54',NULL),(1777,68,51,20,'users-uploads/Crk4QbHCwXUAFtf4iOaABbMn4b0HIlk11iiJIVFe.jpg','2021-09-30 12:29:59','2021-09-30 12:29:59',NULL),(1778,55,30,10,NULL,'2021-09-30 12:33:37','2021-09-30 12:33:37',NULL),(1780,59,30,10,NULL,'2021-09-30 12:33:54','2021-09-30 12:33:54',NULL),(1782,63,30,10,NULL,'2021-09-30 12:34:02','2021-09-30 12:34:02',NULL),(1783,64,30,10,NULL,'2021-09-30 12:34:17','2021-09-30 12:34:17',NULL),(1785,68,30,20,'users-uploads/p93fJ3YPlhatkJpiFqPLsVFx7dS4ElA1eOcQvQzh.jpg','2021-09-30 12:37:27','2021-09-30 12:37:27',NULL),(1786,55,25,10,NULL,'2021-09-30 12:38:31','2021-09-30 12:38:31',NULL),(1787,59,25,10,NULL,'2021-09-30 12:38:57','2021-09-30 12:38:57',NULL),(1788,63,25,10,NULL,'2021-09-30 12:39:38','2021-09-30 12:39:38',NULL),(1789,64,25,10,NULL,'2021-09-30 12:40:28','2021-09-30 12:40:28',NULL),(1790,55,57,10,NULL,'2021-09-30 12:47:56','2021-09-30 12:47:56',NULL),(1791,59,57,10,NULL,'2021-09-30 12:48:05','2021-09-30 12:48:05',NULL),(1793,63,57,10,NULL,'2021-09-30 12:48:13','2021-09-30 12:48:13',NULL),(1795,64,57,10,NULL,'2021-09-30 12:48:22','2021-09-30 12:48:22',NULL),(1797,63,43,10,NULL,'2021-09-30 13:06:15','2021-09-30 13:06:15',NULL),(1798,64,43,10,NULL,'2021-09-30 13:10:08','2021-09-30 13:10:08',NULL),(1799,55,94,10,NULL,'2021-09-30 13:14:17','2021-09-30 13:14:17',NULL),(1800,59,94,10,NULL,'2021-09-30 13:14:46','2021-09-30 13:14:46',NULL),(1801,63,94,10,NULL,'2021-09-30 13:15:54','2021-09-30 13:15:54',NULL),(1802,64,94,10,NULL,'2021-09-30 13:16:30','2021-09-30 13:16:30',NULL),(1803,22,107,10,NULL,'2021-09-30 13:24:35','2021-09-30 13:24:35',NULL),(1804,68,94,20,'users-uploads/LFE8udgf3dG2uFXVwaahQlXmtELWThxqH5Pqf6Q4.jpg','2021-09-30 13:26:28','2021-09-30 13:26:28',NULL),(1805,20,107,10,NULL,'2021-09-30 13:28:23','2021-09-30 13:28:23',NULL),(1806,17,107,20,'users-uploads/fZPhWdCUuflQu77usOzRoNl5VLtMSnPrvX6Q6rd9.jpg','2021-09-30 13:28:58','2021-09-30 13:28:58',NULL),(1807,26,107,10,NULL,'2021-09-30 13:29:20','2021-09-30 13:29:20',NULL),(1808,30,107,10,NULL,'2021-09-30 13:29:28','2021-09-30 13:29:28',NULL),(1809,55,92,10,NULL,'2021-09-30 13:30:01','2021-09-30 13:30:01',NULL),(1810,43,107,10,NULL,'2021-09-30 13:30:26','2021-09-30 13:30:26',NULL),(1811,59,92,10,NULL,'2021-09-30 13:30:50','2021-09-30 13:30:50',NULL),(1812,41,107,10,NULL,'2021-09-30 13:31:27','2021-09-30 13:31:27',NULL),(1813,63,92,10,NULL,'2021-09-30 13:31:30','2021-09-30 13:31:30',NULL),(1814,64,92,10,NULL,'2021-09-30 13:32:14','2021-09-30 13:32:14',NULL),(1815,17,10,20,'users-uploads/ZjGTb8qjM4BGkRtg7WwWMMGBmVjbTmvwBdydz5El.jpg','2021-09-30 13:43:39','2021-09-30 13:43:39',NULL),(1816,55,63,10,NULL,'2021-09-30 13:45:50','2021-09-30 13:45:50',NULL),(1817,59,63,10,NULL,'2021-09-30 13:46:00','2021-09-30 13:46:00',NULL),(1818,63,63,10,NULL,'2021-09-30 13:46:08','2021-09-30 13:46:08',NULL),(1819,64,63,10,NULL,'2021-09-30 13:46:14','2021-09-30 13:46:14',NULL),(1820,55,68,10,NULL,'2021-09-30 13:46:39','2021-09-30 13:46:39',NULL),(1821,59,68,10,NULL,'2021-09-30 13:50:17','2021-09-30 13:50:17',NULL),(1822,55,65,10,NULL,'2021-09-30 13:50:20','2021-09-30 13:50:20',NULL),(1823,63,68,10,NULL,'2021-09-30 13:51:19','2021-09-30 13:51:19',NULL),(1824,59,65,10,NULL,'2021-09-30 13:51:36','2021-09-30 13:51:36',NULL),(1825,38,10,10,NULL,'2021-09-30 13:52:35','2021-09-30 13:52:35',NULL),(1826,63,65,10,NULL,'2021-09-30 13:52:47','2021-09-30 13:52:47',NULL),(1827,4,129,0,NULL,'2021-09-30 13:52:52','2021-09-30 13:52:52',NULL),(1828,6,129,10,NULL,'2021-09-30 13:53:30','2021-09-30 13:53:30',NULL),(1829,41,10,10,NULL,'2021-09-30 13:53:48','2021-09-30 13:53:48',NULL),(1830,65,65,0,NULL,'2021-09-30 13:54:28','2021-09-30 13:54:28',NULL),(1831,9,129,10,NULL,'2021-09-30 13:54:33','2021-09-30 13:54:33',NULL),(1832,64,68,10,NULL,'2021-09-30 13:54:43','2021-09-30 13:54:43',NULL),(1833,55,85,10,NULL,'2021-09-30 13:54:50','2021-09-30 13:54:50',NULL),(1834,43,10,10,NULL,'2021-09-30 13:54:57','2021-09-30 13:54:57',NULL),(1835,59,85,10,NULL,'2021-09-30 13:55:08','2021-09-30 13:55:08',NULL),(1836,68,68,20,'users-uploads/XGIpXTQVfGKMuTR0eq2ONvQDlNKvHPZhg5g2ix7m.jpg','2021-09-30 13:55:24','2021-09-30 13:55:24',NULL),(1837,55,111,10,NULL,'2021-09-30 13:55:25','2021-09-30 13:55:25',NULL),(1838,16,129,10,NULL,'2021-09-30 13:55:34','2021-09-30 13:55:34',NULL),(1839,63,85,10,NULL,'2021-09-30 13:56:18','2021-09-30 13:56:18',NULL),(1840,59,111,10,NULL,'2021-09-30 13:56:30','2021-09-30 13:56:30',NULL),(1841,48,10,0,NULL,'2021-09-30 13:56:35','2021-09-30 13:56:35',NULL),(1842,55,69,10,NULL,'2021-09-30 13:56:35','2021-09-30 13:56:35',NULL),(1843,59,69,10,NULL,'2021-09-30 13:56:49','2021-09-30 13:56:49',NULL),(1844,63,111,10,NULL,'2021-09-30 13:57:21','2021-09-30 13:57:21',NULL),(1845,63,69,10,NULL,'2021-09-30 13:57:48','2021-09-30 13:57:48',NULL),(1846,64,69,10,NULL,'2021-09-30 13:57:58','2021-09-30 13:57:58',NULL),(1847,64,111,10,NULL,'2021-09-30 13:58:16','2021-09-30 13:58:16',NULL),(1848,64,85,10,NULL,'2021-09-30 13:58:45','2021-09-30 13:58:45',NULL),(1849,55,10,10,NULL,'2021-09-30 13:59:17','2021-09-30 13:59:17',NULL),(1850,68,69,20,'users-uploads/jZw8JHbb9h4sFSM97LCIjiPHFQWHecWP5LiklClh.jpg','2021-09-30 13:59:22','2021-09-30 13:59:22',NULL),(1851,18,129,0,NULL,'2021-09-30 14:00:24','2021-09-30 14:00:24',NULL),(1852,59,10,10,NULL,'2021-09-30 14:00:42','2021-09-30 14:00:42',NULL),(1853,22,129,10,NULL,'2021-09-30 14:01:31','2021-09-30 14:01:31',NULL),(1854,63,10,10,NULL,'2021-09-30 14:01:39','2021-09-30 14:01:39',NULL),(1855,26,129,10,NULL,'2021-09-30 14:02:26','2021-09-30 14:02:26',NULL),(1856,30,129,10,NULL,'2021-09-30 14:02:46','2021-09-30 14:02:46',NULL),(1857,64,10,10,NULL,'2021-09-30 14:02:49','2021-09-30 14:02:49',NULL),(1858,55,95,10,NULL,'2021-09-30 14:07:16','2021-09-30 14:07:16',NULL),(1859,59,95,10,NULL,'2021-09-30 14:09:14','2021-09-30 14:09:14',NULL),(1860,51,99,20,'users-uploads/Bmz7lH3ae0zffjyyDsWhUvJiX6ne48vzj4aZhblR.jpg','2021-09-30 14:11:03','2021-09-30 14:11:03',NULL),(1861,63,95,10,NULL,'2021-09-30 14:11:10','2021-09-30 14:11:10',NULL),(1862,17,129,20,'users-uploads/Ah9YYUNBbnIpi5OIXEMrKbv7bKG7XMbq1M0bgjRl.jpg','2021-09-30 14:11:48','2021-09-30 14:11:48',NULL),(1863,38,129,10,NULL,'2021-09-30 14:13:01','2021-09-30 14:13:01',NULL),(1864,55,99,10,NULL,'2021-09-30 14:13:11','2021-09-30 14:13:11',NULL),(1865,64,95,10,NULL,'2021-09-30 14:13:20','2021-09-30 14:13:20',NULL),(1866,41,129,10,NULL,'2021-09-30 14:13:54','2021-09-30 14:13:54',NULL),(1867,17,127,20,'users-uploads/Mm3WAY6OAylm2Uecc0YidoID3LRz9qhoLSiE9zk9.jpg','2021-09-30 14:14:32','2021-09-30 14:14:32',NULL),(1868,43,129,10,NULL,'2021-09-30 14:14:44','2021-09-30 14:14:44',NULL),(1869,59,99,10,NULL,'2021-09-30 14:15:18','2021-09-30 14:15:18',NULL),(1870,47,129,10,NULL,'2021-09-30 14:15:42','2021-09-30 14:15:42',NULL),(1871,68,95,20,'users-uploads/IavH6uB1EalC0UIzGecWcoX2t5LyyKU4WFlUzkle.jpg','2021-09-30 14:16:36','2021-09-30 14:16:36',NULL),(1872,55,34,10,NULL,'2021-09-30 14:16:56','2021-09-30 14:16:56',NULL),(1873,63,34,10,NULL,'2021-09-30 14:17:08','2021-09-30 14:17:08',NULL),(1874,63,99,10,NULL,'2021-09-30 14:17:31','2021-09-30 14:17:31',NULL),(1875,51,129,20,'users-uploads/NAkZgVl0kfuT1KtPmc0zUqqmN0Jbl2XyfDLlOavy.png','2021-09-30 14:17:55','2021-09-30 14:17:55','Juliana Gonçalves'),(1876,64,99,10,NULL,'2021-09-30 14:19:02','2021-09-30 14:19:02',NULL),(1877,55,129,10,NULL,'2021-09-30 14:19:09','2021-09-30 14:19:09',NULL),(1878,38,127,10,NULL,'2021-09-30 14:19:33','2021-09-30 14:19:33',NULL),(1879,59,129,10,NULL,'2021-09-30 14:20:34','2021-09-30 14:20:34',NULL),(1880,55,98,10,NULL,'2021-09-30 14:20:37','2021-09-30 14:20:37',NULL),(1881,59,98,10,NULL,'2021-09-30 14:20:42','2021-09-30 14:20:42',NULL),(1882,63,98,10,NULL,'2021-09-30 14:20:46','2021-09-30 14:20:46',NULL),(1883,64,98,10,NULL,'2021-09-30 14:20:52','2021-09-30 14:20:52',NULL),(1884,41,127,10,NULL,'2021-09-30 14:21:29','2021-09-30 14:21:29',NULL),(1885,63,129,10,NULL,'2021-09-30 14:21:32','2021-09-30 14:21:32',NULL),(1886,66,129,0,NULL,'2021-09-30 14:23:18','2021-09-30 14:23:18',NULL),(1887,68,98,20,'users-uploads/4ZCR9V5u9Vopm54QltF5BXF436kYSkq0xQBRMHft.jpg','2021-09-30 14:24:08','2021-09-30 14:24:08',NULL),(1888,43,127,10,NULL,'2021-09-30 14:24:15','2021-09-30 14:24:15',NULL),(1889,47,127,10,NULL,'2021-09-30 14:25:21','2021-09-30 14:25:21',NULL),(1890,55,101,10,NULL,'2021-09-30 14:27:24','2021-09-30 14:27:24',NULL),(1891,59,101,10,NULL,'2021-09-30 14:27:27','2021-09-30 14:27:27',NULL),(1892,63,101,10,NULL,'2021-09-30 14:27:31','2021-09-30 14:27:31',NULL),(1893,64,101,10,NULL,'2021-09-30 14:27:34','2021-09-30 14:27:34',NULL),(1894,68,101,20,'users-uploads/VJGdxqmtlBMVUSTni3obKvKM8YIjSfyStw8hKmJy.jpg','2021-09-30 14:28:35','2021-09-30 14:28:35',NULL),(1895,55,89,10,NULL,'2021-09-30 14:29:19','2021-09-30 14:29:19',NULL),(1896,59,89,10,NULL,'2021-09-30 14:29:23','2021-09-30 14:29:23',NULL),(1897,63,89,10,NULL,'2021-09-30 14:29:27','2021-09-30 14:29:27',NULL),(1898,64,89,10,NULL,'2021-09-30 14:29:30','2021-09-30 14:29:30',NULL),(1899,68,89,20,'users-uploads/ljuZHpvIHbZtPvuwKMSBJfwQGEKWOPgMtxq9dEz9.jpg','2021-09-30 14:31:47','2021-09-30 14:31:47',NULL),(1900,55,37,10,NULL,'2021-09-30 14:35:11','2021-09-30 14:35:11',NULL),(1901,59,37,10,NULL,'2021-09-30 14:36:05','2021-09-30 14:36:05',NULL),(1902,63,37,10,NULL,'2021-09-30 14:36:41','2021-09-30 14:36:41',NULL),(1903,64,37,10,NULL,'2021-09-30 14:37:18','2021-09-30 14:37:18',NULL),(1904,68,92,20,'users-uploads/fJOnjlTdC8XJP5EJx5hvnxnLYsGidM1FEecoGerz.jpg','2021-09-30 14:37:30','2021-09-30 14:37:30',NULL),(1905,68,85,20,'users-uploads/RnJMm5gp9HtXFUm1aM4PyEOA8epuxLnVZPaTSHAk.jpg','2021-09-30 14:38:47','2021-09-30 14:38:47',NULL),(1906,55,128,10,NULL,'2021-09-30 14:42:04','2021-09-30 14:42:04',NULL),(1907,59,128,10,NULL,'2021-09-30 14:42:07','2021-09-30 14:42:07',NULL),(1908,68,9,20,'users-uploads/523wN3XD6zCvZIH5d7uX5A1bkLCWaTjzJSWVCC6f.jpg','2021-09-30 14:42:12','2021-09-30 14:42:12',NULL),(1909,63,128,10,NULL,'2021-09-30 14:42:13','2021-09-30 14:42:13',NULL),(1910,64,128,10,NULL,'2021-09-30 14:42:16','2021-09-30 14:42:16',NULL),(1911,55,81,10,NULL,'2021-09-30 14:43:59','2021-09-30 14:43:59',NULL),(1912,68,128,20,'users-uploads/RzeiixK2MbXiIxDNcqqIyOlAnS9NrS2q9W0eMxt4.jpg','2021-09-30 14:44:34','2021-09-30 14:44:34',NULL),(1913,59,81,10,NULL,'2021-09-30 14:44:47','2021-09-30 14:44:47',NULL),(1914,55,54,10,NULL,'2021-09-30 14:45:06','2021-09-30 14:45:06',NULL),(1915,63,81,10,NULL,'2021-09-30 14:45:50','2021-09-30 14:45:50',NULL),(1916,64,81,10,NULL,'2021-09-30 14:47:18','2021-09-30 14:47:18',NULL),(1917,55,110,10,NULL,'2021-09-30 14:48:24','2021-09-30 14:48:24',NULL),(1918,59,110,10,NULL,'2021-09-30 14:49:30','2021-09-30 14:49:30',NULL),(1919,68,66,20,'users-uploads/MtNL6NzmKG4K2sFkjgcnzzsqTBPKArJWKV8eR2ET.jpg','2021-09-30 14:49:33','2021-09-30 14:49:33',NULL),(1920,63,110,10,NULL,'2021-09-30 14:50:22','2021-09-30 14:50:22',NULL),(1921,65,110,0,NULL,'2021-09-30 14:51:43','2021-09-30 14:51:43',NULL),(1922,68,54,20,'users-uploads/wCkbDJk5YdcZo15FjnLgvRA3UePTP9gn8M1bLjD6.jpg','2021-09-30 14:52:33','2021-09-30 14:52:33',NULL),(1923,55,19,10,NULL,'2021-09-30 15:01:51','2021-09-30 15:01:51',NULL),(1924,59,19,10,NULL,'2021-09-30 15:02:48','2021-09-30 15:02:48',NULL),(1925,63,19,10,NULL,'2021-09-30 15:03:31','2021-09-30 15:03:31',NULL),(1926,64,19,10,NULL,'2021-09-30 15:04:24','2021-09-30 15:04:24',NULL),(1927,68,40,20,'users-uploads/Unaqfcb4DqXFrBKOANIsgcdDo3UnzO3ORK5Op1WE.png','2021-09-30 15:08:43','2021-09-30 15:08:43',NULL),(1928,55,70,10,NULL,'2021-09-30 15:17:16','2021-09-30 15:17:16',NULL),(1929,59,70,10,NULL,'2021-09-30 15:18:04','2021-09-30 15:18:04',NULL),(1930,63,70,10,NULL,'2021-09-30 15:18:41','2021-09-30 15:18:41',NULL),(1931,64,70,10,NULL,'2021-09-30 15:19:29','2021-09-30 15:19:29',NULL),(1932,68,70,20,'users-uploads/NtkiLU7L5hxI6U5KsDWoe2Vzuv5lWa2lkrccQtPW.jpg','2021-09-30 15:23:02','2021-09-30 15:23:02',NULL),(1933,55,93,10,NULL,'2021-09-30 15:37:20','2021-09-30 15:37:20',NULL),(1934,59,93,10,NULL,'2021-09-30 15:38:33','2021-09-30 15:38:33',NULL),(1935,63,93,10,NULL,'2021-09-30 15:39:22','2021-09-30 15:39:22',NULL),(1936,64,93,10,NULL,'2021-09-30 15:42:51','2021-09-30 15:42:51',NULL),(1937,55,84,10,NULL,'2021-09-30 15:46:08','2021-09-30 15:46:08',NULL),(1938,55,64,10,NULL,'2021-09-30 15:46:53','2021-09-30 15:46:53',NULL),(1939,59,84,10,NULL,'2021-09-30 15:46:57','2021-09-30 15:46:57',NULL),(1940,59,64,10,NULL,'2021-09-30 15:47:55','2021-09-30 15:47:55',NULL),(1941,63,84,10,NULL,'2021-09-30 15:48:05','2021-09-30 15:48:05',NULL),(1942,63,64,10,NULL,'2021-09-30 15:48:48','2021-09-30 15:48:48',NULL),(1943,65,84,0,NULL,'2021-09-30 15:49:44','2021-09-30 15:49:44',NULL),(1944,64,64,10,NULL,'2021-09-30 15:51:41','2021-09-30 15:51:41',NULL),(1945,55,72,10,NULL,'2021-09-30 16:11:44','2021-09-30 16:11:44',NULL),(1946,59,72,10,NULL,'2021-09-30 16:12:23','2021-09-30 16:12:23',NULL),(1947,63,72,10,NULL,'2021-09-30 16:12:54','2021-09-30 16:12:54',NULL),(1948,64,72,10,NULL,'2021-09-30 16:13:50','2021-09-30 16:13:50',NULL),(1949,55,56,10,NULL,'2021-09-30 16:40:09','2021-09-30 16:40:09',NULL),(1950,59,56,10,NULL,'2021-09-30 16:41:03','2021-09-30 16:41:03',NULL),(1951,63,56,10,NULL,'2021-09-30 16:41:36','2021-09-30 16:41:36',NULL),(1952,64,56,10,NULL,'2021-09-30 16:43:01','2021-09-30 16:43:01',NULL),(1953,55,74,10,NULL,'2021-09-30 16:44:14','2021-09-30 16:44:14',NULL),(1954,68,56,20,'users-uploads/mYCXVCThfDRB9onpBHOo0y9s9wZKptbvJ0b6P4TZ.jpg','2021-09-30 16:44:59','2021-09-30 16:44:59',NULL),(1955,59,74,10,NULL,'2021-09-30 16:46:28','2021-09-30 16:46:28',NULL),(1956,63,74,10,NULL,'2021-09-30 16:47:12','2021-09-30 16:47:12',NULL),(1957,64,74,10,NULL,'2021-09-30 16:48:55','2021-09-30 16:48:55',NULL),(1958,55,11,10,NULL,'2021-09-30 16:52:43','2021-09-30 16:52:43',NULL),(1959,59,11,10,NULL,'2021-09-30 16:52:50','2021-09-30 16:52:50',NULL),(1960,63,11,10,NULL,'2021-09-30 16:52:56','2021-09-30 16:52:56',NULL),(1961,64,11,10,NULL,'2021-09-30 16:53:08','2021-09-30 16:53:08',NULL),(1962,68,11,20,'users-uploads/J6gLBKBzlIg7T4DnFzsvUJlHeAONKEfsZgPF5YIa.jpg','2021-09-30 16:59:03','2021-09-30 16:59:03',NULL),(1963,55,55,10,NULL,'2021-09-30 17:25:24','2021-09-30 17:25:24',NULL),(1964,59,55,10,NULL,'2021-09-30 17:25:31','2021-09-30 17:25:31',NULL),(1965,63,55,10,NULL,'2021-09-30 17:25:37','2021-09-30 17:25:37',NULL),(1966,64,55,10,NULL,'2021-09-30 17:25:45','2021-09-30 17:25:45',NULL),(1967,68,55,20,'users-uploads/0vTbFeKlopnc2fIgXnii6tLpHcvgSqm4BhjGYJu8.jpg','2021-09-30 17:27:25','2021-09-30 17:27:25',NULL),(1968,55,113,10,NULL,'2021-09-30 17:31:25','2021-09-30 17:31:25',NULL),(1969,59,113,10,NULL,'2021-09-30 17:31:35','2021-09-30 17:31:35',NULL),(1970,63,113,10,NULL,'2021-09-30 17:31:42','2021-09-30 17:31:42',NULL),(1971,64,113,10,NULL,'2021-09-30 17:31:50','2021-09-30 17:31:50',NULL),(1972,68,113,20,'users-uploads/VSrKNAFbV5eshUv609CMDiQo2j1jP25AVkZm1oMg.jpg','2021-09-30 17:34:34','2021-09-30 17:34:34',NULL),(1973,68,65,20,'users-uploads/Et6ABP2uP8lHmVmqfKb5Y5EOf7cyoa8WCVsMlBxs.jpg','2021-09-30 17:41:01','2021-09-30 17:41:01',NULL),(1974,55,47,10,NULL,'2021-09-30 17:52:27','2021-09-30 17:52:27',NULL),(1975,59,47,10,NULL,'2021-09-30 17:52:34','2021-09-30 17:52:34',NULL),(1976,63,47,10,NULL,'2021-09-30 17:52:41','2021-09-30 17:52:41',NULL),(1977,64,47,10,NULL,'2021-09-30 17:52:46','2021-09-30 17:52:46',NULL),(1978,68,47,20,'users-uploads/MghsWFvZfUCw2W3aZJMqFQYFXThmVVzbltTWayW4.jpg','2021-09-30 17:54:23','2021-09-30 17:54:23',NULL),(1979,55,91,10,NULL,'2021-09-30 18:09:38','2021-09-30 18:09:38',NULL),(1980,59,91,10,NULL,'2021-09-30 18:09:46','2021-09-30 18:09:46',NULL),(1981,63,91,10,NULL,'2021-09-30 18:09:53','2021-09-30 18:09:53',NULL),(1982,64,91,10,NULL,'2021-09-30 18:10:00','2021-09-30 18:10:00',NULL),(1983,68,64,20,'users-uploads/zrCVt861GbjFjcuD6RzgaP28lWeXElzwjR9daGXo.jpg','2021-09-30 18:10:29','2021-09-30 18:10:29',NULL),(1984,55,71,10,NULL,'2021-09-30 18:12:18','2021-09-30 18:12:18',NULL),(1985,59,71,10,NULL,'2021-09-30 18:12:29','2021-09-30 18:12:29',NULL),(1986,63,71,10,NULL,'2021-09-30 18:12:38','2021-09-30 18:12:38',NULL),(1987,64,71,10,NULL,'2021-09-30 18:12:49','2021-09-30 18:12:49',NULL),(1988,68,71,20,'users-uploads/8fOe0ozd3Mtr4Dnb5uFgUMVNrhoK7OErcH2E1Fzj.jpg','2021-09-30 18:13:12','2021-09-30 18:13:12',NULL),(1989,68,63,20,'users-uploads/MZ4hVs9DceRn6pcB7C6gK9QhzcUXnHsaoWf0XkC9.jpg','2021-09-30 18:13:18','2021-09-30 18:13:18',NULL),(1990,68,91,20,'users-uploads/ODrVDsyhvlU88L6SKxANkHL5h0Jd9uyH8i8HO5Ju.jpg','2021-09-30 18:15:50','2021-09-30 18:15:50',NULL),(1991,55,78,10,NULL,'2021-09-30 18:29:45','2021-09-30 18:29:45',NULL),(1992,59,78,10,NULL,'2021-09-30 18:31:08','2021-09-30 18:31:08',NULL),(1993,63,78,10,NULL,'2021-09-30 18:32:28','2021-09-30 18:32:28',NULL),(1994,64,78,10,NULL,'2021-09-30 18:33:40','2021-09-30 18:33:40',NULL),(1995,68,78,20,'users-uploads/tSSGSgXA9RhX7NRSHNDgVBGrua0epQd3VkXNX7cW.jpg','2021-09-30 18:34:44','2021-09-30 18:34:44',NULL),(1996,55,108,10,NULL,'2021-09-30 19:33:22','2021-09-30 19:33:22',NULL),(1997,59,108,10,NULL,'2021-09-30 19:35:17','2021-09-30 19:35:17',NULL),(1998,63,108,10,NULL,'2021-09-30 19:37:23','2021-09-30 19:37:23',NULL),(1999,64,108,10,NULL,'2021-09-30 19:39:35','2021-09-30 19:39:35',NULL),(2000,55,96,10,NULL,'2021-09-30 19:45:15','2021-09-30 19:45:15',NULL),(2001,59,96,10,NULL,'2021-09-30 19:45:22','2021-09-30 19:45:22',NULL),(2002,63,96,10,NULL,'2021-09-30 19:45:29','2021-09-30 19:45:29',NULL),(2003,64,96,10,NULL,'2021-09-30 19:45:35','2021-09-30 19:45:35',NULL),(2004,68,48,20,'users-uploads/kjCShUvRG68M8FpUsDxGTorVcXbGyLTt9JdY8hYe.jpg','2021-09-30 19:50:29','2021-09-30 19:50:29',NULL),(2005,68,96,20,'users-uploads/1Qe2D8I6dZumluMBbd3dnV4bCqyAini9rj2eBb64.jpg','2021-09-30 19:50:30','2021-09-30 19:50:30',NULL),(2006,55,100,10,NULL,'2021-09-30 19:51:23','2021-09-30 19:51:23',NULL),(2007,59,100,10,NULL,'2021-09-30 19:51:31','2021-09-30 19:51:31',NULL),(2008,63,100,10,NULL,'2021-09-30 19:51:38','2021-09-30 19:51:38',NULL),(2009,64,100,10,NULL,'2021-09-30 19:51:45','2021-09-30 19:51:45',NULL),(2010,68,100,20,'users-uploads/bVynOGjbCMV8hyfxInnU9BYPdZavg915KP0CgvWD.jpg','2021-09-30 19:53:37','2021-09-30 19:53:37',NULL),(2011,55,88,10,NULL,'2021-09-30 20:07:20','2021-09-30 20:07:20',NULL),(2012,59,88,10,NULL,'2021-09-30 20:07:30','2021-09-30 20:07:30',NULL),(2013,63,88,10,NULL,'2021-09-30 20:07:38','2021-09-30 20:07:38',NULL),(2014,64,88,10,NULL,'2021-09-30 20:07:45','2021-09-30 20:07:45',NULL),(2015,68,88,20,'users-uploads/rXJtWEpaCAaJWc7JlqedZooy5zm4d9iDjVbDXHc9.jpg','2021-09-30 20:11:36','2021-09-30 20:11:36',NULL),(2016,55,97,10,NULL,'2021-09-30 20:14:50','2021-09-30 20:14:50',NULL),(2017,59,97,10,NULL,'2021-09-30 20:14:57','2021-09-30 20:14:57',NULL),(2018,63,97,10,NULL,'2021-09-30 20:15:05','2021-09-30 20:15:05',NULL),(2019,64,97,10,NULL,'2021-09-30 20:15:12','2021-09-30 20:15:12',NULL),(2020,68,97,20,'users-uploads/y0L6n59ySVRdjsokbECBxUqzvyE5j4e85OBpxvGQ.jpg','2021-09-30 20:16:32','2021-09-30 20:16:32',NULL),(2021,55,103,10,NULL,'2021-09-30 20:21:35','2021-09-30 20:21:35',NULL),(2022,59,103,10,NULL,'2021-09-30 20:21:40','2021-09-30 20:21:40',NULL),(2023,63,103,10,NULL,'2021-09-30 20:21:48','2021-09-30 20:21:48',NULL),(2024,64,103,10,NULL,'2021-09-30 20:21:53','2021-09-30 20:21:53',NULL),(2025,68,103,20,'users-uploads/4pd3KnGLFc7diw8SMcxuZpa8OrRuxdvb4pl54zF3.jpg','2021-09-30 20:24:45','2021-09-30 20:24:45',NULL),(2026,55,102,10,NULL,'2021-09-30 20:28:23','2021-09-30 20:28:23',NULL),(2027,59,102,10,NULL,'2021-09-30 20:28:29','2021-09-30 20:28:29',NULL),(2028,63,102,10,NULL,'2021-09-30 20:28:35','2021-09-30 20:28:35',NULL),(2029,64,102,10,NULL,'2021-09-30 20:28:40','2021-09-30 20:28:40',NULL),(2030,55,112,10,NULL,'2021-09-30 20:36:34','2021-09-30 20:36:34',NULL),(2031,59,112,10,NULL,'2021-09-30 20:36:42','2021-09-30 20:36:42',NULL),(2032,63,112,10,NULL,'2021-09-30 20:36:48','2021-09-30 20:36:48',NULL),(2033,64,112,10,NULL,'2021-09-30 20:36:55','2021-09-30 20:36:55',NULL),(2034,68,112,20,'users-uploads/nh5KM6MwKKz0tOiqjpcP9ePQRNYj4T37rwEZkGFA.jpg','2021-09-30 20:41:31','2021-09-30 20:41:31',NULL),(2035,51,75,20,'users-uploads/OorYvXtGXWUegQgojYnOcoms0ABu15NdnDnF04rU.jpg','2021-09-30 21:06:38','2021-09-30 21:06:38','Gabriela'),(2036,55,75,10,NULL,'2021-09-30 21:07:08','2021-09-30 21:07:08',NULL),(2037,59,75,10,NULL,'2021-09-30 21:07:24','2021-09-30 21:07:24',NULL),(2038,63,75,10,NULL,'2021-09-30 21:07:39','2021-09-30 21:07:39',NULL),(2039,64,75,10,NULL,'2021-09-30 21:08:03','2021-09-30 21:08:03',NULL),(2040,68,75,20,'users-uploads/QGdpO2c4mB4QsqhJTZADxEgAN8RJSXl61tXguFDl.jpg','2021-09-30 21:16:46','2021-09-30 21:16:46','Gabriela'),(2041,55,114,10,NULL,'2021-09-30 21:52:56','2021-09-30 21:52:56',NULL),(2042,59,114,10,NULL,'2021-09-30 21:55:11','2021-09-30 21:55:11',NULL),(2043,63,114,10,NULL,'2021-09-30 21:57:42','2021-09-30 21:57:42',NULL),(2044,64,114,10,NULL,'2021-09-30 21:59:28','2021-09-30 21:59:28',NULL),(2045,55,118,10,NULL,'2021-09-30 22:55:43','2021-09-30 22:55:43',NULL),(2046,59,118,10,NULL,'2021-09-30 22:57:18','2021-09-30 22:57:18',NULL),(2047,63,118,10,NULL,'2021-09-30 22:59:03','2021-09-30 22:59:03',NULL),(2048,64,118,10,NULL,'2021-09-30 23:01:46','2021-09-30 23:01:46',NULL),(2049,55,117,10,NULL,'2021-09-30 23:20:33','2021-09-30 23:20:33',NULL),(2050,59,117,10,NULL,'2021-09-30 23:21:28','2021-09-30 23:21:28',NULL),(2051,63,117,10,NULL,'2021-09-30 23:22:06','2021-09-30 23:22:06',NULL),(2052,64,117,10,NULL,'2021-09-30 23:25:33','2021-09-30 23:25:33',NULL),(2053,38,116,10,NULL,'2021-09-30 23:27:36','2021-09-30 23:27:36',NULL),(2054,41,116,10,NULL,'2021-09-30 23:28:32','2021-09-30 23:28:32',NULL),(2055,43,116,10,NULL,'2021-09-30 23:29:23','2021-09-30 23:29:23',NULL),(2056,47,116,10,NULL,'2021-09-30 23:30:05','2021-09-30 23:30:05',NULL),(2057,51,116,20,'users-uploads/L67cB2L4QKmhQlg60GCWcY1V9I0mzTuxwizeUusZ.jpg','2021-09-30 23:32:36','2021-09-30 23:32:36','Paulo Moreira '),(2058,55,116,10,NULL,'2021-09-30 23:33:16','2021-09-30 23:33:16',NULL),(2059,59,116,10,NULL,'2021-09-30 23:34:06','2021-09-30 23:34:06',NULL),(2060,63,116,10,NULL,'2021-09-30 23:35:26','2021-09-30 23:35:26',NULL),(2061,64,116,10,NULL,'2021-09-30 23:36:17','2021-09-30 23:36:17',NULL),(2062,55,115,10,NULL,'2021-09-30 23:39:19','2021-09-30 23:39:19',NULL),(2063,68,116,20,'users-uploads/5QtPCmiTV56dTEcRF7Otqsl49BHBOVgBsYu0prCh.jpg','2021-09-30 23:39:25','2021-09-30 23:39:25','Paulo Moreira '),(2064,59,115,10,NULL,'2021-09-30 23:39:44','2021-09-30 23:39:44',NULL),(2065,63,115,10,NULL,'2021-09-30 23:39:53','2021-09-30 23:39:53',NULL),(2066,64,115,10,NULL,'2021-09-30 23:40:03','2021-09-30 23:40:03',NULL),(2067,68,115,20,'users-uploads/U1MVu9kuGv7JrRQs6LFZGACHImCJPM8I3izn2fwZ.jpg','2021-09-30 23:46:58','2021-09-30 23:46:58',NULL),(2068,68,114,20,'users-uploads/CHUzA8BIA3PKZrpoldcjdh5ZBANBpG38wvlLxMyq.jpg','2021-09-30 23:49:54','2021-09-30 23:49:54',NULL),(2069,68,108,20,'users-uploads/TZFPfsL07VLKiFyISp2dx0x6cR6hoWvRluCLnS2O.jpg','2021-10-01 02:15:32','2021-10-01 02:15:32',NULL),(2070,68,118,20,'users-uploads/DMXz2G7PtfvUZD4I4Bv08WzrEhwz1m7ADZHL0euU.jpg','2021-10-01 02:45:34','2021-10-01 02:45:34',NULL),(2071,69,23,10,NULL,'2021-10-01 06:12:24','2021-10-01 06:12:24',NULL),(2072,74,23,0,NULL,'2021-10-01 06:13:03','2021-10-01 06:13:03',NULL),(2073,80,23,10,NULL,'2021-10-01 06:14:23','2021-10-01 06:14:23',NULL),(2074,83,23,10,NULL,'2021-10-01 06:16:00','2021-10-01 06:16:00',NULL),(2075,69,49,10,NULL,'2021-10-01 06:22:59','2021-10-01 06:22:59',NULL),(2076,80,49,10,NULL,'2021-10-01 06:23:16','2021-10-01 06:23:16',NULL),(2077,83,49,10,NULL,'2021-10-01 06:23:33','2021-10-01 06:23:33',NULL),(2078,69,61,10,NULL,'2021-10-01 06:24:59','2021-10-01 06:24:59',NULL),(2079,80,61,10,NULL,'2021-10-01 06:25:08','2021-10-01 06:25:08',NULL),(2080,83,61,10,NULL,'2021-10-01 06:25:19','2021-10-01 06:25:19',NULL),(2081,16,124,10,NULL,'2021-10-01 06:39:46','2021-10-01 06:39:46',NULL),(2082,69,6,10,NULL,'2021-10-01 06:53:41','2021-10-01 06:53:41',NULL),(2083,75,6,10,NULL,'2021-10-01 06:56:03','2021-10-01 06:56:03',NULL),(2084,80,6,10,NULL,'2021-10-01 06:56:33','2021-10-01 06:56:33',NULL),(2085,83,6,10,NULL,'2021-10-01 06:57:00','2021-10-01 06:57:00',NULL),(2086,69,40,10,NULL,'2021-10-01 07:02:24','2021-10-01 07:02:24',NULL),(2087,75,40,10,NULL,'2021-10-01 07:03:00','2021-10-01 07:03:00',NULL),(2088,80,40,10,NULL,'2021-10-01 07:03:20','2021-10-01 07:03:20',NULL),(2089,83,40,10,NULL,'2021-10-01 07:03:43','2021-10-01 07:03:43',NULL),(2090,69,19,10,NULL,'2021-10-01 07:16:40','2021-10-01 07:16:40',NULL),(2091,75,19,10,NULL,'2021-10-01 07:17:21','2021-10-01 07:17:21',NULL),(2092,80,19,10,NULL,'2021-10-01 07:17:49','2021-10-01 07:17:49',NULL),(2093,83,19,10,NULL,'2021-10-01 07:18:19','2021-10-01 07:18:19',NULL),(2094,85,19,20,'users-uploads/8p0ViIiAdlt5953ZPSAOEtMbkQIgL5yRYVpUXOgQ.jpg','2021-10-01 07:23:16','2021-10-01 07:23:16',NULL),(2095,55,87,10,NULL,'2021-10-01 07:27:53','2021-10-01 07:27:53',NULL),(2096,59,87,10,NULL,'2021-10-01 07:28:34','2021-10-01 07:28:34',NULL),(2097,68,19,20,'users-uploads/acu6BagkWpCJYVihnTdMEkSslBva0XJmbOY2dr7W.jpg','2021-10-01 07:28:45','2021-10-01 07:28:45',NULL),(2098,63,87,10,NULL,'2021-10-01 07:29:23','2021-10-01 07:29:23',NULL),(2099,64,87,10,NULL,'2021-10-01 07:30:34','2021-10-01 07:30:34',NULL),(2100,69,87,10,NULL,'2021-10-01 07:32:03','2021-10-01 07:32:03',NULL),(2101,73,87,0,NULL,'2021-10-01 07:32:54','2021-10-01 07:32:54',NULL),(2102,80,87,10,NULL,'2021-10-01 07:33:27','2021-10-01 07:33:27',NULL),(2103,84,87,0,NULL,'2021-10-01 07:33:52','2021-10-01 07:33:52',NULL),(2104,69,95,10,NULL,'2021-10-01 07:35:34','2021-10-01 07:35:34',NULL),(2105,74,95,0,NULL,'2021-10-01 07:36:30','2021-10-01 07:36:30',NULL),(2106,85,87,20,'users-uploads/46xbhJCY4H4onp6MehIUqsWVwoyKgUiGyepEXxFJ.png','2021-10-01 07:36:46','2021-10-01 07:36:46',NULL),(2107,34,120,20,'users-uploads/Uj6nmp0QsWfGeNeRmnpoHIMupVgbztbTR94hvEpq.jpg','2021-10-01 07:37:02','2021-10-01 07:37:02',NULL),(2108,80,95,10,NULL,'2021-10-01 07:37:42','2021-10-01 07:37:42',NULL),(2109,69,89,10,NULL,'2021-10-01 07:37:53','2021-10-01 07:37:53',NULL),(2110,69,92,10,NULL,'2021-10-01 07:37:54','2021-10-01 07:37:54',NULL),(2111,38,120,10,NULL,'2021-10-01 07:38:19','2021-10-01 07:38:19',NULL),(2112,68,87,20,'users-uploads/hFqDO6jZsaiqgFKzMBB6oD3ZtNkz6BC9WB94nHyC.jpg','2021-10-01 07:38:26','2021-10-01 07:38:26',NULL),(2113,83,95,10,NULL,'2021-10-01 07:38:39','2021-10-01 07:38:39',NULL),(2114,75,89,10,NULL,'2021-10-01 07:38:58','2021-10-01 07:38:58',NULL),(2115,75,92,10,NULL,'2021-10-01 07:39:00','2021-10-01 07:39:00',NULL),(2116,41,120,10,NULL,'2021-10-01 07:39:13','2021-10-01 07:39:13',NULL),(2117,45,120,0,NULL,'2021-10-01 07:39:42','2021-10-01 07:39:42',NULL),(2118,80,92,10,NULL,'2021-10-01 07:39:47','2021-10-01 07:39:47',NULL),(2119,80,89,10,NULL,'2021-10-01 07:39:49','2021-10-01 07:39:49',NULL),(2120,48,120,0,NULL,'2021-10-01 07:40:29','2021-10-01 07:40:29',NULL),(2121,83,89,10,NULL,'2021-10-01 07:40:37','2021-10-01 07:40:37',NULL),(2122,83,92,10,NULL,'2021-10-01 07:40:39','2021-10-01 07:40:39',NULL),(2123,51,120,20,'users-uploads/xAuuwhBqq1cKmlcQ2ewcA6k1LIpChU58ED9c67Xx.jpg','2021-10-01 07:43:10','2021-10-01 07:43:10','Alexandre Tedeschi '),(2124,55,120,10,NULL,'2021-10-01 07:44:33','2021-10-01 07:44:33',NULL),(2125,59,120,10,NULL,'2021-10-01 07:45:38','2021-10-01 07:45:38',NULL),(2126,69,47,10,NULL,'2021-10-01 07:46:14','2021-10-01 07:46:14',NULL),(2127,75,47,10,NULL,'2021-10-01 07:46:30','2021-10-01 07:46:30',NULL),(2128,63,120,10,NULL,'2021-10-01 07:46:35','2021-10-01 07:46:35',NULL),(2129,80,47,10,NULL,'2021-10-01 07:46:42','2021-10-01 07:46:42',NULL),(2131,83,47,10,NULL,'2021-10-01 07:46:52','2021-10-01 07:46:52',NULL),(2132,64,120,10,NULL,'2021-10-01 07:47:25','2021-10-01 07:47:25',NULL),(2133,69,86,10,NULL,'2021-10-01 07:49:09','2021-10-01 07:49:09',NULL),(2134,85,95,20,'users-uploads/uIHEuzb72tE9B09HccOBkdFEzV0P392koDjFlT6Q.jpg','2021-10-01 07:49:31','2021-10-01 07:49:31',NULL),(2135,75,86,10,NULL,'2021-10-01 07:49:40','2021-10-01 07:49:40',NULL),(2136,80,86,10,NULL,'2021-10-01 07:50:23','2021-10-01 07:50:23',NULL),(2137,83,86,10,NULL,'2021-10-01 07:50:54','2021-10-01 07:50:54',NULL),(2138,69,14,10,NULL,'2021-10-01 07:52:17','2021-10-01 07:52:17',NULL),(2139,76,14,0,NULL,'2021-10-01 07:53:09','2021-10-01 07:53:09',NULL),(2140,80,14,10,NULL,'2021-10-01 07:54:00','2021-10-01 07:54:00',NULL),(2141,83,14,10,NULL,'2021-10-01 07:54:24','2021-10-01 07:54:24',NULL),(2142,69,9,10,NULL,'2021-10-01 07:59:28','2021-10-01 07:59:28',NULL),(2143,69,82,10,NULL,'2021-10-01 08:02:11','2021-10-01 08:02:11',NULL),(2144,75,82,10,NULL,'2021-10-01 08:02:31','2021-10-01 08:02:31',NULL),(2145,80,82,10,NULL,'2021-10-01 08:02:59','2021-10-01 08:02:59',NULL),(2146,82,82,0,NULL,'2021-10-01 08:06:11','2021-10-01 08:06:11',NULL),(2147,75,9,10,NULL,'2021-10-01 08:07:05','2021-10-01 08:07:05',NULL),(2148,80,9,10,NULL,'2021-10-01 08:07:30','2021-10-01 08:07:30',NULL),(2149,83,9,10,NULL,'2021-10-01 08:07:49','2021-10-01 08:07:49',NULL),(2150,69,43,10,NULL,'2021-10-01 08:09:02','2021-10-01 08:09:02',NULL),(2151,75,43,10,NULL,'2021-10-01 08:10:11','2021-10-01 08:10:11',NULL),(2152,80,43,10,NULL,'2021-10-01 08:10:38','2021-10-01 08:10:38',NULL),(2153,83,43,10,NULL,'2021-10-01 08:11:04','2021-10-01 08:11:04',NULL),(2154,68,12,20,'users-uploads/sXose4KwXwwpijTA2FfdjGhQzOIa0g4PfOpaT4Up.webp','2021-10-01 08:11:47','2021-10-01 08:11:47',NULL),(2155,69,54,10,NULL,'2021-10-01 08:11:54','2021-10-01 08:11:54',NULL),(2156,74,54,0,NULL,'2021-10-01 08:12:17','2021-10-01 08:12:17',NULL),(2157,80,54,10,NULL,'2021-10-01 08:12:43','2021-10-01 08:12:43',NULL),(2158,83,54,10,NULL,'2021-10-01 08:13:02','2021-10-01 08:13:02',NULL),(2159,69,12,10,NULL,'2021-10-01 08:15:00','2021-10-01 08:15:00',NULL),(2160,69,56,10,NULL,'2021-10-01 08:15:23','2021-10-01 08:15:23',NULL),(2161,75,12,10,NULL,'2021-10-01 08:15:48','2021-10-01 08:15:48',NULL),(2162,80,12,10,NULL,'2021-10-01 08:16:34','2021-10-01 08:16:34',NULL),(2163,80,56,10,NULL,'2021-10-01 08:17:25','2021-10-01 08:17:25',NULL),(2164,83,56,10,NULL,'2021-10-01 08:17:46','2021-10-01 08:17:46',NULL),(2165,75,56,10,NULL,'2021-10-01 08:18:01','2021-10-01 08:18:01',NULL),(2166,83,12,10,NULL,'2021-10-01 08:18:13','2021-10-01 08:18:13',NULL),(2167,85,54,20,'users-uploads/SAbNxoHMTLtTKtIkM4twINX2C1OEsykYaXMlF2Kw.png','2021-10-01 08:18:57','2021-10-01 08:18:57',NULL),(2168,69,94,10,NULL,'2021-10-01 08:19:40','2021-10-01 08:19:40',NULL),(2169,75,94,10,NULL,'2021-10-01 08:19:52','2021-10-01 08:19:52',NULL),(2170,80,94,10,NULL,'2021-10-01 08:20:05','2021-10-01 08:20:05',NULL),(2171,83,94,10,NULL,'2021-10-01 08:20:14','2021-10-01 08:20:14',NULL),(2172,85,56,20,'users-uploads/TLkNO7Dcda0ciZnkMjSTtDrCKK1zms7RYFmmwOlx.jpg','2021-10-01 08:21:15','2021-10-01 08:21:15',NULL),(2173,69,7,10,NULL,'2021-10-01 08:37:28','2021-10-01 08:37:28',NULL),(2174,75,7,10,NULL,'2021-10-01 08:37:39','2021-10-01 08:37:39',NULL),(2175,80,7,10,NULL,'2021-10-01 08:37:49','2021-10-01 08:37:49',NULL),(2176,69,29,10,NULL,'2021-10-01 08:38:24','2021-10-01 08:38:24',NULL),(2177,80,29,10,NULL,'2021-10-01 08:39:08','2021-10-01 08:39:08',NULL),(2178,85,7,20,'users-uploads/UfDHHBgtspPYKKruRMn1FPNsbXXbVlJej2vUFSkJ.jpg','2021-10-01 08:40:56','2021-10-01 08:40:56',NULL),(2179,83,7,10,NULL,'2021-10-01 08:41:21','2021-10-01 08:41:21',NULL),(2180,75,29,10,NULL,'2021-10-01 08:41:22','2021-10-01 08:41:22',NULL),(2181,68,7,20,'users-uploads/LdRSNdBwnRQbtn2OGUqrdgKnlmi3zQWVc5gJ7nLv.jpg','2021-10-01 08:46:55','2021-10-01 08:46:55',NULL),(2182,69,10,10,NULL,'2021-10-01 08:48:26','2021-10-01 08:48:26',NULL),(2183,75,10,10,NULL,'2021-10-01 08:48:54','2021-10-01 08:48:54',NULL),(2184,17,125,20,'users-uploads/XAkoSXIFrxavWYcORlyi3vYVxcztIPuXhMArgULY.jpg','2021-10-01 08:49:11','2021-10-01 08:49:11',NULL),(2185,80,10,10,NULL,'2021-10-01 08:49:14','2021-10-01 08:49:14',NULL),(2186,83,10,10,NULL,'2021-10-01 08:49:30','2021-10-01 08:49:30',NULL),(2191,38,24,10,NULL,'2021-10-01 08:50:10','2021-10-01 08:50:10',NULL),(2192,38,125,10,NULL,'2021-10-01 08:51:02','2021-10-01 08:51:02',NULL),(2193,41,24,10,NULL,'2021-10-01 08:51:35','2021-10-01 08:51:35',NULL),(2194,41,125,10,NULL,'2021-10-01 08:51:45','2021-10-01 08:51:45',NULL),(2195,69,30,10,NULL,'2021-10-01 08:51:47','2021-10-01 08:51:47',NULL),(2196,43,125,10,NULL,'2021-10-01 08:52:14','2021-10-01 08:52:14',NULL),(2197,47,125,10,NULL,'2021-10-01 08:52:24','2021-10-01 08:52:24',NULL),(2198,75,30,10,NULL,'2021-10-01 08:52:45','2021-10-01 08:52:45',NULL),(2199,43,24,10,NULL,'2021-10-01 08:52:49','2021-10-01 08:52:49',NULL),(2200,80,30,10,NULL,'2021-10-01 08:52:59','2021-10-01 08:52:59',NULL),(2201,83,30,10,NULL,'2021-10-01 08:53:13','2021-10-01 08:53:13',NULL),(2202,55,125,10,NULL,'2021-10-01 08:54:04','2021-10-01 08:54:04',NULL),(2203,47,24,10,NULL,'2021-10-01 08:54:23','2021-10-01 08:54:23',NULL),(2204,59,125,10,NULL,'2021-10-01 08:54:45','2021-10-01 08:54:45',NULL),(2205,63,125,10,NULL,'2021-10-01 08:55:10','2021-10-01 08:55:10',NULL),(2206,64,125,10,NULL,'2021-10-01 08:55:48','2021-10-01 08:55:48',NULL),(2207,55,24,10,NULL,'2021-10-01 08:55:52','2021-10-01 08:55:52',NULL),(2208,69,125,10,NULL,'2021-10-01 08:56:20','2021-10-01 08:56:20',NULL),(2209,75,125,10,NULL,'2021-10-01 08:56:28','2021-10-01 08:56:28',NULL),(2210,80,125,10,NULL,'2021-10-01 08:56:36','2021-10-01 08:56:36',NULL),(2211,83,125,10,NULL,'2021-10-01 08:56:47','2021-10-01 08:56:47',NULL),(2212,59,24,10,NULL,'2021-10-01 08:56:58','2021-10-01 08:56:58',NULL),(2213,63,24,10,NULL,'2021-10-01 08:58:01','2021-10-01 08:58:01',NULL),(2214,65,24,0,NULL,'2021-10-01 08:59:10','2021-10-01 08:59:10',NULL),(2215,69,24,10,NULL,'2021-10-01 08:59:57','2021-10-01 08:59:57',NULL),(2216,75,24,10,NULL,'2021-10-01 09:00:55','2021-10-01 09:00:55',NULL),(2217,80,24,10,NULL,'2021-10-01 09:01:09','2021-10-01 09:01:09',NULL),(2218,83,24,10,NULL,'2021-10-01 09:01:26','2021-10-01 09:01:26',NULL),(2219,68,24,20,'users-uploads/zmo7Amyb1ntM8Mj0UNUSlz6baF4zRo3UoScuAU2X.jpg','2021-10-01 09:03:40','2021-10-01 09:03:40',NULL),(2220,51,24,20,'users-uploads/2pnhlE0qdk96YHSAPdeAiyxLMICpsBSdyPCPJnn3.jpg','2021-10-01 09:05:23','2021-10-01 09:05:23','alexandra'),(2221,69,114,10,NULL,'2021-10-01 09:10:31','2021-10-01 09:10:31',NULL),(2222,34,24,20,'users-uploads/gUiZgLgyjpCfxAHaOQj7daESgp9XUf7EMAEvhOWz.jpg','2021-10-01 09:10:44','2021-10-01 09:10:44','alexandra'),(2223,75,114,10,NULL,'2021-10-01 09:11:49','2021-10-01 09:11:49',NULL),(2224,80,114,10,NULL,'2021-10-01 09:12:40','2021-10-01 09:12:40',NULL),(2225,83,114,10,NULL,'2021-10-01 09:14:05','2021-10-01 09:14:05',NULL),(2226,68,57,20,'users-uploads/QVCunI2Nzp8wiscRNGEsagzs9NCVe7UYaVSOooTL.jpg','2021-10-01 09:15:47','2021-10-01 09:15:47',NULL),(2227,69,57,10,NULL,'2021-10-01 09:16:14','2021-10-01 09:16:14',NULL),(2229,75,57,10,NULL,'2021-10-01 09:16:23','2021-10-01 09:16:23',NULL),(2231,80,57,10,NULL,'2021-10-01 09:16:42','2021-10-01 09:16:42',NULL),(2233,83,57,10,NULL,'2021-10-01 09:16:52','2021-10-01 09:16:52',NULL),(2235,85,57,20,'users-uploads/P79DkTm16v73YchGp1eqaMZAr425fRYo8ct87qHc.jpg','2021-10-01 09:23:56','2021-10-01 09:23:56',NULL),(2236,55,42,10,NULL,'2021-10-01 09:39:01','2021-10-01 09:39:01',NULL),(2237,57,42,0,NULL,'2021-10-01 09:39:41','2021-10-01 09:39:41',NULL),(2238,69,42,10,NULL,'2021-10-01 09:40:35','2021-10-01 09:40:35',NULL),(2239,75,42,10,NULL,'2021-10-01 09:40:55','2021-10-01 09:40:55',NULL),(2240,80,42,10,NULL,'2021-10-01 09:41:14','2021-10-01 09:41:14',NULL),(2241,83,42,10,NULL,'2021-10-01 09:41:39','2021-10-01 09:41:39',NULL),(2242,69,53,10,NULL,'2021-10-01 09:43:57','2021-10-01 09:43:57',NULL),(2243,75,53,10,NULL,'2021-10-01 09:44:32','2021-10-01 09:44:32',NULL),(2244,80,53,10,NULL,'2021-10-01 09:45:07','2021-10-01 09:45:07',NULL),(2245,83,53,10,NULL,'2021-10-01 09:45:20','2021-10-01 09:45:20',NULL),(2246,85,42,20,'users-uploads/GBrGlK9p997pKiCgryXHhcFDjAQCSIW7ADJ53LK8.jpg','2021-10-01 09:48:36','2021-10-01 09:48:36',NULL),(2247,85,29,20,'users-uploads/0IMQxsMDokHFcegGPz3WtBFDfRZp5SuJdOhXENZc.png','2021-10-01 09:49:31','2021-10-01 09:49:31',NULL),(2248,83,29,10,NULL,'2021-10-01 09:49:39','2021-10-01 09:49:39',NULL),(2249,85,14,20,'users-uploads/QrLqOTHc6cra6xWP9qsW3yZQwgyTJDeNYd3jpWiD.jpg','2021-10-01 09:50:48','2021-10-01 09:50:48',NULL),(2250,51,38,20,'users-uploads/kPNHdwQ88GQVA42m15F9aoYzbXY64EaJ0OTmxQf5.jpg','2021-10-01 09:51:29','2021-10-01 09:51:29','Andreia Silva (por enquanto)'),(2251,85,53,20,'users-uploads/yFmg6LJysCGrAQgnQlkAgsrrJdOee8l2UFVHZPlp.jpg','2021-10-01 09:52:23','2021-10-01 09:52:23',NULL),(2252,55,38,10,NULL,'2021-10-01 09:52:42','2021-10-01 09:52:42',NULL),(2253,85,114,20,'users-uploads/nttmMahOzKm4v8H954HWVvHCwPo7hDS83LuOdG1K.jpg','2021-10-01 09:53:04','2021-10-01 09:53:04',NULL),(2254,59,38,10,NULL,'2021-10-01 09:54:19','2021-10-01 09:54:19',NULL),(2255,63,38,10,NULL,'2021-10-01 09:55:46','2021-10-01 09:55:46',NULL),(2256,64,38,10,NULL,'2021-10-01 09:57:12','2021-10-01 09:57:12',NULL),(2257,69,51,10,NULL,'2021-10-01 10:00:56','2021-10-01 10:00:56',NULL),(2258,75,51,10,NULL,'2021-10-01 10:02:11','2021-10-01 10:02:11',NULL),(2259,80,51,10,NULL,'2021-10-01 10:02:49','2021-10-01 10:02:49',NULL),(2260,83,51,10,NULL,'2021-10-01 10:03:04','2021-10-01 10:03:04',NULL),(2261,85,51,20,'users-uploads/Z9tj4zjROa4wQTnWPRCt44WhsC9kkZLAv4uv0exP.jpg','2021-10-01 10:07:39','2021-10-01 10:07:39',NULL),(2262,69,66,10,NULL,'2021-10-01 10:08:03','2021-10-01 10:08:03',NULL),(2263,75,66,10,NULL,'2021-10-01 10:08:30','2021-10-01 10:08:30',NULL),(2264,80,66,10,NULL,'2021-10-01 10:09:27','2021-10-01 10:09:27',NULL),(2265,83,66,10,NULL,'2021-10-01 10:11:36','2021-10-01 10:11:36',NULL),(2266,68,52,20,'users-uploads/zxhcSQGwKeOLB4ARUuC0tpBSc4Yak93rifFvD6OJ.jpg','2021-10-01 10:14:24','2021-10-01 10:14:24',NULL),(2267,69,52,10,NULL,'2021-10-01 10:14:38','2021-10-01 10:14:38',NULL),(2269,34,72,20,'users-uploads/r0vhbKJTx8vWIyS8yAmlxIGcnrC60XAwE5V7YJvN.jpg','2021-10-01 10:14:49','2021-10-01 10:14:49',NULL),(2270,75,52,10,NULL,'2021-10-01 10:16:31','2021-10-01 10:16:31',NULL),(2272,69,129,10,NULL,'2021-10-01 10:16:41','2021-10-01 10:16:41',NULL),(2273,80,52,10,NULL,'2021-10-01 10:17:01','2021-10-01 10:17:01',NULL),(2275,83,52,10,NULL,'2021-10-01 10:17:11','2021-10-01 10:17:11',NULL),(2277,74,129,0,NULL,'2021-10-01 10:17:15','2021-10-01 10:17:15',NULL),(2278,80,129,10,NULL,'2021-10-01 10:18:33','2021-10-01 10:18:33',NULL),(2279,69,55,10,NULL,'2021-10-01 10:19:28','2021-10-01 10:19:28',NULL),(2281,75,55,10,NULL,'2021-10-01 10:20:06','2021-10-01 10:20:06',NULL),(2283,80,55,10,NULL,'2021-10-01 10:20:15','2021-10-01 10:20:15',NULL),(2284,83,129,10,NULL,'2021-10-01 10:20:17','2021-10-01 10:20:17',NULL),(2285,83,55,10,NULL,'2021-10-01 10:20:25','2021-10-01 10:20:25',NULL),(2287,51,72,20,'users-uploads/OdtJ9MQC2JSnvM9fKF3FnPZR1RQMPmvWEcgnHKwH.jpg','2021-10-01 10:21:13','2021-10-01 10:21:13','Juliana de Almeida Souza'),(2288,68,72,20,'users-uploads/J7vUdk1pYogzw9JqXKaaJqbIRI6Ifwgm7sEu6Hiv.jpg','2021-10-01 10:22:43','2021-10-01 10:22:43','Juliana de Almeida Souza'),(2289,85,55,20,'users-uploads/vlMcMtfGrAP1TFaQpagsdsdQxfUtlae2tXIZMwfC.jpg','2021-10-01 10:22:57','2021-10-01 10:22:57',NULL),(2290,69,72,10,NULL,'2021-10-01 10:24:20','2021-10-01 10:24:20',NULL),(2291,74,72,0,NULL,'2021-10-01 10:24:44','2021-10-01 10:24:44',NULL),(2292,80,72,10,NULL,'2021-10-01 10:25:18','2021-10-01 10:25:18',NULL),(2293,75,49,10,NULL,'2021-10-01 10:25:55','2021-10-01 10:25:55',NULL),(2294,83,72,10,NULL,'2021-10-01 10:25:58','2021-10-01 10:25:58',NULL),(2295,85,49,20,'users-uploads/SmFvXErjkZR4VhNzeSmgpZP9oyRVIjL5klquCFLw.png','2021-10-01 10:26:09','2021-10-01 10:26:09',NULL),(2296,68,38,20,'users-uploads/0DdXKow14HrqbeGe2HtsiuiuyyquMouVaIz5yEgG.jpg','2021-10-01 10:27:26','2021-10-01 10:27:26','Andreia Silva (por enquanto)'),(2297,69,38,10,NULL,'2021-10-01 10:28:33','2021-10-01 10:28:33',NULL),(2298,75,38,10,NULL,'2021-10-01 10:29:45','2021-10-01 10:29:45',NULL),(2299,85,72,20,'users-uploads/D6Zwkz6R8rM8barr0gwOAmpgTxj05XrTNIjlQUfj.jpg','2021-10-01 10:30:22','2021-10-01 10:30:22','Juliana de Almeida Souza'),(2300,64,36,10,NULL,'2021-10-01 10:30:45','2021-10-01 10:30:45',NULL),(2301,69,36,10,NULL,'2021-10-01 10:31:26','2021-10-01 10:31:26',NULL),(2302,74,36,0,NULL,'2021-10-01 10:31:47','2021-10-01 10:31:47',NULL),(2303,85,52,20,'users-uploads/0fVBAXawpH7yO4NP4d1vtFBLNyyhWuNCxXc5IkPo.jpg','2021-10-01 10:32:04','2021-10-01 10:32:04',NULL),(2304,80,36,10,NULL,'2021-10-01 10:32:18','2021-10-01 10:32:18',NULL),(2305,83,36,10,NULL,'2021-10-01 10:32:41','2021-10-01 10:32:41',NULL),(2306,75,61,10,NULL,'2021-10-01 10:34:21','2021-10-01 10:34:21',NULL),(2307,85,40,20,'users-uploads/SYBkb7OTDgadMKfAE0XmVXzTop7x4PB4sHxrfiXR.png','2021-10-01 10:37:22','2021-10-01 10:37:22',NULL),(2308,69,34,10,NULL,'2021-10-01 10:39:51','2021-10-01 10:39:51',NULL),(2309,38,62,10,NULL,'2021-10-01 10:41:58','2021-10-01 10:41:58',NULL),(2310,75,34,10,NULL,'2021-10-01 10:42:02','2021-10-01 10:42:02',NULL),(2311,41,62,10,NULL,'2021-10-01 10:42:40','2021-10-01 10:42:40',NULL),(2312,80,34,10,NULL,'2021-10-01 10:42:45','2021-10-01 10:42:45',NULL),(2313,83,34,10,NULL,'2021-10-01 10:43:12','2021-10-01 10:43:12',NULL),(2314,43,62,10,NULL,'2021-10-01 10:43:33','2021-10-01 10:43:33',NULL),(2315,47,62,10,NULL,'2021-10-01 10:44:13','2021-10-01 10:44:13',NULL),(2316,69,4,10,NULL,'2021-10-01 10:44:15','2021-10-01 10:44:15',NULL),(2317,75,4,10,NULL,'2021-10-01 10:44:22','2021-10-01 10:44:22',NULL),(2318,80,4,10,NULL,'2021-10-01 10:44:34','2021-10-01 10:44:34',NULL),(2319,83,4,10,NULL,'2021-10-01 10:44:46','2021-10-01 10:44:46',NULL),(2320,55,62,10,NULL,'2021-10-01 10:45:17','2021-10-01 10:45:17',NULL),(2321,68,4,20,'users-uploads/1KD7Lg8yuSAGW5j7deBikmzmQ9b7zmGhfsHau2qo.jpg','2021-10-01 10:46:18','2021-10-01 10:46:18',NULL),(2322,85,66,20,'users-uploads/II2PbocFyfZELAXVR1AnHyD9KEveHYPV2yJ53UL5.jpg','2021-10-01 10:48:04','2021-10-01 10:48:04',NULL),(2323,85,86,20,'users-uploads/lZe09A6TdbqukmokYxwHPwYdBHQ194Afh9R479mJ.png','2021-10-01 10:49:09','2021-10-01 10:49:09',NULL),(2324,80,38,10,NULL,'2021-10-01 10:50:06','2021-10-01 10:50:06',NULL),(2325,83,38,10,NULL,'2021-10-01 10:51:13','2021-10-01 10:51:13',NULL),(2326,85,92,20,'users-uploads/gBeq18Xogk9VcMrTrdiu1Yp05pMs48q6X7QQVS4L.png','2021-10-01 10:52:38','2021-10-01 10:52:38',NULL),(2327,37,121,0,NULL,'2021-10-01 10:56:06','2021-10-01 10:56:06',NULL),(2328,41,121,10,NULL,'2021-10-01 10:56:21','2021-10-01 10:56:21',NULL),(2329,43,121,10,NULL,'2021-10-01 10:56:29','2021-10-01 10:56:29',NULL),(2330,47,121,10,NULL,'2021-10-01 10:57:03','2021-10-01 10:57:03',NULL),(2331,51,121,20,'users-uploads/Nf9vRpw3qtVBjQeilTaXhXIFZrhzbpbrKfoZobmQ.jpg','2021-10-01 10:58:10','2021-10-01 10:58:10','Regiane '),(2332,55,121,10,NULL,'2021-10-01 10:58:24','2021-10-01 10:58:24',NULL),(2333,59,121,10,NULL,'2021-10-01 10:58:32','2021-10-01 10:58:32',NULL),(2334,63,121,10,NULL,'2021-10-01 10:58:35','2021-10-01 10:58:35',NULL),(2335,64,121,10,NULL,'2021-10-01 10:58:40','2021-10-01 10:58:40',NULL),(2336,85,38,20,'users-uploads/XSbaHrsoxECz4rhq55kyLgRrN1DmRJX06GcPoPLD.png','2021-10-01 10:58:57','2021-10-01 10:58:57','Andreia Silva (por enquanto)'),(2337,68,121,20,'users-uploads/3RXIw9jFiwinekeugYFfIcw2VlO90VZ9AAkeiV0H.jpg','2021-10-01 10:59:29','2021-10-01 10:59:29','Regiane '),(2338,69,121,10,NULL,'2021-10-01 10:59:36','2021-10-01 10:59:36',NULL),(2339,75,121,10,NULL,'2021-10-01 10:59:41','2021-10-01 10:59:41',NULL),(2340,80,121,10,NULL,'2021-10-01 10:59:51','2021-10-01 10:59:51',NULL),(2341,83,121,10,NULL,'2021-10-01 10:59:59','2021-10-01 10:59:59',NULL),(2342,85,121,20,'users-uploads/Hyq2z8ZVe5Zr6lrWkNmiiZqynWV5C85JlIBYngOF.png','2021-10-01 11:00:14','2021-10-01 11:00:14','Regiane '),(2343,69,35,10,NULL,'2021-10-01 11:02:10','2021-10-01 11:02:10',NULL),(2345,75,35,10,NULL,'2021-10-01 11:02:18','2021-10-01 11:02:18',NULL),(2347,80,35,10,NULL,'2021-10-01 11:02:57','2021-10-01 11:02:57',NULL),(2348,83,35,10,NULL,'2021-10-01 11:03:03','2021-10-01 11:03:03',NULL),(2350,68,77,20,'users-uploads/utWXr7G1ENIlKdaueczi3dVIOYASYLPCNfDallLY.jpg','2021-10-01 11:06:22','2021-10-01 11:06:22',NULL),(2351,85,35,20,'users-uploads/wcYeicADS83pQnm72sdbtcQpWnd6Skvtk51T9wMf.jpg','2021-10-01 11:06:52','2021-10-01 11:06:52',NULL),(2352,69,77,10,NULL,'2021-10-01 11:07:00','2021-10-01 11:07:00',NULL),(2353,85,94,20,'users-uploads/64uIX8ZS9mlVnvfbeHVO17i6W4WFOhNFmLrHN1au.png','2021-10-01 11:07:11','2021-10-01 11:07:11',NULL),(2354,76,77,0,NULL,'2021-10-01 11:08:22','2021-10-01 11:08:22',NULL),(2355,80,77,10,NULL,'2021-10-01 11:09:01','2021-10-01 11:09:01',NULL),(2356,83,77,10,NULL,'2021-10-01 11:09:41','2021-10-01 11:09:41',NULL),(2357,85,89,20,'users-uploads/lae4ZRYr9NSUCQidss3v5QWfqvcid38bveJ33nCq.png','2021-10-01 11:10:58','2021-10-01 11:10:58',NULL),(2358,85,77,20,'users-uploads/AVazm623ZslzlL9Fgk0Ue3LA8efmPovzV1mG0Vlq.jpg','2021-10-01 11:13:51','2021-10-01 11:13:51',NULL),(2359,85,24,20,'users-uploads/YFm9uqXmH5jmcYRkLCD8nOVshxhAuZdQrB4cWhCZ.jpg','2021-10-01 11:13:55','2021-10-01 11:13:55',NULL),(2360,85,30,20,'users-uploads/DPnjGDSrJghlIFgwk201rwnoZMRf6Z2JOXCr3qts.png','2021-10-01 11:14:59','2021-10-01 11:14:59',NULL),(2361,38,59,10,NULL,'2021-10-01 11:17:34','2021-10-01 11:17:34',NULL),(2362,41,59,10,NULL,'2021-10-01 11:18:13','2021-10-01 11:18:13',NULL),(2363,43,59,10,NULL,'2021-10-01 11:18:28','2021-10-01 11:18:28',NULL),(2364,47,59,10,NULL,'2021-10-01 11:18:46','2021-10-01 11:18:46',NULL),(2365,55,59,10,NULL,'2021-10-01 11:19:20','2021-10-01 11:19:20',NULL),(2366,59,59,10,NULL,'2021-10-01 11:19:46','2021-10-01 11:19:46',NULL),(2367,85,26,20,'users-uploads/awq6DkfUQJydnw3GNP3o3koAbWtfyoyZZFs0fCLN.png','2021-10-01 11:19:51','2021-10-01 11:19:51',NULL),(2368,63,59,10,NULL,'2021-10-01 11:20:06','2021-10-01 11:20:06',NULL),(2369,69,26,10,NULL,'2021-10-01 11:20:11','2021-10-01 11:20:11',NULL),(2370,75,26,10,NULL,'2021-10-01 11:20:21','2021-10-01 11:20:21',NULL),(2371,80,26,10,NULL,'2021-10-01 11:20:29','2021-10-01 11:20:29',NULL),(2372,64,59,10,NULL,'2021-10-01 11:20:30','2021-10-01 11:20:30',NULL),(2374,83,26,10,NULL,'2021-10-01 11:20:38','2021-10-01 11:20:38',NULL),(2375,51,27,20,'users-uploads/ESixfJVS5vjdQ93dTAp6JpiXCPeEYCVMgDcaieIg.jpg','2021-10-01 11:21:16','2021-10-01 11:21:16','Regiane'),(2376,69,59,10,NULL,'2021-10-01 11:21:32','2021-10-01 11:21:32',NULL),(2377,55,27,10,NULL,'2021-10-01 11:21:34','2021-10-01 11:21:34',NULL),(2380,75,59,10,NULL,'2021-10-01 11:21:57','2021-10-01 11:21:57',NULL),(2381,59,27,10,NULL,'2021-10-01 11:22:12','2021-10-01 11:22:12',NULL),(2383,80,59,10,NULL,'2021-10-01 11:22:15','2021-10-01 11:22:15',NULL),(2384,83,59,10,NULL,'2021-10-01 11:22:29','2021-10-01 11:22:29',NULL),(2385,63,27,10,NULL,'2021-10-01 11:22:34','2021-10-01 11:22:34',NULL),(2387,64,27,10,NULL,'2021-10-01 11:22:47','2021-10-01 11:22:47',NULL),(2389,85,61,20,'users-uploads/uKiobJr5V0HRaSvedbrT6aSzM1YN7VxFAswtQvcj.png','2021-10-01 11:26:34','2021-10-01 11:26:34',NULL),(2390,51,10,20,'users-uploads/xbBcI3a0dkGjTvpp9mOKc1gvaR5Ll89vU3hX028u.jpg','2021-10-01 11:29:00','2021-10-01 11:29:00','Ernesto Buffoni'),(2391,68,27,20,'users-uploads/a40ic7tj59wlJikPugM9Vgf4q69W65GvsQ2wfIw7.jpg','2021-10-01 11:30:42','2021-10-01 11:30:42','Regiane'),(2392,51,59,20,'users-uploads/th6BYAIGPB8ML3UIORdYTkk6UjLrQJBJpAjVNqjS.jpg','2021-10-01 11:31:59','2021-10-01 11:31:59','Ana '),(2393,69,27,10,NULL,'2021-10-01 11:33:10','2021-10-01 11:33:10',NULL),(2394,75,27,10,NULL,'2021-10-01 11:35:24','2021-10-01 11:35:24',NULL),(2395,80,27,10,NULL,'2021-10-01 11:35:49','2021-10-01 11:35:49',NULL),(2397,69,15,10,NULL,'2021-10-01 11:36:13','2021-10-01 11:36:13',NULL),(2398,69,11,10,NULL,'2021-10-01 11:36:49','2021-10-01 11:36:49',NULL),(2399,75,11,10,NULL,'2021-10-01 11:36:55','2021-10-01 11:36:55',NULL),(2400,75,15,10,NULL,'2021-10-01 11:37:02','2021-10-01 11:37:02',NULL),(2401,80,11,10,NULL,'2021-10-01 11:37:02','2021-10-01 11:37:02',NULL),(2402,85,82,20,'users-uploads/QXX0e4MzAJxO8NQKBPxguRTzzMsHrfUEHdNddWBR.png','2021-10-01 11:37:10','2021-10-01 11:37:10',NULL),(2403,83,11,10,NULL,'2021-10-01 11:37:14','2021-10-01 11:37:14',NULL),(2404,80,15,10,NULL,'2021-10-01 11:37:39','2021-10-01 11:37:39',NULL),(2405,83,15,10,NULL,'2021-10-01 11:38:06','2021-10-01 11:38:06',NULL),(2406,68,15,20,'users-uploads/8zytpH0ohxLfOVkM8j4iUlTc1ylPlia9rXzUlEsm.jpg','2021-10-01 11:39:06','2021-10-01 11:39:06',NULL),(2407,85,23,20,'users-uploads/4zQ6zjFuhitaI194wwsdTha5eJNI7PY7NKWSJZmR.png','2021-10-01 11:39:44','2021-10-01 11:39:44',NULL),(2408,83,27,10,NULL,'2021-10-01 11:39:59','2021-10-01 11:39:59',NULL),(2410,85,15,20,'users-uploads/hS60ZR1X8gDxK9qaUUn3KxePqb5n8bCUzTHBNUcG.jpg','2021-10-01 11:40:10','2021-10-01 11:40:10',NULL),(2411,85,27,20,'users-uploads/LuIkgbidAWZzbXdVhitdhHlSZ2OHxVMZ3rQvQl7o.png','2021-10-01 11:43:15','2021-10-01 11:43:15','Regiane'),(2412,85,11,20,'users-uploads/3CtLGcj1cAIu03hFasKR1isUIVkyLuF8EC1ZgAOB.png','2021-10-01 11:45:49','2021-10-01 11:45:49',NULL),(2413,68,59,20,'users-uploads/fuHOsj4Hom4FBJ3X2SNehwySY8YQTILPSdkxJFs8.jpg','2021-10-01 11:47:47','2021-10-01 11:47:47','Ana '),(2414,69,22,10,NULL,'2021-10-01 11:54:10','2021-10-01 11:54:10',NULL),(2415,85,9,20,'users-uploads/O4e87YKswHMoacqqlBXBzJzD1iKlcPpxYSWkzeJk.jpg','2021-10-01 11:55:06','2021-10-01 11:55:06',NULL),(2416,74,22,0,NULL,'2021-10-01 11:55:20','2021-10-01 11:55:20',NULL),(2417,80,22,10,NULL,'2021-10-01 11:56:12','2021-10-01 11:56:12',NULL),(2419,83,22,10,NULL,'2021-10-01 11:58:15','2021-10-01 11:58:15',NULL),(2420,51,22,20,'users-uploads/aLtQCb1jmaeB7C0Q77LdpYHYv3G5REOfBMNBrGem.jpg','2021-10-01 12:09:58','2021-10-01 12:09:58','Renata Pessanha '),(2421,85,34,20,'users-uploads/L1a28vJ8HTYC14ZGPAkeJwn9nM0zlLTtqwy6wu5G.jpg','2021-10-01 12:15:55','2021-10-01 12:15:55',NULL),(2422,69,78,10,NULL,'2021-10-01 12:22:48','2021-10-01 12:22:48',NULL),(2423,75,78,10,NULL,'2021-10-01 12:23:56','2021-10-01 12:23:56',NULL),(2424,85,6,20,'users-uploads/7KXAo6u0FWqazuUEU7JrFF1Rf6Ts5nKtqF9rkaYp.jpg','2021-10-01 12:24:17','2021-10-01 12:24:17',NULL),(2425,80,78,10,NULL,'2021-10-01 12:24:28','2021-10-01 12:24:28',NULL),(2426,51,21,20,'users-uploads/5ABUMcIkDtCj85IOWdY8ESZ6qm3FO8CZfPprapwb.jpg','2021-10-01 12:24:43','2021-10-01 12:24:43','Vinicius Generoso, Priscila Ramalho, Gabriella Ferreira, Rafaela Guardia, Natalia Menezes, Guilherme Souza, Thiago Souza, Renata Filtrin.'),(2427,55,21,10,NULL,'2021-10-01 12:25:36','2021-10-01 12:25:36',NULL),(2428,84,78,0,NULL,'2021-10-01 12:25:57','2021-10-01 12:25:57',NULL),(2429,59,21,10,NULL,'2021-10-01 12:26:28','2021-10-01 12:26:28',NULL),(2430,85,78,20,'users-uploads/25wbFTkXewObRRjvVwqcehS6JBjZD8vUpujbeQUH.jpg','2021-10-01 12:26:35','2021-10-01 12:26:35',NULL),(2431,63,21,10,NULL,'2021-10-01 12:27:28','2021-10-01 12:27:28',NULL),(2432,64,21,10,NULL,'2021-10-01 12:28:17','2021-10-01 12:28:17',NULL),(2433,69,21,10,NULL,'2021-10-01 12:29:15','2021-10-01 12:29:15',NULL),(2434,75,21,10,NULL,'2021-10-01 12:30:01','2021-10-01 12:30:01',NULL),(2435,80,21,10,NULL,'2021-10-01 12:30:38','2021-10-01 12:30:38',NULL),(2436,83,21,10,NULL,'2021-10-01 12:31:18','2021-10-01 12:31:18',NULL),(2437,85,21,20,'users-uploads/MrduJVcgUFpBukQ6yR4KOOWmYFeFfUNoRhYSNwcs.jpg','2021-10-01 12:42:10','2021-10-01 12:42:10',NULL),(2438,68,81,20,'users-uploads/XgH1xwX1hen1l6iQ06ORnImkJwtuUvnhcTDNoAa0.jpg','2021-10-01 12:44:09','2021-10-01 12:44:09',NULL),(2439,69,81,10,NULL,'2021-10-01 12:45:32','2021-10-01 12:45:32',NULL),(2440,68,42,20,'users-uploads/dDOO30W3ezWwPvMmnvhQEzXfilHSTnE6BOuLbuaq.jpg','2021-10-01 12:45:42','2021-10-01 12:45:42',NULL),(2441,75,81,10,NULL,'2021-10-01 12:47:17','2021-10-01 12:47:17',NULL),(2442,80,81,10,NULL,'2021-10-01 12:48:11','2021-10-01 12:48:11',NULL),(2443,83,81,10,NULL,'2021-10-01 12:50:20','2021-10-01 12:50:20',NULL),(2444,55,76,10,NULL,'2021-10-01 12:52:28','2021-10-01 12:52:28',NULL),(2445,68,25,20,'users-uploads/7JOzMMU9bWFEcMtSngtBqQYZTg84ip0pVxmVm6em.jpg','2021-10-01 13:05:52','2021-10-01 13:05:52',NULL),(2446,51,25,20,'users-uploads/u6CwzedYReft23Oj2uSCOyX9F4VYmS45r1z2SRX9.jpg','2021-10-01 13:06:33','2021-10-01 13:06:33','Matheus Martins '),(2447,69,25,10,NULL,'2021-10-01 13:07:01','2021-10-01 13:07:01',NULL),(2448,85,4,20,'users-uploads/NwKppy4gBfaDjKynbEHSfxLdP5ZHIJ2e7lexhYpP.jpg','2021-10-01 13:07:26','2021-10-01 13:07:26',NULL),(2449,74,25,0,NULL,'2021-10-01 13:07:28','2021-10-01 13:07:28',NULL),(2450,80,25,10,NULL,'2021-10-01 13:07:48','2021-10-01 13:07:48',NULL),(2451,83,25,10,NULL,'2021-10-01 13:08:07','2021-10-01 13:08:07',NULL),(2452,85,22,20,'users-uploads/0BG68lFUsd7Wp3D1xhjCsQQpNzA2mUicaw3iOE5o.jpg','2021-10-01 13:08:32','2021-10-01 13:08:32',NULL),(2453,85,25,20,'users-uploads/prYxGPGwUumITtGuyADvA3ldVvncWUAHzmPgsl1s.jpg','2021-10-01 13:09:14','2021-10-01 13:09:14','Matheus Martins '),(2454,68,36,20,'users-uploads/fXT8gGytRD0nsOP1T8DGhbdO0AFspHAX2i5fwdht.jpg','2021-10-01 13:20:37','2021-10-01 13:20:37',NULL),(2455,38,107,10,NULL,'2021-10-01 13:28:26','2021-10-01 13:28:26',NULL),(2456,55,107,10,NULL,'2021-10-01 13:29:14','2021-10-01 13:29:14',NULL),(2457,69,63,10,NULL,'2021-10-01 13:32:32','2021-10-01 13:32:32',NULL),(2458,75,63,10,NULL,'2021-10-01 13:32:42','2021-10-01 13:32:42',NULL),(2459,80,63,10,NULL,'2021-10-01 13:32:58','2021-10-01 13:32:58',NULL),(2460,83,63,10,NULL,'2021-10-01 13:33:14','2021-10-01 13:33:14',NULL),(2461,69,111,10,NULL,'2021-10-01 13:36:10','2021-10-01 13:36:10',NULL),(2462,74,111,0,NULL,'2021-10-01 13:36:42','2021-10-01 13:36:42',NULL),(2463,80,111,10,NULL,'2021-10-01 13:37:40','2021-10-01 13:37:40',NULL),(2464,83,111,10,NULL,'2021-10-01 13:38:15','2021-10-01 13:38:15',NULL),(2465,69,64,10,NULL,'2021-10-01 13:45:35','2021-10-01 13:45:35',NULL),(2466,74,64,0,NULL,'2021-10-01 13:46:01','2021-10-01 13:46:01',NULL),(2467,80,64,10,NULL,'2021-10-01 13:46:47','2021-10-01 13:46:47',NULL),(2468,83,64,10,NULL,'2021-10-01 13:47:16','2021-10-01 13:47:16',NULL),(2469,85,64,20,'users-uploads/Sxwb1phuS6hpP51vofZ0GqUETIFXiLGqwUmTvM5O.jpg','2021-10-01 13:49:32','2021-10-01 13:49:32',NULL),(2470,69,75,10,NULL,'2021-10-01 13:49:39','2021-10-01 13:49:39',NULL),(2471,69,68,10,NULL,'2021-10-01 13:49:43','2021-10-01 13:49:43',NULL),(2472,69,69,10,NULL,'2021-10-01 13:49:45','2021-10-01 13:49:45',NULL),(2473,69,85,10,NULL,'2021-10-01 13:51:13','2021-10-01 13:51:13',NULL),(2474,75,68,10,NULL,'2021-10-01 13:52:25','2021-10-01 13:52:25',NULL),(2475,75,69,10,NULL,'2021-10-01 13:52:41','2021-10-01 13:52:41',NULL),(2476,75,75,10,NULL,'2021-10-01 13:52:41','2021-10-01 13:52:41',NULL),(2477,75,85,10,NULL,'2021-10-01 13:52:45','2021-10-01 13:52:45',NULL),(2478,80,85,10,NULL,'2021-10-01 13:53:29','2021-10-01 13:53:29',NULL),(2479,80,68,10,NULL,'2021-10-01 13:53:34','2021-10-01 13:53:34',NULL),(2480,80,75,10,NULL,'2021-10-01 13:53:39','2021-10-01 13:53:39',NULL),(2481,80,69,10,NULL,'2021-10-01 13:53:39','2021-10-01 13:53:39',NULL),(2482,83,68,10,NULL,'2021-10-01 13:54:14','2021-10-01 13:54:14',NULL),(2483,83,69,10,NULL,'2021-10-01 13:54:17','2021-10-01 13:54:17',NULL),(2484,83,75,10,NULL,'2021-10-01 13:54:18','2021-10-01 13:54:18',NULL),(2485,83,85,10,NULL,'2021-10-01 13:54:31','2021-10-01 13:54:31',NULL),(2486,85,68,20,'users-uploads/RmKPeRoRkwcGrbNFB4F7ZBZ8qB7r471wJbVGBuoM.jpg','2021-10-01 14:03:46','2021-10-01 14:03:46',NULL),(2487,85,69,20,'users-uploads/D6fpGhHstQHc2WXfohUSQEgMOEpStHFwkPZNau7q.jpg','2021-10-01 14:11:26','2021-10-01 14:11:26',NULL),(2488,85,85,20,'users-uploads/hhx1nr89Br4tNYYOPycTk5ROfw7xjtlMbhb6lNdJ.jpg','2021-10-01 14:12:31','2021-10-01 14:12:31',NULL),(2489,85,75,20,'users-uploads/j2frMpVs24nuItUbXFAVqHhwM2i2T0YCVwg5A4jZ.jpg','2021-10-01 14:20:08','2021-10-01 14:20:08',NULL),(2490,69,48,10,NULL,'2021-10-01 14:24:04','2021-10-01 14:24:04',NULL),(2491,75,48,10,NULL,'2021-10-01 14:24:08','2021-10-01 14:24:08',NULL),(2492,80,48,10,NULL,'2021-10-01 14:24:17','2021-10-01 14:24:17',NULL),(2493,83,48,10,NULL,'2021-10-01 14:24:25','2021-10-01 14:24:25',NULL),(2494,85,48,20,'users-uploads/vVLduYA7gw4tKo4ZlriiLECSv8skvF4SZUjCqESj.jpg','2021-10-01 14:25:44','2021-10-01 14:25:44',NULL),(2495,69,70,10,NULL,'2021-10-01 14:34:20','2021-10-01 14:34:20',NULL),(2496,75,70,10,NULL,'2021-10-01 14:35:30','2021-10-01 14:35:30',NULL),(2497,80,70,10,NULL,'2021-10-01 14:35:45','2021-10-01 14:35:45',NULL),(2498,83,70,10,NULL,'2021-10-01 14:35:57','2021-10-01 14:35:57',NULL),(2499,85,70,20,'users-uploads/gzrQEfQGkHY9z5QqVQ9TZ4YuKblvwTlCN5ILKfJy.png','2021-10-01 14:37:34','2021-10-01 14:37:34',NULL),(2500,69,96,10,NULL,'2021-10-01 14:46:51','2021-10-01 14:46:51',NULL),(2501,75,96,10,NULL,'2021-10-01 14:47:45','2021-10-01 14:47:45',NULL),(2502,80,96,10,NULL,'2021-10-01 14:49:33','2021-10-01 14:49:33',NULL),(2503,69,100,10,NULL,'2021-10-01 14:56:07','2021-10-01 14:56:07',NULL),(2504,75,100,10,NULL,'2021-10-01 14:56:53','2021-10-01 14:56:53',NULL),(2505,80,100,10,NULL,'2021-10-01 14:57:26','2021-10-01 14:57:26',NULL),(2506,69,71,10,NULL,'2021-10-01 15:40:31','2021-10-01 15:40:31',NULL),(2507,75,71,10,NULL,'2021-10-01 15:41:08','2021-10-01 15:41:08',NULL),(2508,80,71,10,NULL,'2021-10-01 15:41:39','2021-10-01 15:41:39',NULL),(2509,83,71,10,NULL,'2021-10-01 15:42:02','2021-10-01 15:42:02',NULL),(2510,85,71,20,'users-uploads/k2JF0bRGu56T0CjemRA12axgSgehjSZibkgqVKDE.jpg','2021-10-01 15:44:47','2021-10-01 15:44:47',NULL),(2511,69,65,10,NULL,'2021-10-01 16:01:30','2021-10-01 16:01:30',NULL),(2512,75,65,10,NULL,'2021-10-01 16:01:52','2021-10-01 16:01:52',NULL),(2513,80,65,10,NULL,'2021-10-01 16:02:42','2021-10-01 16:02:42',NULL),(2514,83,65,10,NULL,'2021-10-01 16:03:28','2021-10-01 16:03:28',NULL),(2515,68,102,20,'users-uploads/JOqIO3k2hnzDIr2VM2pLBWnjT2vqdtK6aPyW5ab9.jpg','2021-10-01 16:25:47','2021-10-01 16:25:47',NULL),(2516,69,102,10,NULL,'2021-10-01 16:25:53','2021-10-01 16:25:53',NULL),(2517,75,102,10,NULL,'2021-10-01 16:26:03','2021-10-01 16:26:03',NULL),(2518,80,102,10,NULL,'2021-10-01 16:26:11','2021-10-01 16:26:11',NULL),(2519,83,102,10,NULL,'2021-10-01 16:26:17','2021-10-01 16:26:17',NULL),(2520,85,102,20,'users-uploads/NqHDLIzUXSwCaoPyR14qVrwHnhgck8JD3e3XaiUh.png','2021-10-01 16:44:36','2021-10-01 16:44:36',NULL),(2521,85,63,20,'users-uploads/LyaVzuxdzdvgQAzlHflFdl98FDGS70Os2eXxfRXO.png','2021-10-01 16:56:15','2021-10-01 16:56:15',NULL),(2522,69,88,10,NULL,'2021-10-01 17:02:25','2021-10-01 17:02:25',NULL),(2523,75,88,10,NULL,'2021-10-01 17:02:34','2021-10-01 17:02:34',NULL),(2524,80,88,10,NULL,'2021-10-01 17:02:51','2021-10-01 17:02:51',NULL),(2525,83,88,10,NULL,'2021-10-01 17:03:00','2021-10-01 17:03:00',NULL),(2526,85,88,20,'users-uploads/4kEQGuWdr73DLS5LJbHm3tAt73IVucYSFTaZii3n.png','2021-10-01 17:11:16','2021-10-01 17:11:16',NULL),(2527,85,65,20,'users-uploads/85w7qYWDDYgNshvkaS82tfrUJNIlJzhnVGVxHNk3.png','2021-10-01 17:24:40','2021-10-01 17:24:40',NULL),(2528,69,112,10,NULL,'2021-10-01 18:05:53','2021-10-01 18:05:53',NULL),(2529,75,112,10,NULL,'2021-10-01 18:05:58','2021-10-01 18:05:58',NULL),(2530,80,112,10,NULL,'2021-10-01 18:06:06','2021-10-01 18:06:06',NULL),(2531,83,112,10,NULL,'2021-10-01 18:06:12','2021-10-01 18:06:12',NULL),(2532,85,112,20,'users-uploads/BDLeDdJtbjsZcPy4Edqx0hBURVvE10EMIyUGBq00.png','2021-10-01 18:10:40','2021-10-01 18:10:40',NULL),(2533,84,96,0,NULL,'2021-10-01 20:00:39','2021-10-01 20:00:39',NULL),(2534,85,96,20,'users-uploads/HfwTO9PmF6bP5ZJRaJEz9XGMnJAPVl5LgdatNdGY.png','2021-10-01 20:02:56','2021-10-01 20:02:56',NULL),(2535,83,100,10,NULL,'2021-10-01 20:13:15','2021-10-01 20:13:15',NULL),(2536,85,100,20,'users-uploads/8XYPuMw9jQl075yRiKfSCEGSkU3Za4L3NifRSQ43.png','2021-10-01 20:13:39','2021-10-01 20:13:39',NULL),(2537,69,113,10,NULL,'2021-10-01 20:24:57','2021-10-01 20:24:57',NULL),(2538,75,113,10,NULL,'2021-10-01 20:25:03','2021-10-01 20:25:03',NULL),(2539,80,113,10,NULL,'2021-10-01 20:25:11','2021-10-01 20:25:11',NULL),(2540,83,113,10,NULL,'2021-10-01 20:25:17','2021-10-01 20:25:17',NULL),(2541,85,113,20,'users-uploads/VxDgOniU1St6tBdcUgthUC8zjZKteBy7EgjRcRmS.png','2021-10-01 20:28:20','2021-10-01 20:28:20',NULL),(2542,17,126,20,'users-uploads/cLH4yj5mpKjlh5Zq535NX6iKbyGaN6o4Jfq7l4sp.jpg','2021-10-01 20:43:09','2021-10-01 20:43:09',NULL),(2543,34,126,20,'users-uploads/sxoH7r97uXXEDMOZlHz9E3dDUS5C0nNbOuZmQ7Jv.jpg','2021-10-01 20:47:01','2021-10-01 20:47:01',NULL),(2544,69,108,10,NULL,'2021-10-01 20:47:10','2021-10-01 20:47:10',NULL),(2545,38,126,10,NULL,'2021-10-01 20:49:26','2021-10-01 20:49:26',NULL),(2546,69,101,10,NULL,'2021-10-01 20:49:43','2021-10-01 20:49:43',NULL),(2547,74,108,0,NULL,'2021-10-01 20:49:43','2021-10-01 20:49:43',NULL),(2548,75,101,10,NULL,'2021-10-01 20:49:49','2021-10-01 20:49:49',NULL),(2549,80,101,10,NULL,'2021-10-01 20:50:20','2021-10-01 20:50:20',NULL),(2550,83,101,10,NULL,'2021-10-01 20:50:29','2021-10-01 20:50:29',NULL),(2551,41,126,10,NULL,'2021-10-01 20:50:36','2021-10-01 20:50:36',NULL),(2552,80,108,10,NULL,'2021-10-01 20:51:04','2021-10-01 20:51:04',NULL),(2553,83,108,10,NULL,'2021-10-01 20:51:49','2021-10-01 20:51:49',NULL),(2554,43,126,10,NULL,'2021-10-01 20:52:25','2021-10-01 20:52:25',NULL),(2555,47,126,10,NULL,'2021-10-01 20:53:30','2021-10-01 20:53:30',NULL),(2556,85,101,20,'users-uploads/X1pZZVITRVnoouvwcCTUTGAF51gw5UbRqelVMLtr.png','2021-10-01 20:55:19','2021-10-01 20:55:19',NULL),(2557,69,93,10,NULL,'2021-10-01 20:56:02','2021-10-01 20:56:02',NULL),(2558,75,93,10,NULL,'2021-10-01 20:56:14','2021-10-01 20:56:14',NULL),(2560,80,93,10,NULL,'2021-10-01 20:56:27','2021-10-01 20:56:27',NULL),(2562,83,93,10,NULL,'2021-10-01 20:57:08','2021-10-01 20:57:08',NULL),(2563,69,103,10,NULL,'2021-10-01 20:58:29','2021-10-01 20:58:29',NULL),(2564,75,103,10,NULL,'2021-10-01 20:58:36','2021-10-01 20:58:36',NULL),(2565,80,103,10,NULL,'2021-10-01 20:58:48','2021-10-01 20:58:48',NULL),(2566,83,103,10,NULL,'2021-10-01 20:58:54','2021-10-01 20:58:54',NULL),(2567,68,117,20,'users-uploads/cW4AU7ERXFRHHrDKYZH4pMwWVDKXfgD2x0sm9n5O.jpg','2021-10-01 20:59:01','2021-10-01 20:59:01',NULL),(2568,69,117,10,NULL,'2021-10-01 20:59:54','2021-10-01 20:59:54',NULL),(2569,85,103,20,'users-uploads/uHrMuEUJryPhWtlBcjXezVARdcxcJsjEXwBCgcfB.png','2021-10-01 21:00:03','2021-10-01 21:00:03',NULL),(2570,74,117,0,NULL,'2021-10-01 21:00:27','2021-10-01 21:00:27',NULL),(2571,80,117,10,NULL,'2021-10-01 21:01:01','2021-10-01 21:01:01',NULL),(2572,69,84,10,NULL,'2021-10-01 21:01:10','2021-10-01 21:01:10',NULL),(2573,75,84,10,NULL,'2021-10-01 21:01:19','2021-10-01 21:01:19',NULL),(2574,83,117,10,NULL,'2021-10-01 21:01:28','2021-10-01 21:01:28',NULL),(2575,80,84,10,NULL,'2021-10-01 21:01:28','2021-10-01 21:01:28',NULL),(2576,69,97,10,NULL,'2021-10-01 21:01:32','2021-10-01 21:01:32',NULL),(2577,75,97,10,NULL,'2021-10-01 21:01:40','2021-10-01 21:01:40',NULL),(2578,80,97,10,NULL,'2021-10-01 21:01:47','2021-10-01 21:01:47',NULL),(2579,83,84,10,NULL,'2021-10-01 21:01:51','2021-10-01 21:01:51',NULL),(2580,83,97,10,NULL,'2021-10-01 21:01:52','2021-10-01 21:01:52',NULL),(2581,85,97,20,'users-uploads/3zdRurXw04g7drzyOAt28UpMO2bj8DSDpdPIEFVp.png','2021-10-01 21:03:54','2021-10-01 21:03:54',NULL),(2582,69,128,10,NULL,'2021-10-01 21:09:38','2021-10-01 21:09:38',NULL),(2583,75,128,10,NULL,'2021-10-01 21:09:45','2021-10-01 21:09:45',NULL),(2584,80,128,10,NULL,'2021-10-01 21:09:51','2021-10-01 21:09:51',NULL),(2585,83,128,10,NULL,'2021-10-01 21:09:57','2021-10-01 21:09:57',NULL),(2586,51,126,20,'users-uploads/Jl4a6SHeWFSpWieiK9KHDLcLoe5MKbGpn2Gfhji8.jpg','2021-10-01 21:10:08','2021-10-01 21:10:08','Garantia da Qualidade'),(2587,55,126,10,NULL,'2021-10-01 21:11:54','2021-10-01 21:11:54',NULL),(2588,59,126,10,NULL,'2021-10-01 21:13:33','2021-10-01 21:13:33',NULL),(2589,63,126,10,NULL,'2021-10-01 21:14:46','2021-10-01 21:14:46',NULL),(2590,64,126,10,NULL,'2021-10-01 21:16:37','2021-10-01 21:16:37',NULL),(2591,55,39,10,NULL,'2021-10-01 21:18:41','2021-10-01 21:18:41',NULL),(2592,59,39,10,NULL,'2021-10-01 21:20:19','2021-10-01 21:20:19',NULL),(2593,63,39,10,NULL,'2021-10-01 21:22:10','2021-10-01 21:22:10',NULL),(2594,64,39,10,NULL,'2021-10-01 21:23:52','2021-10-01 21:23:52',NULL),(2595,69,39,10,NULL,'2021-10-01 21:26:09','2021-10-01 21:26:09',NULL),(2596,75,39,10,NULL,'2021-10-01 21:26:59','2021-10-01 21:26:59',NULL),(2597,80,39,10,NULL,'2021-10-01 21:28:13','2021-10-01 21:28:13',NULL),(2598,83,39,10,NULL,'2021-10-01 21:28:54','2021-10-01 21:28:54',NULL),(2599,69,126,10,NULL,'2021-10-01 21:31:41','2021-10-01 21:31:41',NULL),(2600,75,126,10,NULL,'2021-10-01 21:33:02','2021-10-01 21:33:02',NULL),(2601,80,126,10,NULL,'2021-10-01 21:34:19','2021-10-01 21:34:19',NULL),(2602,83,126,10,NULL,'2021-10-01 21:35:22','2021-10-01 21:35:22',NULL),(2603,69,118,10,NULL,'2021-10-01 21:52:54','2021-10-01 21:52:54',NULL),(2604,74,118,0,NULL,'2021-10-01 21:53:41','2021-10-01 21:53:41',NULL),(2605,85,128,20,'users-uploads/ggNIxtz7IFPlFSm0bffv2iNS42ukn0qoSKfQzJoG.png','2021-10-01 21:54:21','2021-10-01 21:54:21',NULL),(2606,80,118,10,NULL,'2021-10-01 21:54:56','2021-10-01 21:54:56',NULL),(2607,83,118,10,NULL,'2021-10-01 21:56:24','2021-10-01 21:56:24',NULL),(2608,85,126,20,'users-uploads/l47SWMkMf2762Xf0u4DLMQh66Pu0vsDepnyOFNSy.png','2021-10-01 21:57:03','2021-10-01 21:57:03',NULL),(2609,85,108,20,'users-uploads/LEKJh3d1MBXkqbDP8GuLgunKvb8p4KtwB372bFIm.png','2021-10-01 21:59:52','2021-10-01 21:59:52',NULL),(2610,68,126,20,'users-uploads/xno61fqg4nODNaQWqr7tHn5ArPljAUDa6YcYw1kX.png','2021-10-01 22:04:46','2021-10-01 22:04:46',NULL),(2611,69,98,10,NULL,'2021-10-01 22:06:32','2021-10-01 22:06:32',NULL),(2612,75,98,10,NULL,'2021-10-01 22:06:44','2021-10-01 22:06:44',NULL),(2613,80,98,10,NULL,'2021-10-01 22:06:55','2021-10-01 22:06:55',NULL),(2614,83,98,10,NULL,'2021-10-01 22:07:04','2021-10-01 22:07:04',NULL),(2615,85,98,20,'users-uploads/4zccqkbi1XXch0lgveCllAli3Ga25jXSXTGIAdV0.png','2021-10-01 22:10:57','2021-10-01 22:10:57',NULL),(2616,69,115,10,NULL,'2021-10-01 22:11:56','2021-10-01 22:11:56',NULL),(2617,75,115,10,NULL,'2021-10-01 22:12:10','2021-10-01 22:12:10',NULL),(2618,80,115,10,NULL,'2021-10-01 22:12:23','2021-10-01 22:12:23',NULL),(2619,83,115,10,NULL,'2021-10-01 22:12:32','2021-10-01 22:12:32',NULL),(2620,85,115,20,'users-uploads/2xqLK06qLZJPAXvdikv9Glmwq9vnwlQMO8OsORhG.png','2021-10-01 23:32:58','2021-10-01 23:32:58',NULL),(2621,69,91,10,NULL,'2021-10-01 23:54:41','2021-10-01 23:54:41',NULL),(2622,75,91,10,NULL,'2021-10-01 23:55:02','2021-10-01 23:55:02',NULL),(2623,80,91,10,NULL,'2021-10-01 23:57:00','2021-10-01 23:57:00',NULL),(2624,83,91,10,NULL,'2021-10-01 23:57:10','2021-10-01 23:57:10',NULL),(2625,69,116,0,NULL,'2021-10-02 00:02:32','2021-10-02 00:02:32',NULL),(2626,74,116,0,NULL,'2021-10-02 00:02:54','2021-10-02 00:02:54',NULL),(2627,80,116,0,NULL,'2021-10-02 00:03:21','2021-10-02 00:03:21',NULL),(2628,83,116,0,NULL,'2021-10-02 00:04:00','2021-10-02 00:04:00',NULL),(2629,85,91,0,'users-uploads/V8LKzLEU1Pz6Gn9Xd1Iw4sHCRx92qPVvM5ZoEPMt.png','2021-10-02 00:04:23','2021-10-02 00:04:23',NULL),(2630,85,116,0,'users-uploads/asY5OaaYA4t0BMawtpII6mk8oJ7tDLktfa3jUyCz.jpg','2021-10-02 00:14:50','2021-10-02 00:14:50',NULL),(2631,85,118,0,'users-uploads/MnAYHrY3dEtBRJdeZm7hQuOPiUj6Z0nOFpUZ0FYL.png','2021-10-02 01:45:33','2021-10-02 01:45:33',NULL),(2632,59,62,0,NULL,'2021-10-03 20:57:13','2021-10-03 20:57:13',NULL),(2633,63,62,0,NULL,'2021-10-03 20:57:56','2021-10-03 20:57:56',NULL),(2634,64,62,0,NULL,'2021-10-03 20:59:03','2021-10-03 20:59:03',NULL),(2635,69,62,0,NULL,'2021-10-03 21:00:07','2021-10-03 21:00:07',NULL),(2636,75,62,0,NULL,'2021-10-03 21:00:30','2021-10-03 21:00:30',NULL),(2637,80,62,0,NULL,'2021-10-03 21:00:53','2021-10-03 21:00:53',NULL),(2638,83,62,0,NULL,'2021-10-03 21:01:23','2021-10-03 21:01:23',NULL),(2639,38,80,0,NULL,'2021-10-04 05:46:16','2021-10-04 05:46:16',NULL),(2640,41,80,0,NULL,'2021-10-04 05:47:44','2021-10-04 05:47:44',NULL),(2641,43,80,0,NULL,'2021-10-04 05:49:24','2021-10-04 05:49:24',NULL),(2642,47,80,0,NULL,'2021-10-04 05:55:37','2021-10-04 05:55:37',NULL),(2643,55,80,0,NULL,'2021-10-04 05:57:27','2021-10-04 05:57:27',NULL),(2644,59,80,0,NULL,'2021-10-04 05:59:01','2021-10-04 05:59:01',NULL),(2645,63,80,0,NULL,'2021-10-04 06:00:46','2021-10-04 06:00:46',NULL),(2646,64,80,0,NULL,'2021-10-04 06:02:57','2021-10-04 06:02:57',NULL),(2647,69,80,0,NULL,'2021-10-04 06:04:48','2021-10-04 06:04:48',NULL),(2648,80,80,0,NULL,'2021-10-04 06:07:06','2021-10-04 06:07:06',NULL),(2649,83,80,0,NULL,'2021-10-04 06:07:59','2021-10-04 06:07:59',NULL),(2650,75,80,0,NULL,'2021-10-04 06:12:43','2021-10-04 06:12:43',NULL),(2651,51,33,0,'users-uploads/PjftifLQo6btMSXDIf3NDQ6HFQZfSMniojMp1V1t.jpg','2021-10-04 06:22:26','2021-10-04 06:22:26','Alexandra'),(2652,55,33,0,NULL,'2021-10-04 06:24:01','2021-10-04 06:24:01',NULL),(2653,69,50,0,NULL,'2021-10-04 06:24:12','2021-10-04 06:24:12',NULL),(2654,75,50,0,NULL,'2021-10-04 06:24:47','2021-10-04 06:24:47',NULL),(2655,59,33,0,NULL,'2021-10-04 06:25:12','2021-10-04 06:25:12',NULL),(2656,80,50,0,NULL,'2021-10-04 06:25:18','2021-10-04 06:25:18',NULL),(2657,83,50,0,NULL,'2021-10-04 06:25:44','2021-10-04 06:25:44',NULL),(2658,63,33,0,NULL,'2021-10-04 06:26:13','2021-10-04 06:26:13',NULL),(2659,64,33,0,NULL,'2021-10-04 06:30:01','2021-10-04 06:30:01',NULL),(2660,68,120,0,'users-uploads/bl37ZjeRivTp8zf2RgqkCTxLLtK9yLR5X1rYkqoa.jpg','2021-10-04 06:30:45','2021-10-04 06:30:45',NULL),(2661,69,120,0,NULL,'2021-10-04 06:31:46','2021-10-04 06:31:46',NULL),(2662,69,33,0,NULL,'2021-10-04 06:32:46','2021-10-04 06:32:46',NULL),(2663,74,120,0,NULL,'2021-10-04 06:33:02','2021-10-04 06:33:02',NULL),(2664,80,120,0,NULL,'2021-10-04 06:34:30','2021-10-04 06:34:30',NULL),(2665,80,33,0,NULL,'2021-10-04 06:35:13','2021-10-04 06:35:13',NULL),(2666,83,120,0,NULL,'2021-10-04 06:35:29','2021-10-04 06:35:29',NULL),(2667,83,33,0,NULL,'2021-10-04 06:35:58','2021-10-04 06:35:58',NULL),(2668,85,120,0,'users-uploads/3rZRJvO2Cwhjz3OpVyssMvbmljZgBfSCsN17R0Yb.jpg','2021-10-04 06:48:17','2021-10-04 06:48:17',NULL),(2669,45,5,0,NULL,'2021-10-04 07:02:48','2021-10-04 07:02:48',NULL),(2670,75,33,0,NULL,'2021-10-04 07:02:53','2021-10-04 07:02:53',NULL),(2672,81,5,0,NULL,'2021-10-04 07:02:55','2021-10-04 07:02:55',NULL),(2673,80,5,0,NULL,'2021-10-04 07:03:44','2021-10-04 07:03:44',NULL),(2674,68,33,0,'users-uploads/lkGaFzuLH5XPmcz5p51SLDXy5gws41N1KtIRU0gh.jpg','2021-10-04 07:05:50','2021-10-04 07:05:50','Alexandra'),(2675,20,122,0,NULL,'2021-10-04 07:43:55','2021-10-04 07:43:55',NULL),(2676,55,106,0,NULL,'2021-10-04 07:46:23','2021-10-04 07:46:23',NULL),(2677,59,106,0,NULL,'2021-10-04 07:47:15','2021-10-04 07:47:15',NULL),(2678,63,106,0,NULL,'2021-10-04 07:48:02','2021-10-04 07:48:02',NULL),(2679,64,106,0,NULL,'2021-10-04 07:48:51','2021-10-04 07:48:51',NULL),(2680,69,106,0,NULL,'2021-10-04 07:52:57','2021-10-04 07:52:57',NULL),(2681,75,106,0,NULL,'2021-10-04 07:53:28','2021-10-04 07:53:28',NULL),(2682,80,106,0,NULL,'2021-10-04 07:53:56','2021-10-04 07:53:56',NULL),(2683,83,106,0,NULL,'2021-10-04 07:54:21','2021-10-04 07:54:21',NULL),(2684,69,16,0,NULL,'2021-10-04 07:56:30','2021-10-04 07:56:30',NULL),(2685,75,16,0,NULL,'2021-10-04 07:57:16','2021-10-04 07:57:16',NULL),(2686,80,16,0,NULL,'2021-10-04 07:57:41','2021-10-04 07:57:41',NULL),(2687,83,16,0,NULL,'2021-10-04 07:58:02','2021-10-04 07:58:02',NULL),(2688,85,33,0,'users-uploads/MbBlzxJMKQS12xiqFJnotZ2E5VWvemAihCJrmbh7.png','2021-10-04 08:20:06','2021-10-04 08:20:06',NULL);

--
-- Table structure for table `badges`
--

CREATE TABLE `badges` (
  `id` bigint unsigned NOT NULL AUTO_INCREMENT,
  `name` varchar(255) COLLATE utf8mb4_unicode_ci NOT NULL,
  `image_achieved` varchar(255) COLLATE utf8mb4_unicode_ci DEFAULT NULL,
  `image_unachieved` varchar(255) COLLATE utf8mb4_unicode_ci DEFAULT NULL,
  `min_points` int NOT NULL DEFAULT '10',
  `created_at` timestamp NULL DEFAULT NULL,
  `updated_at` timestamp NULL DEFAULT NULL,
  PRIMARY KEY (`id`)
) ENGINE=InnoDB AUTO_INCREMENT=7 DEFAULT CHARSET=utf8mb4 COLLATE=utf8mb4_unicode_ci;

--
-- Dumping data for table `badges`
--

INSERT INTO `badges` VALUES (1,'Iniciante',NULL,NULL,10,'2021-09-26 23:19:21',NULL),(2,'Aprendendo',NULL,NULL,50,'2021-09-26 23:19:21',NULL),(3,'Dominando',NULL,NULL,100,'2021-09-26 23:19:21',NULL),(4,'Master Blaster',NULL,NULL,150,'2021-09-26 23:19:21',NULL),(5,'Mestre',NULL,NULL,200,'2021-09-26 23:19:21',NULL),(6,'Owner',NULL,NULL,500,'2021-09-26 23:19:21',NULL);

--
-- Table structure for table `failed_jobs`
--

CREATE TABLE `failed_jobs` (
  `id` bigint unsigned NOT NULL AUTO_INCREMENT,
  `uuid` varchar(255) COLLATE utf8mb4_unicode_ci NOT NULL,
  `connection` text COLLATE utf8mb4_unicode_ci NOT NULL,
  `queue` text COLLATE utf8mb4_unicode_ci NOT NULL,
  `payload` longtext COLLATE utf8mb4_unicode_ci NOT NULL,
  `exception` longtext COLLATE utf8mb4_unicode_ci NOT NULL,
  `failed_at` timestamp NOT NULL DEFAULT CURRENT_TIMESTAMP,
  PRIMARY KEY (`id`),
  UNIQUE KEY `failed_jobs_uuid_unique` (`uuid`)
) ENGINE=InnoDB DEFAULT CHARSET=utf8mb4 COLLATE=utf8mb4_unicode_ci;

--
-- Dumping data for table `failed_jobs`
--


--
-- Table structure for table `group_users`
--

CREATE TABLE `group_users` (
  `id` bigint unsigned NOT NULL AUTO_INCREMENT,
  `group_id` bigint unsigned NOT NULL,
  `user_id` bigint unsigned NOT NULL,
  `created_at` timestamp NULL DEFAULT NULL,
  `updated_at` timestamp NULL DEFAULT NULL,
  PRIMARY KEY (`id`),
  KEY `group_users_group_id_foreign` (`group_id`),
  KEY `group_users_user_id_foreign` (`user_id`),
  CONSTRAINT `group_users_group_id_foreign` FOREIGN KEY (`group_id`) REFERENCES `groups` (`id`),
  CONSTRAINT `group_users_user_id_foreign` FOREIGN KEY (`user_id`) REFERENCES `users` (`id`)
) ENGINE=InnoDB AUTO_INCREMENT=131 DEFAULT CHARSET=utf8mb4 COLLATE=utf8mb4_unicode_ci;

--
-- Dumping data for table `group_users`
--

INSERT INTO `group_users` VALUES (1,100,1,NULL,NULL),(2,100,2,NULL,NULL),(3,100,3,NULL,NULL),(4,2,4,NULL,NULL),(5,100,5,NULL,NULL),(6,23,6,NULL,NULL),(7,7,7,NULL,NULL),(8,100,8,NULL,NULL),(9,1,9,NULL,NULL),(10,3,10,NULL,NULL),(11,12,11,NULL,NULL),(12,19,12,NULL,NULL),(13,20,13,NULL,NULL),(14,15,14,NULL,NULL),(15,15,15,NULL,NULL),(16,21,16,NULL,NULL),(17,18,17,NULL,NULL),(18,22,18,NULL,NULL),(19,13,19,NULL,NULL),(20,17,20,NULL,NULL),(21,8,21,NULL,NULL),(22,23,22,NULL,NULL),(23,2,23,NULL,NULL),(24,13,24,NULL,NULL),(25,21,25,NULL,NULL),(26,7,26,NULL,NULL),(27,4,27,NULL,NULL),(28,8,28,NULL,NULL),(29,8,29,NULL,NULL),(30,20,30,NULL,NULL),(31,12,31,NULL,NULL),(32,22,32,NULL,NULL),(33,5,33,NULL,NULL),(34,8,34,NULL,NULL),(35,15,35,NULL,NULL),(36,7,36,NULL,NULL),(37,2,37,NULL,NULL),(38,6,38,NULL,NULL),(39,3,39,NULL,NULL),(40,14,40,NULL,NULL),(41,16,41,NULL,NULL),(42,9,42,NULL,NULL),(43,4,43,NULL,NULL),(44,9,44,NULL,NULL),(45,19,45,NULL,NULL),(46,18,46,NULL,NULL),(47,15,47,NULL,NULL),(48,2,48,NULL,NULL),(49,6,49,NULL,NULL),(50,19,50,NULL,NULL),(51,4,51,NULL,NULL),(52,18,52,NULL,NULL),(53,21,53,NULL,NULL),(54,1,54,NULL,NULL),(55,16,55,NULL,NULL),(56,1,56,NULL,NULL),(57,9,57,NULL,NULL),(58,21,58,NULL,NULL),(59,4,59,NULL,NULL),(60,6,60,NULL,NULL),(61,23,61,NULL,NULL),(62,14,62,NULL,NULL),(63,23,63,NULL,NULL),(64,15,64,NULL,NULL),(65,1,65,NULL,NULL),(66,1,66,NULL,NULL),(67,20,67,NULL,NULL),(68,5,68,NULL,NULL),(69,10,69,NULL,NULL),(70,21,70,NULL,NULL),(71,4,71,NULL,NULL),(72,16,72,NULL,NULL),(73,20,73,NULL,NULL),(74,5,74,NULL,NULL),(75,2,75,NULL,NULL),(76,18,76,NULL,NULL),(77,14,77,NULL,NULL),(78,11,78,NULL,NULL),(79,21,79,NULL,NULL),(80,16,80,NULL,NULL),(81,11,81,NULL,NULL),(82,7,82,NULL,NULL),(83,10,83,NULL,NULL),(84,6,84,NULL,NULL),(85,13,85,NULL,NULL),(86,7,86,NULL,NULL),(87,10,87,NULL,NULL),(88,13,88,NULL,NULL),(89,6,89,NULL,NULL),(90,12,90,NULL,NULL),(91,22,91,NULL,NULL),(92,11,92,NULL,NULL),(93,11,93,NULL,NULL),(94,9,94,NULL,NULL),(95,14,95,NULL,NULL),(96,8,96,NULL,NULL),(97,18,97,NULL,NULL),(98,11,98,NULL,NULL),(99,22,99,NULL,NULL),(100,10,100,NULL,NULL),(101,1,101,NULL,NULL),(102,14,102,NULL,NULL),(103,9,103,NULL,NULL),(104,15,104,NULL,NULL),(105,3,105,NULL,NULL),(106,6,106,NULL,NULL),(107,5,107,NULL,NULL),(108,22,108,NULL,NULL),(109,23,109,NULL,NULL),(110,3,110,NULL,NULL),(111,13,111,NULL,NULL),(112,5,112,NULL,NULL),(113,12,113,NULL,NULL),(114,10,114,NULL,NULL),(115,17,115,NULL,NULL),(116,14,116,NULL,NULL),(117,19,117,NULL,NULL),(118,2,118,NULL,NULL),(119,16,119,NULL,NULL),(120,19,120,NULL,NULL),(121,3,121,NULL,NULL),(122,7,122,NULL,NULL),(123,9,123,NULL,NULL),(124,19,124,NULL,NULL),(125,17,125,NULL,NULL),(126,12,126,NULL,NULL),(127,17,127,NULL,NULL),(128,20,128,NULL,NULL),(129,3,129,NULL,NULL),(130,13,130,NULL,NULL);

--
-- Table structure for table `groups`
--

CREATE TABLE `groups` (
  `id` bigint unsigned NOT NULL AUTO_INCREMENT,
  `group_name` varchar(255) COLLATE utf8mb4_unicode_ci NOT NULL,
  `group_avatar` varchar(255) COLLATE utf8mb4_unicode_ci DEFAULT NULL,
  `created_at` timestamp NULL DEFAULT NULL,
  `updated_at` timestamp NULL DEFAULT NULL,
  PRIMARY KEY (`id`)
) ENGINE=InnoDB AUTO_INCREMENT=101 DEFAULT CHARSET=utf8mb4 COLLATE=utf8mb4_unicode_ci;

--
-- Dumping data for table `groups`
--

INSERT INTO `groups` VALUES (1,'Flamboyant',NULL,'2021-09-21 17:45:06',NULL),(2,'Ficus',NULL,'2021-09-21 17:45:06',NULL),(3,'Paineira-rosa',NULL,'2021-09-21 17:45:06',NULL),(4,'Eucalipto',NULL,'2021-09-21 17:45:06',NULL),(5,'Abacateiro',NULL,'2021-09-21 17:45:06',NULL),(6,'Mangueira',NULL,'2021-09-21 17:45:06',NULL),(7,'Guapuvuru',NULL,'2021-09-21 17:45:06',NULL),(8,'Pinheiro do Paraná',NULL,'2021-09-21 17:45:06',NULL),(9,'Chapéu-de-sol',NULL,'2021-09-21 17:45:06',NULL),(10,'Casuarinha',NULL,'2021-09-21 17:45:06',NULL),(11,'Grevilha',NULL,'2021-09-21 17:45:06',NULL),(12,'Jaqueira',NULL,'2021-09-21 17:45:06',NULL),(13,'Tipuana',NULL,'2021-09-21 17:45:06',NULL),(14,'Álamo',NULL,'2021-09-21 17:45:06',NULL),(15,'Pinheiro',NULL,'2021-09-21 17:45:06',NULL),(16,'Jambolão',NULL,'2021-09-21 17:45:06',NULL),(17,'Ipê',NULL,'2021-09-21 17:45:06',NULL),(18,'Jacarandá',NULL,'2021-09-21 17:45:06',NULL),(19,'Manacá da Serra',NULL,'2021-09-21 17:45:06',NULL),(20,'Quaresmeira',NULL,'2021-09-21 17:45:06',NULL),(21,'Sequoia-gigante',NULL,'2021-09-21 17:45:06',NULL),(22,'Salgueiro-chorão',NULL,'2021-09-21 17:45:06',NULL),(23,'Falsa-seringueira',NULL,'2021-09-21 17:45:06',NULL),(100,'Agência',NULL,'2021-09-21 17:45:06',NULL);

--
-- Table structure for table `jobs`
--

CREATE TABLE `jobs` (
  `id` bigint unsigned NOT NULL AUTO_INCREMENT,
  `queue` varchar(255) COLLATE utf8mb4_unicode_ci NOT NULL,
  `payload` longtext COLLATE utf8mb4_unicode_ci NOT NULL,
  `attempts` tinyint unsigned NOT NULL,
  `reserved_at` int unsigned DEFAULT NULL,
  `available_at` int unsigned NOT NULL,
  `created_at` int unsigned NOT NULL,
  PRIMARY KEY (`id`),
  KEY `jobs_queue_index` (`queue`)
) ENGINE=InnoDB DEFAULT CHARSET=utf8mb4 COLLATE=utf8mb4_unicode_ci;

--
-- Dumping data for table `jobs`
--


--
-- Table structure for table `lifes`
--

CREATE TABLE `lifes` (
  `id` int unsigned NOT NULL AUTO_INCREMENT,
  `user_id` int unsigned NOT NULL,
  `created_at` timestamp NULL DEFAULT NULL,
  `updated_at` timestamp NULL DEFAULT NULL,
  `question_id` int DEFAULT NULL,
  PRIMARY KEY (`id`),
  KEY `lifes_user_id_index` (`user_id`)
) ENGINE=InnoDB AUTO_INCREMENT=44 DEFAULT CHARSET=utf8mb4 COLLATE=utf8mb4_unicode_ci;

--
-- Dumping data for table `lifes`
--

INSERT INTO `lifes` VALUES (1,77,'2021-09-27 13:57:00','2021-09-27 13:57:00',NULL),(2,82,'2021-09-27 14:12:38','2021-09-27 14:12:38',NULL),(3,83,'2021-09-27 14:16:49','2021-09-27 14:16:49',NULL),(4,83,'2021-09-27 14:17:07','2021-09-27 14:17:07',NULL),(5,83,'2021-09-27 14:17:47','2021-09-27 14:17:47',NULL),(6,99,'2021-09-27 15:33:18','2021-09-27 15:33:18',NULL),(7,1,'2021-09-27 19:18:25','2021-09-27 19:18:25',1),(8,122,'2021-09-28 07:12:49','2021-09-28 07:12:49',1),(9,87,'2021-09-28 08:37:02','2021-09-28 08:37:02',8),(10,82,'2021-09-28 09:03:55','2021-09-28 09:03:55',8),(11,107,'2021-09-28 10:25:00','2021-09-28 10:25:00',2),(12,5,'2021-09-28 16:30:36','2021-09-28 16:30:36',3),(13,111,'2021-09-28 17:44:02','2021-09-28 17:44:02',7),(14,111,'2021-09-28 17:44:44','2021-09-28 17:44:44',8),(15,74,'2021-09-28 20:33:20','2021-09-28 20:33:20',7),(16,77,'2021-09-29 07:36:06','2021-09-29 07:36:06',12),(17,4,'2021-09-29 13:10:36','2021-09-29 13:10:36',12),(18,111,'2021-09-29 20:14:07','2021-09-29 20:14:07',11),(19,74,'2021-09-29 21:36:21','2021-09-29 21:36:21',11),(20,74,'2021-09-29 21:37:30','2021-09-29 21:37:30',12),(21,14,'2021-09-30 07:26:13','2021-09-30 07:26:13',19),(22,54,'2021-09-30 07:27:01','2021-09-30 07:27:01',16),(23,82,'2021-09-30 09:04:30','2021-09-30 09:04:30',19),(24,29,'2021-09-30 09:09:50','2021-09-30 09:09:50',16),(25,29,'2021-09-30 09:10:07','2021-09-30 09:10:07',16),(26,68,'2021-09-30 13:54:40','2021-09-30 13:54:40',19),(27,14,'2021-10-01 07:53:04','2021-10-01 07:53:04',22),(28,114,'2021-10-01 09:11:30','2021-10-01 09:11:30',22),(29,114,'2021-10-01 09:13:37','2021-10-01 09:13:37',24),(30,114,'2021-10-01 09:13:50','2021-10-01 09:13:50',24),(31,42,'2021-10-01 09:38:39','2021-10-01 09:38:39',16),(32,77,'2021-10-01 11:08:14','2021-10-01 11:08:14',22),(33,78,'2021-10-01 12:23:42','2021-10-01 12:23:42',22),(34,78,'2021-10-01 12:23:53','2021-10-01 12:23:53',22),(35,78,'2021-10-01 12:25:23','2021-10-01 12:25:23',24),(36,69,'2021-10-01 13:51:16','2021-10-01 13:51:16',22),(37,68,'2021-10-01 13:52:19','2021-10-01 13:52:19',22),(38,39,'2021-10-01 21:17:40','2021-10-01 21:17:40',16),(39,39,'2021-10-01 21:26:55','2021-10-01 21:26:55',22),(40,118,'2021-10-01 21:56:15','2021-10-01 21:56:15',24),(41,118,'2021-10-01 21:56:21','2021-10-01 21:56:21',24),(42,80,'2021-10-04 06:12:35','2021-10-04 06:12:35',22),(43,16,'2021-10-04 07:57:05','2021-10-04 07:57:05',22);

--
-- Table structure for table `logs`
--

CREATE TABLE `logs` (
  `id` bigint unsigned NOT NULL AUTO_INCREMENT,
  `user_id` int NOT NULL,
  `activity` varchar(255) COLLATE utf8mb4_unicode_ci NOT NULL,
  `created_at` timestamp NULL DEFAULT NULL,
  `updated_at` timestamp NULL DEFAULT NULL,
  PRIMARY KEY (`id`)
) ENGINE=InnoDB DEFAULT CHARSET=utf8mb4 COLLATE=utf8mb4_unicode_ci;

--
-- Dumping data for table `logs`
--


--
-- Table structure for table `migrations`
--

CREATE TABLE `migrations` (
  `id` int unsigned NOT NULL AUTO_INCREMENT,
  `migration` varchar(255) COLLATE utf8mb4_unicode_ci NOT NULL,
  `batch` int NOT NULL,
  PRIMARY KEY (`id`)
) ENGINE=InnoDB AUTO_INCREMENT=17 DEFAULT CHARSET=utf8mb4 COLLATE=utf8mb4_unicode_ci;

--
-- Dumping data for table `migrations`
--

INSERT INTO `migrations` VALUES (1,'2014_10_12_000000_create_users_table',1),(2,'2014_10_12_100000_create_password_resets_table',1),(3,'2019_08_19_000000_create_failed_jobs_table',1),(4,'2021_08_19_160122_groups',1),(5,'2021_08_19_163238_questions',1),(6,'2021_08_19_164312_badges',1),(7,'2021_08_19_165105_settings',1),(8,'2021_08_19_165833_logs',1),(9,'2021_08_23_115617_answers',1),(10,'2021_08_23_120141_questions_answers',1),(11,'2021_08_25_154925_answers_users_table',1),(12,'2021_08_30_112631_pre_registration_table',1),(13,'2021_09_01_122719_lifes',1),(14,'2021_09_02_183020_uploads',1),(15,'2021_09_16_094057_create_group_users_table',1),(16,'2021_09_24_082650_create_jobs_table',1);

--
-- Table structure for table `pre_registration`
--

CREATE TABLE `pre_registration` (
  `id` int unsigned NOT NULL AUTO_INCREMENT,
  `email` varchar(255) COLLATE utf8mb4_unicode_ci NOT NULL,
  `group_id` int NOT NULL,
  `created_at` timestamp NULL DEFAULT NULL,
  `updated_at` timestamp NULL DEFAULT NULL,
  PRIMARY KEY (`id`)
) ENGINE=InnoDB AUTO_INCREMENT=142 DEFAULT CHARSET=utf8mb4 COLLATE=utf8mb4_unicode_ci;

--
-- Dumping data for table `pre_registration`
--

INSERT INTO `pre_registration` VALUES (1,'emile.mariano@dsbr.com.br',100,'2021-09-21 17:45:06',NULL),(2,'pedro.fiorante@dsbr.com.br',100,'2021-09-21 17:45:06',NULL),(3,'ailton.cordeiro@dsbr.com.br',1,'2021-09-21 17:45:06',NULL),(4,'alex.nascimento@dsbr.com.br',1,'2021-09-21 17:45:06',NULL),(5,'arthur.serafim@dsbr.com.br',1,'2021-09-21 17:45:06',NULL),(6,'gabriela.silva@dsbr.com.br',1,'2021-09-21 17:45:06',NULL),(7,'paulo.pedroso@dsbr.com.br',1,'2021-09-21 17:45:06',NULL),(8,'monica.argos@dsbr.com.br',1,'2021-09-21 17:45:06',NULL),(9,'alexandra.duarte@dsbr.com.br',2,'2021-09-21 17:45:06',NULL),(10,'alexandre.anunciacao@dsbr.com.br',2,'2021-09-21 17:45:06',NULL),(11,'andreia.silva@dsbr.com.br',2,'2021-09-21 17:45:06',NULL),(12,'gabriela.gandra@dsbr.com.br',2,'2021-09-21 17:45:06',NULL),(13,'osvaldo.silva@dsbr.com.br',2,'2021-09-21 17:45:06',NULL),(14,'Odair.argos@dsbr.com.br',2,'2021-09-21 17:45:06',NULL),(15,'alfredo.carvalho@dsbr.com.br',3,'2021-09-21 17:45:06',NULL),(16,'ana.santana@dsbr.com.br',3,'2021-09-21 17:45:06',NULL),(17,'ana.rodrigues@dsbr.com.br',3,'2021-09-21 17:45:06',NULL),(18,'fabiano.sales@dsbr.com.br',3,'2021-09-21 17:45:06',NULL),(19,'olidio.neto@dsbr.com.br',3,'2021-09-21 17:45:06',NULL),(21,'andre.baptista@dsbr.com.br',4,'2021-09-21 17:45:06',NULL),(22,'aparecida.souza@dsbr.com.br',4,'2021-09-21 17:45:06',NULL),(23,'almir.silva@dsbr.com.br',4,'2021-09-21 17:45:06',NULL),(24,'ernesto.buffoni@dsbr.com.br',4,'2021-09-21 17:45:06',NULL),(25,'norma.tonon@dsbr.com.br',4,'2021-09-21 17:45:06',NULL),(26,'ariana.pereira@dsbr.com.br',5,'2021-09-21 17:45:06',NULL),(27,'carlos.vicente@dsbr.com.br',5,'2021-09-21 17:45:06',NULL),(28,'aldemir.santos@dsbr.com.br',5,'2021-09-21 17:45:06',NULL),(29,'erica.okuda@dsbr.com.br',5,'2021-09-21 17:45:06',NULL),(30,'nereuso.alves@dsbr.com.br',5,'2021-09-21 17:45:06',NULL),(31,'victor.argos@dsbr.com.br',5,'2021-09-21 17:45:06',NULL),(32,'claudinei.cruz@dsbr.com.br',6,'2021-09-21 17:45:06',NULL),(33,'clovis.melo@dsbr.com.br',6,'2021-09-21 17:45:06',NULL),(34,'rosangela.duarte@dsbr.com.br',6,'2021-09-21 17:45:06',NULL),(35,'debora.savio@dsbr.com.br',6,'2021-09-21 17:45:06',NULL),(36,'natalia.menezes@dsbr.com.br',6,'2021-09-21 17:45:06',NULL),(37,'sandra.alves@dsbr.com.br',6,'2021-09-21 17:45:06',NULL),(38,'conceicao.escaramboni@dsbr.com.br',7,'2021-09-21 17:45:06',NULL),(39,'cristina.santos@dsbr.com.br',7,'2021-09-21 17:45:06',NULL),(40,'zelia.diodato@dsbr.com.br',7,'2021-09-21 17:45:06',NULL),(41,'daniel.devidis@dsbr.com.br',7,'2021-09-21 17:45:06',NULL),(42,'michel.azevedo@dsbr.com.br',7,'2021-09-21 17:45:06',NULL),(43,'daniela.antero@dsbr.com.br',8,'2021-09-21 17:45:06',NULL),(44,'debora.campos@dsbr.com.br',8,'2021-09-21 17:45:06',NULL),(45,'eliude.argos@dsbr.com.br',8,'2021-09-21 17:45:06',NULL),(46,'daniel.macedo@dsbr.com.br',8,'2021-09-21 17:45:06',NULL),(47,'matheus.martins@dsbr.com.br',8,'2021-09-21 17:45:06',NULL),(48,'larissa.silva@dsbr.com.br',8,'2021-09-21 17:45:06',NULL),(49,'demetrios.costa@dsbr.com.br',9,'2021-09-21 17:45:06',NULL),(50,'edjane.souza@dsbr.com.br',9,'2021-09-21 17:45:06',NULL),(51,'patricia.argos@dsbr.com.br',9,'2021-09-21 17:45:06',NULL),(52,'daiana.cunha@dsbr.com.br',9,'2021-09-21 17:45:06',NULL),(53,'maria.fazio@dsbr.com.br',9,'2021-09-21 17:45:06',NULL),(54,'Isabelli.nube@dsbr.com.br',9,'2021-09-21 17:45:06',NULL),(55,'eliezio.silva@dsbr.com.br',10,'2021-09-21 17:45:06',NULL),(56,'Fabiana.matos@dsbr.com.br',10,'2021-09-21 17:45:06',NULL),(57,'evandro.argos@dsbr.com.br',10,'2021-09-21 17:45:06',NULL),(58,'daiana.carvalho@dsbr.com.br',10,'2021-09-21 17:45:06',NULL),(59,'marco.debiaze@dsbr.com.br',10,'2021-09-21 17:45:06',NULL),(60,'fabio.silva@dsbr.com.br',11,'2021-09-21 17:45:06',NULL),(61,'fernando.alves@dsbr.com.br',11,'2021-09-21 17:45:06',NULL),(62,'vanessa.argos@dsbr.com.br',11,'2021-09-21 17:45:06',NULL),(63,'cristiane.yamazaki@dsbr.com.br',11,'2021-09-21 17:45:06',NULL),(64,'luciana.bitencourt@dsbr.com.br',11,'2021-09-21 17:45:06',NULL),(65,'francisco.junior@dsbr.com.br',12,'2021-09-21 17:45:06',NULL),(66,'geneses.carmo@dsbr.com.br',12,'2021-09-21 17:45:06',NULL),(67,'alberto.peixoto@dsbr.com.br',12,'2021-09-21 17:45:06',NULL),(68,'cristiane.miyashiro@dsbr.com.br',12,'2021-09-21 17:45:06',NULL),(69,'lucelia.lemos@dsbr.com.br',12,'2021-09-21 17:45:06',NULL),(70,'wanderson.dias@dsbr.com.br',12,'2021-09-21 17:45:06',NULL),(71,'geraldo.pinheiro@dsbr.com.br',13,'2021-09-21 17:45:06',NULL),(72,'ilton.araujo@dsbr.com.br',13,'2021-09-21 17:45:06',NULL),(73,'hyago.marcelino@dsbr.com.br',13,'2021-09-21 17:45:06',NULL),(74,'cristiana.teixeira@dsbr.com.br',13,'2021-09-21 17:45:06',NULL),(75,'lucas.figueredo@dsbr.com.br',13,'2021-09-21 17:45:06',NULL),(76,'vinicius.generoso@dsbr.com.br',13,'2021-09-21 17:45:06',NULL),(77,'ivanildo.silva@dsbr.com.br',14,'2021-09-21 17:45:06',NULL),(78,'jose.rocha@dsbr.com.br',14,'2021-09-21 17:45:06',NULL),(79,'alexandre.tedeschi@dsbr.com.br',14,'2021-09-21 17:45:06',NULL),(80,'Cintia.domenech@dsbr.com.br',14,'2021-09-21 17:45:06',NULL),(81,'lidiane.moretti@dsbr.com.br',14,'2021-09-21 17:45:06',NULL),(82,'victor.ferraz@dsbr.com.br',14,'2021-09-21 17:45:06',NULL),(83,'leandro.almeida@dsbr.com.br',15,'2021-09-21 17:45:06',NULL),(84,'leneci.rocha@dsbr.com.br',15,'2021-09-21 17:45:06',NULL),(85,'camila.lima@dsbr.com.br',15,'2021-09-21 17:45:06',NULL),(86,'caroline.martins@dsbr.com.br',15,'2021-09-21 17:45:06',NULL),(87,'leandro.pereira@dsbr.com.br',15,'2021-09-21 17:45:06',NULL),(88,'veronica.sales@dsbr.com.br',15,'2021-09-21 17:45:06',NULL),(89,'luciana.santos@dsbr.com.br',16,'2021-09-21 17:45:06',NULL),(90,'luciano.floriano@dsbr.com.br',16,'2021-09-21 17:45:06',NULL),(91,'eduardo.xavier@dsbr.com.br',16,'2021-09-21 17:45:06',NULL),(92,'carlos.costa@dsbr.com.br',16,'2021-09-21 17:45:06',NULL),(93,'lauricelia.matsuda@dsbr.com.br',16,'2021-09-21 17:45:06',NULL),(94,'taina.ramiro@dsbr.com.br',16,'2021-09-21 17:45:06',NULL),(95,'lucimara.melo@dsbr.com.br',17,'2021-09-21 17:45:06',NULL),(96,'jorge.benicio@dsbr.com.br',17,'2021-09-21 17:45:06',NULL),(97,'caio.aguiar@dsbr.com.br',17,'2021-09-21 17:45:06',NULL),(98,'karina.pajares@dsbr.com.br',17,'2021-09-21 17:45:06',NULL),(99,'sidnei.ferreira@dsbr.com.br',17,'2021-09-21 17:45:06',NULL),(100,'Magalem.santos@dsbr.com.br',18,'2021-09-21 17:45:06',NULL),(101,'manoel.silva@dsbr.com.br',18,'2021-09-21 17:45:06',NULL),(103,'bruna.almeida@dsbr.com.br',18,'2021-09-21 17:45:06',NULL),(104,'Karina.souza@dsbr.com.br',18,'2021-09-21 17:45:06',NULL),(105,'rute.santos@dsbr.com.br',18,'2021-09-21 17:45:06',NULL),(106,'marcelo.cavalcante@dsbr.com.br',19,'2021-09-21 17:45:06',NULL),(107,'paulo.moreira@dsbr.com.br',19,'2021-09-21 17:45:06',NULL),(108,'marcelo.souza@dsbr.com.br',19,'2021-09-21 17:45:06',NULL),(109,'bismark.santos@dsbr.com.br',19,'2021-09-21 17:45:06',NULL),(110,'juliana.matos@dsbr.com.br',19,'2021-09-21 17:45:06',NULL),(111,'reinaldo.martins@dsbr.com.br',19,'2021-09-21 17:45:06',NULL),(112,'regiane.louro@dsbr.com.br',20,'2021-09-21 17:45:06',NULL),(113,'olga.ribeiro@dsbr.com.br',20,'2021-09-21 17:45:06',NULL),(115,'julia.santos@dsbr.com.br',20,'2021-09-21 17:45:06',NULL),(116,'Reginaldo.barbosa@dsbr.com.br',20,'2021-09-21 17:45:06',NULL),(117,'renan.guida@gmail.com',21,'2021-09-21 17:45:06',NULL),(118,'rodinei.alencar@dsbr.com.br',21,'2021-09-21 17:45:06',NULL),(119,'ronaldo.pedro@dsbr.com.br',21,'2021-09-21 17:45:06',NULL),(120,'beatriz.mendes@dsbr.com.br',21,'2021-09-21 17:45:06',NULL),(121,'jessica.kimura@dsbr.com.br',21,'2021-09-21 17:45:06',NULL),(122,'rafaela.maklouf@dsbr.com.br',21,'2021-09-21 17:45:06',NULL),(123,'rogerio.moraes@dsbr.com.br',22,'2021-09-21 17:45:06',NULL),(124,'ronaldo.silva@dsbr.com.br',22,'2021-09-21 17:45:06',NULL),(125,'wanderley.moura@dsbr.com.br',22,'2021-09-21 17:45:06',NULL),(126,'gustavo.escobar@dsbr.com.br',22,'2021-09-21 17:45:06',NULL),(127,'rafaela.guardia@dsbr.com.br',22,'2021-09-21 17:45:06',NULL),(128,'pericles.borges@dsbr.com.br',23,'2021-09-21 17:45:06',NULL),(129,'thiago.willians@dsbr.com.br',23,'2021-09-21 17:45:06',NULL),(130,'valdo.francisco@dsbr.com.br',23,'2021-09-21 17:45:06',NULL),(131,'gabriella.ferreira@dsbr.com.br',23,'2021-09-21 17:45:06',NULL),(132,'priscila.ramalho@dsbr.com.br',23,'2021-09-21 17:45:06',NULL),(133,'fillipe@every.is',100,'2021-09-21 17:45:06',NULL),(134,'naisa@every.is',100,'2021-09-21 17:45:06',NULL),(135,'israel@every.is',100,'2021-09-21 17:45:06',NULL),(137,'maria.brandao@dsbr.com.br',7,'2021-09-21 17:45:06',NULL),(138,'stephanie.peixoto@dsbr.com.br',11,'2021-09-21 17:45:06',NULL),(139,'micael.silva@dsbr.com.br',10,'2021-09-21 17:45:06',NULL),(140,'adilson.vaz@dsbr.com.br',20,NULL,NULL),(141,'cleonice.argos@dsbr.com.br',3,'2021-09-21 17:45:06',NULL);

--
-- Table structure for table `questions`
--

CREATE TABLE `questions` (
  `id` bigint unsigned NOT NULL AUTO_INCREMENT,
  `text` text COLLATE utf8mb4_unicode_ci NOT NULL,
  `tip` varchar(255) COLLATE utf8mb4_unicode_ci DEFAULT NULL,
  `type` varchar(255) COLLATE utf8mb4_unicode_ci NOT NULL DEFAULT 'quiz',
  `points` int NOT NULL DEFAULT '0',
  `image_achieved` varchar(255) COLLATE utf8mb4_unicode_ci DEFAULT NULL,
  `image_unachieved` varchar(255) COLLATE utf8mb4_unicode_ci DEFAULT NULL,
  `open_date` date DEFAULT NULL,
  `created_at` timestamp NULL DEFAULT NULL,
  `updated_at` timestamp NULL DEFAULT NULL,
  PRIMARY KEY (`id`)
) ENGINE=InnoDB AUTO_INCREMENT=26 DEFAULT CHARSET=utf8mb4 COLLATE=utf8mb4_unicode_ci;

--
-- Dumping data for table `questions`
--

INSERT INTO `questions` VALUES (1,'Daniel, ao consultar um documento, verificou que os anexos deste documento estavam com a versão anterior à versão vigente. Ele foi orientado a abrir um Desvio de Qualidade. Em até quantos dias - após detectado o problema - Daniel deve abrir o Desvio?','Verificar POP-GQ-0212','quiz',10,NULL,NULL,'2021-09-27','2021-09-26 23:19:21',NULL),(2,'Miriam, ao revisar a documentação de lote, detectou que um Operador não assinou e não datou a Ordem de Produção após a execução de sua atividade. Como ela deve proceder?','Verificar POP-GQ-0208','quiz',10,NULL,NULL,'2021-09-27','2021-09-26 23:19:21',NULL),(3,'Ao receber uma visita técnica foi solicitado que os visitantes tivessem acesso aos corredores da área produtiva primária. Qual é a paramentação necessária para visitantes à área produtiva?','Verificar POP-GQ- 0206','quiz',10,NULL,NULL,'2021-09-27','2021-09-26 23:19:21',NULL),(4,'João trabalha há muitos anos na produção da DSBR e conhece como ninguém o processo de manipulação de Hirudoid. Recentemente, a Ordem de Produção foi revisada e uma das informações na Ordem foi alterada sem qualquer justificativa pelo elaborador da Ordem. Qual deve ser a postura mais adequada do João?','POP-GQ-0229','quiz',10,NULL,NULL,'2021-09-27','2021-09-26 23:19:21',NULL),(5,'A gente acredita que a Qualidade não é uma missão que se cumpre sozinha. Ela é feita com o empenho e a colaboração de todos.<br>Quer ganhar mais 20 pontos? Tire uma foto com seus colegas de trabalho que fazem a diferença na Qualidade e poste aqui no Game!','Para contabilizar pontos nesta missão, você precisa fazer o upload de uma foto para comprovar que ela foi cumprida!','upload',20,NULL,NULL,'2021-09-27','2021-09-26 23:19:21',NULL),(6,'É obrigatória a paramentação dos colaboradores e visitantes para acesso às seguintes áreas:','Verificar POP-GQ-0206','quiz',10,NULL,NULL,'2021-09-28','2021-09-26 23:19:21',NULL),(7,'Jorge, ao conferir uma análise realizada pelo Laboratório Físico-Químico, verificou que as amostras usadas para análise tinham validade de apenas 48 horas, mas foram analisadas com 72 horas. Como o profissional que realizou as análises deveria proceder para evitar este Desvio de Qualidade?','POP-CQ-0205','quiz',10,NULL,NULL,'2021-09-28','2021-09-26 23:19:21',NULL),(8,'Oswaldo revisou um Procedimento Operacional Padrão e, após a aprovação, solicitou à Garantia da Qualidade que homologasse o documento, mas não se deu conta de que, para que uma versão do procedimento se torne vigente, é necessário que','POP-GQ-0200','quiz',10,NULL,NULL,'2021-09-28','2021-09-26 23:19:21',NULL),(9,'É permitido o uso do material abaixo para o preenchimento das documentações:','Verificar POP-GQ-0208','quiz',10,NULL,NULL,'2021-09-28','2021-09-26 23:19:21',NULL),(10,'Queremos saber como você aplica a Qualidade na sua rotina. Escolha um dos 7 princípios abaixo e faça uma foto para mostrar como você o executa aí no seu trabalho.<br>\n                Foco no Cliente / Melhoria Contínua / Orientação para Mudança / Orientação para resultado /\n                Parceria & Colaboração / Respeito às pessoas & Valores / Sensibilidade Intercultural<br>\n                Não se esqueça! Se completar esta missão corretamente, você leva mais 20 pontos!','Para contabilizar pontos nesta missão, você precisa fazer o upload de uma foto para comprovar que ela foi cumprida!','upload',20,NULL,NULL,'2021-09-28','2021-09-26 23:19:21',NULL),(11,'Alberto é um colaborador novo na DSBR. Ele está sendo treinado para executar os testes de Controle em Processo da etapa de Granulação. Após concluída a sua capacitação, realizando um teste de controle em processo para a atividade de água de Loxoprofeno, ele obtém um resultado fora da especificação. Como o Alberto deve agir?','POP-GQ-0212','quiz',10,NULL,NULL,'2021-09-29','2021-09-26 23:19:21',NULL),(12,'Maria trabalha na área de Supply Chain da DSBR. Chegando no fim do mês, ela verificou suas ações pendentes, e notou que a sua gestora atribuiu uma ação de CM para ela que, na opinião de Maria, “não faz o menor sentido”. Qual deve ser a postura de Maria?','PP-GQ-0249','quiz',10,NULL,NULL,'2021-09-29','2021-09-26 23:19:21',NULL),(13,'Vinícius trabalha no Controle da Qualidade da DSBR há sete anos. Ele viu a versão 00 do Método Analítico de Edoxabana rodar pelas bancadas do CQ e se orgulha muito disso. Ele conhece todos os parâmetros de equipamentos, massas e tomadas de ensaio de cabeça. Qual é a postura correta que o Vinícius deve tomar ao conduzir uma análise de Edoxabana?','MQ-0001','quiz',10,NULL,NULL,'2021-09-29','2021-09-26 23:19:21',NULL),(14,'Qual é o nome dado a um evento detectado em que as consequências podem afetar a qualidade, segurança e eficácia do produto, processo ou integridade de dados, sem colocar em risco a saúde do consumidor, mas que possa levar a um comprometimento caso não documentado e investigado?','Verificar POP-GQ-0212','quiz',10,NULL,NULL,'2021-09-29','2021-09-26 23:19:21',NULL),(15,'A Qualidade também passa pelo reconhecimento de talentos. Que tal tirar uma foto de um colega de trabalho que te inspira a evoluir profissionalmente e publicar aqui no Game? Não se esqueça de preencher o nome do seu colega no campo indicado.<br>Completando esta missão corretamente, você acumula mais 20 pontos!','Para contabilizar pontos nesta missão, você precisa fazer o upload de uma foto para comprovar que ela foi cumprida!','upload',20,NULL,NULL,'2021-09-29','2021-09-26 23:19:21',NULL),(16,'Andando pelo almoxarifado da DSBR, Beatriz nota que uma sacaria de Lactose está furada. Ao que tudo indica, em um movimento rápido, a paleteira acabou rasgando a sacaria e o almoxarife sequer notou. Como Beatriz deve agir?','POP-GQ-0212','quiz',10,NULL,NULL,'2021-09-30','2021-09-26 23:19:21',NULL),(17,'José é um eletricista extremamente habilidoso. Já passou por diversas empresas antes de achar o seu lugar na DSBR. Ele está aqui há poucos meses, mas já vem percebendo diversas oportunidades de melhorias. Ele teve uma ideia que, conversando com alguns colegas da Manutenção e Produção, realmente parece ser muito boa e vai ajudar bastante com as constantes paradas da nova linha de embalagem. Qual é a postura mais adequada para José?','POP-GQ-0211','quiz',10,NULL,NULL,'2021-09-30','2021-09-26 23:19:21',NULL),(18,'Já é a quinta vez neste mês que Paula se esquece da senha de acesso ao LIMS. Ela precisa registrar os dados de amostragem de água, mas não consegue lembrar da sua senha. Ricardo, que é seu amigo de longa data, possui acesso ao sistema LIMS. Ele executa quase as mesmas atividades que ela e está aflito em vê-la sem acesso ao sistema. O que Ricardo deve fazer?','POP-SIS-0007','quiz',10,NULL,NULL,'2021-09-30','2021-09-26 23:19:21',NULL),(19,'Luciana está em busca de um novo desafio profissional e trabalha há muitos anos no ramo farmacêutico. Ao atualizar seu currículo, se deparou com uma vaga na DSBR que lhe chamou muito atenção, pois ela sempre ouviu falar que a DSBR faz parte do GREAT PLACE TO WORK e se identificou com a missão da empresa que é:','MQ-0001','quiz',10,NULL,NULL,'2021-09-30','2021-09-26 23:19:21',NULL),(20,'Vamos colocar em prática o nosso tema Raízes da Qualidade?<br> Convidamos a você a retratar em uma foto como a Qualidade é um conceito que você planta e cuida no seu dia a dia. Depois, faça o upload aqui no Game para garantir mais 20 pontos!','Para contabilizar pontos nesta missão, você precisa fazer o upload de uma foto para comprovar que ela foi cumprida!','upload',20,NULL,NULL,'2021-09-30','2021-09-26 23:19:21',NULL),(21,'Arthur é o novo colaborador do Controle de Qualidade e terminou seus treinamentos de capacitação online. Ele precisa ser treinado por algum colega sobre sua atividade prática, mas como a pessoa designada está de licença médica, Tobias, seu amigo de longa data que já executou esta atividade há alguns anos e que atualmente está em Validação Analítica, disse que poderia ajudá-lo no treinamento. Como Arthur deveria proceder?','POP-RH-0002','quiz',10,NULL,NULL,'2021-10-01','2021-09-26 23:19:21',NULL),(22,'Durante o processo de embalagem do produto HIRUDOID 500 GEL 40g, foi detectado que o leitor de códigos Laetus da envasadora Nordenmatic expulsou uma bisnaga. Ao verificar o motivo da expulsão, constatou-se que era uma bisnaga de HIRUDOID 300 GEL. Este é um típico caso de:','POP-GQ-0204','quiz',10,NULL,NULL,'2021-10-01','2021-09-26 23:19:21',NULL),(23,'Já no fim do expediente, Roberto está fechando a documentação do lote recém revestido para concluir suas atividades do dia. Com pressa, acabou colocando a data de 17/05/2022 em vez de 16/05/2022. Como ele deve proceder?','POP-GQ-0208','quiz',10,NULL,NULL,'2021-10-01','2021-09-26 23:19:21',NULL),(24,'Antes da produção de um lote de Hirudoid, foi realizada limpeza completa, mas foi detectada a presença de pequenos pontos pretos na parede interna do Reator Becomix. Neste caso como o colaborador deve proceder:','POP-GQ-0212','quiz',10,NULL,NULL,'2021-10-01','2021-09-26 23:19:21',NULL),(25,'Queremos muito saber como você enxerga a Qualidade! Escreva uma frase com o significado de Qualidade para você, tire uma foto e faça o upload aqui no Game. Já sabe, né!? Se a missão for cumprida corretamente, você leva mais 20 pontos!','Para contabilizar pontos nesta missão, você precisa fazer o upload de uma foto para comprovar que ela foi cumprida!','upload',20,NULL,NULL,'2021-10-01','2021-09-26 23:19:21',NULL);

--
-- Table structure for table `questions_answers`
--

CREATE TABLE `questions_answers` (
  `id` int unsigned NOT NULL AUTO_INCREMENT,
  `question_id` int NOT NULL,
  `answer_id` int NOT NULL,
  `user_id` int NOT NULL,
  `created_at` timestamp NULL DEFAULT NULL,
  `updated_at` timestamp NULL DEFAULT NULL,
  PRIMARY KEY (`id`)
) ENGINE=InnoDB DEFAULT CHARSET=utf8mb4 COLLATE=utf8mb4_unicode_ci;

--
-- Dumping data for table `questions_answers`
--


--
-- Table structure for table `settings`
--

CREATE TABLE `settings` (
  `id` bigint unsigned NOT NULL AUTO_INCREMENT,
  `name` varchar(255) COLLATE utf8mb4_unicode_ci NOT NULL,
  `value` varchar(255) COLLATE utf8mb4_unicode_ci NOT NULL,
  PRIMARY KEY (`id`)
) ENGINE=InnoDB AUTO_INCREMENT=3 DEFAULT CHARSET=utf8mb4 COLLATE=utf8mb4_unicode_ci;

--
-- Dumping data for table `settings`
--

INSERT INTO `settings` VALUES (1,'total_lifes_available','3'),(2,'total_tips','3');


